{"id":1120,"date":"2020-09-09T08:53:46","date_gmt":"2020-09-09T13:53:46","guid":{"rendered":"https:\/\/www.tamaulipas.gob.mx\/ceat\/?page_id=1120"},"modified":"2022-01-19T12:10:56","modified_gmt":"2022-01-19T18:10:56","slug":"contraloria-social","status":"publish","type":"page","link":"https:\/\/www.tamaulipas.gob.mx\/recursoshidraulicos\/contraloria-social\/","title":{"rendered":"Contralor\u00eda Social"},"content":{"rendered":"<p><img loading=\"lazy\" decoding=\"async\" class=\"wp-image-1121 aligncenter\" src=\"https:\/\/www.tamaulipas.gob.mx\/recursoshidraulicos\/wp-content\/uploads\/sites\/24\/2020\/09\/4.-logo-contraloria-social.jpg\" alt=\"\" width=\"380\" height=\"367\" \/><\/p>\n<p>&nbsp;<\/p>\n<p style=\"text-align: justify;\">La Contralor\u00eda Social, \u201cEs el mecanismo de los beneficiarios, para verificar el cumplimiento de las metas y la correcta aplicaci\u00f3n de los recursos p\u00fablicos asignados a los programas federales, con el fin de fomentar y promover cultura de transparencia, honradez y eficacia\u201d.<\/p>\n<p style=\"text-align: justify;\">La Comisi\u00f3n Estatal del Agua de Tamaulipas, tiene a su cargo la ejecuci\u00f3n del Programa de Agua, Drenaje y Tratamiento (PROAGUA), mediante la formalizaci\u00f3n de convenios de coordinaci\u00f3n y Anexos de Ejecuci\u00f3n T\u00e9cnicos con el Gobierno Federal. El PROAGUA, establece en sus Reglas de Operaci\u00f3n que la ejecutora tendr\u00e1 a su cargo la realizaci\u00f3n de las actividades de promoci\u00f3n y operaci\u00f3n de la Contralor\u00eda Social (CS) con base en lo establecido en su Esquema y Gu\u00eda Operativa, as\u00ed como en el Programa Anual de Trabajo de Contralor\u00eda Social.<\/p>\n<h2><span style=\"text-decoration: underline;\">2020<\/span><\/h2>\n<h4><a href=\"https:\/\/www.gob.mx\/conagua\/acciones-y-programas\/contraloria-social-proagua\" target=\"_blank\" rel=\"noopener noreferrer\">Esquema y Gu\u00eda Operativa de Contralor\u00eda social<\/a><\/h4>\n<div class=\"panel panel-default\">\n\t\t\t\t<div class=\"panel-heading\">\n\t\t\t\t\t<h4 class=\"panel-title\">\n\t\t\t\t\t\t<a class=\"collapsed\" data-toggle=\"collapse\" data-parent=\"#single-collapse\" href=\"#single-collapse-0\">PETCS (Programa Estatal de Contralor\u00eda Social)<\/a>\n\t\t\t\t\t<\/h4>\n\t\t\t\t<\/div>\n\t\t\t\t<div id=\"single-collapse-0\" class=\"panel-collapse collapse\">\n\t\t\t\t\t<div class=\"panel-body\">\n<a href=\"https:\/\/www.tamaulipas.gob.mx\/recursoshidraulicos\/wp-content\/uploads\/sites\/24\/2020\/10\/petcs-aparural-2020.pdf\" target=\"_blank\" rel=\"noopener noreferrer\">APARURAL<\/a><br \/>\n<a href=\"https:\/\/www.tamaulipas.gob.mx\/recursoshidraulicos\/wp-content\/uploads\/sites\/24\/2020\/10\/petcs-apaur-2020.pdf\" target=\"_blank\" rel=\"noopener noreferrer\">APAUR<\/a><br \/>\n<a href=\"https:\/\/www.tamaulipas.gob.mx\/recursoshidraulicos\/wp-content\/uploads\/sites\/24\/2020\/10\/petcs-aptar-2020.pdf\" target=\"_blank\" rel=\"noopener noreferrer\">APTAR<\/a><br \/>\n<\/div>\n\t\t\t\t<\/div>\n\t\t\t<\/div>\n<div class=\"panel panel-default\">\n\t\t\t\t<div class=\"panel-heading\">\n\t\t\t\t\t<h4 class=\"panel-title\">\n\t\t\t\t\t\t<a class=\"collapsed\" data-toggle=\"collapse\" data-parent=\"#single-collapse\" href=\"#single-collapse-1\">Indicadores de Gesti\u00f3n<\/a>\n\t\t\t\t\t<\/h4>\n\t\t\t\t<\/div>\n\t\t\t\t<div id=\"single-collapse-1\" class=\"panel-collapse collapse\">\n\t\t\t\t\t<div class=\"panel-body\">\n<a href=\"https:\/\/www.tamaulipas.gob.mx\/recursoshidraulicos\/wp-content\/uploads\/sites\/24\/2020\/10\/i.g.-aparural-2020.pdf\" target=\"_blank\" rel=\"noopener noreferrer\">APARURAL<\/a><br \/>\n<a href=\"https:\/\/www.tamaulipas.gob.mx\/recursoshidraulicos\/wp-content\/uploads\/sites\/24\/2020\/10\/i.g.-apaur-2020.pdf\" target=\"_blank\" rel=\"noopener noreferrer\">APAUR<\/a><br \/>\n<a href=\"https:\/\/www.tamaulipas.gob.mx\/recursoshidraulicos\/wp-content\/uploads\/sites\/24\/2020\/10\/i.g.-aptar-2020.pdf\" target=\"_blank\" rel=\"noopener noreferrer\">APTAR<\/a><br \/>\n<\/div>\n\t\t\t\t<\/div>\n\t\t\t<\/div>\n<p><a href=\"https:\/\/www.tamaulipas.gob.mx\/recursoshidraulicos\/wp-content\/uploads\/sites\/24\/2020\/10\/volante.jpg\" target=\"_blank\" rel=\"noopener noreferrer\">Material de Difusi\u00f3n<\/a><\/p>\n<p><a href=\"https:\/\/www.tamaulipas.gob.mx\/recursoshidraulicos\/wp-content\/uploads\/sites\/24\/2020\/10\/cuaderno-comite-2020.pdf\" target=\"_blank\" rel=\"noopener noreferrer\">Material de Capacitaci\u00f3n<\/a><\/p>\n<div class=\"panel panel-default\">\n\t\t\t\t<div class=\"panel-heading\">\n\t\t\t\t\t<h4 class=\"panel-title\">\n\t\t\t\t\t\t<a class=\"collapsed\" data-toggle=\"collapse\" data-parent=\"#single-collapse\" href=\"#single-collapse-2\">Quejas y denuncias<\/a>\n\t\t\t\t\t<\/h4>\n\t\t\t\t<\/div>\n\t\t\t\t<div id=\"single-collapse-2\" class=\"panel-collapse collapse\">\n\t\t\t\t\t<div class=\"panel-body\">\n<a href=\"https:\/\/www.tamaulipas.gob.mx\/recursoshidraulicos\/wp-content\/uploads\/sites\/24\/2020\/10\/instancias.pdf\" target=\"_blank\" rel=\"noopener noreferrer\">Instancias<\/a><br \/>\n<a href=\"https:\/\/www.gob.mx\/cms\/uploads\/attachment\/file\/559395\/Proced-09-RecpQDCCS-2020.pdf\" target=\"_blank\" rel=\"noopener noreferrer\">Formato<\/a><br \/>\n<a href=\"https:\/\/www.gob.mx\/cms\/uploads\/attachment\/file\/559395\/Proced-09-RecpQDCCS-2020.pdf\" target=\"_blank\" rel=\"noopener noreferrer\">Procedimiento<\/a><br \/>\n<\/div>\n\t\t\t\t<\/div>\n\t\t\t<\/div>\n<p>&nbsp;<\/p>\n<h2><span style=\"text-decoration: underline;\">2021<\/span><\/h2>\n<p><a href=\"https:\/\/www.gob.mx\/conagua\/acciones-y-programas\/contraloria-social-proagua\">Esquema y Gu\u00eda Operativa de Contralor\u00eda Social 2021<\/a><\/p>\n<div class=\"panel panel-default\">\n\t\t\t\t<div class=\"panel-heading\">\n\t\t\t\t\t<h4 class=\"panel-title\">\n\t\t\t\t\t\t<a class=\"collapsed\" data-toggle=\"collapse\" data-parent=\"#single-collapse\" href=\"#single-collapse-3\">PETCS (Programa Estatal de Contralor\u00eda Social<\/a>\n\t\t\t\t\t<\/h4>\n\t\t\t\t<\/div>\n\t\t\t\t<div id=\"single-collapse-3\" class=\"panel-collapse collapse\">\n\t\t\t\t\t<div class=\"panel-body\">\n<p><a href=\"https:\/\/www.tamaulipas.gob.mx\/recursoshidraulicos\/wp-content\/uploads\/sites\/24\/2022\/01\/petcs-2021-originales.pdf\" target=\"_blank\" rel=\"noopener\">Originales<\/a><\/p>\n<p><a href=\"https:\/\/www.tamaulipas.gob.mx\/recursoshidraulicos\/wp-content\/uploads\/sites\/24\/2022\/01\/petcs-2021-1-mod..pdf\" target=\"_blank\" rel=\"noopener\">Primer modificatorio<\/a><\/p>\n<p><a href=\"https:\/\/www.tamaulipas.gob.mx\/recursoshidraulicos\/wp-content\/uploads\/sites\/24\/2022\/01\/petcs-2021-2-mod..pdf\" target=\"_blank\" rel=\"noopener\">Segundo modificatorio<\/a><\/p>\n<p><a href=\"https:\/\/www.tamaulipas.gob.mx\/recursoshidraulicos\/wp-content\/uploads\/sites\/24\/2022\/01\/petcs-2021-3-mod..pdf\" target=\"_blank\" rel=\"noopener\">Tercer modificatorio<\/a><\/p>\n<\/div>\n\t\t\t\t<\/div>\n\t\t\t<\/div>\n<div class=\"panel panel-default\">\n\t\t\t\t<div class=\"panel-heading\">\n\t\t\t\t\t<h4 class=\"panel-title\">\n\t\t\t\t\t\t<a class=\"collapsed\" data-toggle=\"collapse\" data-parent=\"#single-collapse\" href=\"#single-collapse-4\">Indicadores de Gesti\u00f3n<\/a>\n\t\t\t\t\t<\/h4>\n\t\t\t\t<\/div>\n\t\t\t\t<div id=\"single-collapse-4\" class=\"panel-collapse collapse\">\n\t\t\t\t\t<div class=\"panel-body\">\n<p><a href=\"https:\/\/www.tamaulipas.gob.mx\/recursoshidraulicos\/wp-content\/uploads\/sites\/24\/2022\/01\/ig-2021-original.pdf\" target=\"_blank\" rel=\"noopener\">Originales<\/a><\/p>\n<p><a href=\"https:\/\/www.tamaulipas.gob.mx\/recursoshidraulicos\/wp-content\/uploads\/sites\/24\/2022\/01\/ig-2021-1-mod..pdf\" target=\"_blank\" rel=\"noopener\">Primer modificatorio<\/a><\/p>\n<p><a href=\"https:\/\/www.tamaulipas.gob.mx\/recursoshidraulicos\/wp-content\/uploads\/sites\/24\/2022\/01\/ig-2021-2-mod..pdf\" target=\"_blank\" rel=\"noopener\">Segundo modificatorio<\/a><\/p>\n<p><a href=\"https:\/\/www.tamaulipas.gob.mx\/recursoshidraulicos\/wp-content\/uploads\/sites\/24\/2022\/01\/ig-2021-3-mod..pdf\" target=\"_blank\" rel=\"noopener\">Tercer modificatorio<\/a><\/p>\n<\/div>\n\t\t\t\t<\/div>\n\t\t\t<\/div>\n<p><a href=\"https:\/\/www.tamaulipas.gob.mx\/recursoshidraulicos\/wp-content\/uploads\/sites\/24\/2021\/10\/poster-contraloria-social.jpg\" target=\"_blank\" rel=\"noopener\">Material de Difusi\u00f3n<\/a><\/p>\n<p><a href=\"https:\/\/www.tamaulipas.gob.mx\/recursoshidraulicos\/wp-content\/uploads\/sites\/24\/2022\/01\/cuaderno-com-2021.pdf\" target=\"_blank\" rel=\"noopener\">Material de Capacitaci\u00f3n\u00a0<\/a><\/p>\n<div class=\"panel panel-default\">\n\t\t\t\t<div class=\"panel-heading\">\n\t\t\t\t\t<h4 class=\"panel-title\">\n\t\t\t\t\t\t<a class=\"collapsed\" data-toggle=\"collapse\" data-parent=\"#single-collapse\" href=\"#single-collapse-5\">Quejas y denuncias<\/a>\n\t\t\t\t\t<\/h4>\n\t\t\t\t<\/div>\n\t\t\t\t<div id=\"single-collapse-5\" class=\"panel-collapse collapse\">\n\t\t\t\t\t<div class=\"panel-body\">\n<p><a href=\"https:\/\/www.tamaulipas.gob.mx\/recursoshidraulicos\/wp-content\/uploads\/sites\/24\/2021\/10\/instancias.pdf\" target=\"_blank\" rel=\"noopener\">Instancias<\/a><\/p>\n<p><a href=\"https:\/\/www.tamaulipas.gob.mx\/recursoshidraulicos\/wp-content\/uploads\/sites\/24\/2021\/10\/presentacionqueja-denun-2021.pdf\" target=\"_blank\" rel=\"noopener\">Formato<\/a><\/p>\n<p><a href=\"https:\/\/www.tamaulipas.gob.mx\/recursoshidraulicos\/wp-content\/uploads\/sites\/24\/2021\/10\/proced-09-recpqdccs-2021.pdf\" target=\"_blank\" rel=\"noopener\">Procedimiento<\/a><\/p>\n<\/div>\n\t\t\t\t<\/div>\n\t\t\t<\/div>\n<p>&nbsp;<\/p>\n<p>&nbsp;<\/p>\n","protected":false},"excerpt":{"rendered":"<p>&nbsp; La Contralor\u00eda Social, \u201cEs el mecanismo de los beneficiarios, para verificar el cumplimiento de las metas y la correcta aplicaci\u00f3n de los recursos p\u00fablicos\u2026<\/p>\n","protected":false},"author":62,"featured_media":0,"parent":0,"menu_order":0,"comment_status":"closed","ping_status":"closed","template":"single-sin-sidebar.php","meta":{"footnotes":""},"class_list":["post-1120","page","type-page","status-publish","hentry"],"publishpress_future_action":{"enabled":false,"date":"2026-05-23 23:50:18","action":"change-status","newStatus":"draft","terms":[],"taxonomy":""},"_links":{"self":[{"href":"https:\/\/www.tamaulipas.gob.mx\/recursoshidraulicos\/wp-json\/wp\/v2\/pages\/1120"}],"collection":[{"href":"https:\/\/www.tamaulipas.gob.mx\/recursoshidraulicos\/wp-json\/wp\/v2\/pages"}],"about":[{"href":"https:\/\/www.tamaulipas.gob.mx\/recursoshidraulicos\/wp-json\/wp\/v2\/types\/page"}],"author":[{"embeddable":true,"href":"https:\/\/www.tamaulipas.gob.mx\/recursoshidraulicos\/wp-json\/wp\/v2\/users\/62"}],"replies":[{"embeddable":true,"href":"https:\/\/www.tamaulipas.gob.mx\/recursoshidraulicos\/wp-json\/wp\/v2\/comments?post=1120"}],"version-history":[{"count":25,"href":"https:\/\/www.tamaulipas.gob.mx\/recursoshidraulicos\/wp-json\/wp\/v2\/pages\/1120\/revisions"}],"predecessor-version":[{"id":1616,"href":"https:\/\/www.tamaulipas.gob.mx\/recursoshidraulicos\/wp-json\/wp\/v2\/pages\/1120\/revisions\/1616"}],"wp:attachment":[{"href":"https:\/\/www.tamaulipas.gob.mx\/recursoshidraulicos\/wp-json\/wp\/v2\/media?parent=1120"}],"curies":[{"name":"wp","href":"https:\/\/api.w.org\/{rel}","templated":true}]}}