{"id":25,"date":"2018-01-31T15:35:44","date_gmt":"2018-01-31T21:35:44","guid":{"rendered":"http:\/\/www.tamaulipas.gob.mx\/radio\/?page_id=25"},"modified":"2018-11-29T13:56:36","modified_gmt":"2018-11-29T19:56:36","slug":"legal","status":"publish","type":"page","link":"https:\/\/www.tamaulipas.gob.mx\/radio\/legal\/","title":{"rendered":"Marco Legal"},"content":{"rendered":"<p>En el marco que rige la Ley Federal de Telecomunicaciones y Radiodifusi\u00f3n, Ley Federal de Responsabilidades Administrativas de los Servidores P\u00fablicos, la Ley de Responsabilidades Administrativas del Estado de Tamaulipas y en apego al C\u00f3digo de \u00c9tica de los Servidores P\u00fablicos del Poder Ejecutivo del Estado de Tamaulipas, este \u00faltimo publicado en el Peri\u00f3dico Oficial del Estado de Tamaulipas No. 140 de fecha\u00a0 20 de noviembre de 2013, donde se establecen los principios constitucionales de legalidad, eficiencia, transparencia, honestidad, lealtad e imparcialidad; as\u00ed como los principios institucionales de integridad, justicia, rendici\u00f3n de cuentas, igualdad y respeto; y los principios personales de puntualidad, disciplina, profesionalizaci\u00f3n, vocaci\u00f3n de servicio, solidaridad y liderazgo con un conjunto de criterios de \u00e9tica y conducta que deber\u00e1n ser observados por todos los servidores p\u00fablicos del Poder Ejecutivo del Estado de Tamaulipas, en el desempe\u00f1o de empleo, cargo o comisi\u00f3n.<\/p>\n<p>En raz\u00f3n de lo anterior, resulta trascendente que el Sistema Estatal Radio Tamaulipas cuente con un C\u00f3digo que tenga como objetivo establecer una serie de principios \u00e9ticos y valores que regulen la conducta de los servidores p\u00fablicos del Sistema, con el prop\u00f3sito de fomentar el respecto, estimular el desarrollo personal y profesional, as\u00ed como desarrollar h\u00e1bitos y actitudes que permitan el cumplimiento de los fines del Sistema Estatal Radio Tamaulipas.<\/p>\n<p>Los principios, valores y dem\u00e1s disposiciones previstas en el presente C\u00f3digo, son de observancia general para todos los servidores p\u00fablicos del Sistema Estatal Radio Tamaulipas, cualquiera que sea su nivel jer\u00e1rquico, sin perjuicio de los establecidos en otras normas o disposiciones que regulen el desempe\u00f1o de sus funciones, as\u00ed como a toda persona que se relacione directa o indirectamente con el Sistema Estatal Radio Tamaulipas, adem\u00e1s en las relaciones interpersonales de los trabajadores del Sistema Estatal Radio Tamaulipas como en su trato hacia el p\u00fablico o terceros usuarios del servicio.<\/p>\n<p>Este C\u00f3digo de \u00c9tica, nos recuerda que el compromiso es con la audiencia, a fin de estar en condiciones de contribuir al desarrollo integral de los Tamaulipecos de manera eficaz, logrando con ello el bienestar de la sociedad.<\/p>\n","protected":false},"excerpt":{"rendered":"<p>En el marco que rige la Ley Federal de Telecomunicaciones y Radiodifusi\u00f3n, Ley Federal de Responsabilidades Administrativas de los Servidores P\u00fablicos, la Ley de Responsabilidades\u2026<\/p>\n","protected":false},"author":54,"featured_media":0,"parent":0,"menu_order":0,"comment_status":"closed","ping_status":"closed","template":"","meta":{"footnotes":""},"class_list":["post-25","page","type-page","status-publish","hentry"],"publishpress_future_action":{"enabled":false,"date":"2026-04-14 23:23:14","action":"change-status","newStatus":"draft","terms":[],"taxonomy":""},"_links":{"self":[{"href":"https:\/\/www.tamaulipas.gob.mx\/radio\/wp-json\/wp\/v2\/pages\/25"}],"collection":[{"href":"https:\/\/www.tamaulipas.gob.mx\/radio\/wp-json\/wp\/v2\/pages"}],"about":[{"href":"https:\/\/www.tamaulipas.gob.mx\/radio\/wp-json\/wp\/v2\/types\/page"}],"author":[{"embeddable":true,"href":"https:\/\/www.tamaulipas.gob.mx\/radio\/wp-json\/wp\/v2\/users\/54"}],"replies":[{"embeddable":true,"href":"https:\/\/www.tamaulipas.gob.mx\/radio\/wp-json\/wp\/v2\/comments?post=25"}],"version-history":[{"count":2,"href":"https:\/\/www.tamaulipas.gob.mx\/radio\/wp-json\/wp\/v2\/pages\/25\/revisions"}],"predecessor-version":[{"id":98,"href":"https:\/\/www.tamaulipas.gob.mx\/radio\/wp-json\/wp\/v2\/pages\/25\/revisions\/98"}],"wp:attachment":[{"href":"https:\/\/www.tamaulipas.gob.mx\/radio\/wp-json\/wp\/v2\/media?parent=25"}],"curies":[{"name":"wp","href":"https:\/\/api.w.org\/{rel}","templated":true}]}}