{"id":81,"date":"2011-12-19T17:12:44","date_gmt":"2011-12-19T17:12:44","guid":{"rendered":"http:\/\/proteccioncivil.tamaulipas.gob.mx\/?page_id=81"},"modified":"2011-12-19T17:12:44","modified_gmt":"2011-12-19T17:12:44","slug":"envenenamiento","status":"publish","type":"page","link":"https:\/\/www.tamaulipas.gob.mx\/proteccioncivil\/temas\/que-hace-en-caso-d\/medidas-preventivas\/envenenamiento\/","title":{"rendered":"Envenenamiento"},"content":{"rendered":"<p>Es toda inyecci\u00f3n, ingesti\u00f3n, inhalaci\u00f3n, o exposici\u00f3n a una sustancia venenosa.<\/p>\n<p>Los cuidados que se administren antes de llegar a un servicio de emergencias pueden salvar la vida de la victima, por lo que los primeros auxilios en caso de envenenamiento son cruciales.<\/p>\n<p>Se sospecha de envenenamiento cuando la persona se enferma repentinamente sin raz\u00f3n evidente. Se sospecha de envenenamiento por inhalaci\u00f3n cuando la victima ha sido hallada cerca de un horno, vehiculo, incendio, \u00e1rea mal ventilada.<\/p>\n<p>Los s\u00edntomas de envenenamiento pueden tardar en aparecer, mas no se debe esperar que estos aparezcan para buscar asistencia medica<\/p>\n<p>&nbsp;<\/p>\n<p style=\"text-align: center\"><strong>CAUSAS M\u00c1S COMUNES DE ENVENENAMIENTO.<\/strong><\/p>\n<table width=\"359.0\" cellspacing=\"0\" cellpadding=\"0\">\n<tbody>\n<tr>\n<td valign=\"middle\">1) Medicamentos (sobredosis de aspirinas)<\/td>\n<td valign=\"middle\">Detergentes y productos de limpieza dom\u00e9sticos.<\/td>\n<\/tr>\n<tr>\n<td valign=\"middle\">2) Mon\u00f3xido de carbono (hornos, motores)<\/td>\n<td valign=\"middle\">Insecticidas.<\/td>\n<\/tr>\n<tr>\n<td valign=\"middle\">3) Animales (sustancias producidas por ciertos animales).<\/td>\n<td valign=\"middle\">Pinturas (ingesti\u00f3n o inhalaci\u00f3n de emanaciones)<\/td>\n<\/tr>\n<tr>\n<td valign=\"middle\">4) Cosm\u00e9ticos (mal utilizados)<\/td>\n<td valign=\"middle\">Sobredosis de drogas ilegales.<\/td>\n<\/tr>\n<tr>\n<td valign=\"middle\">5) Exposici\u00f3n ocupacional a qu\u00edmicos<\/td>\n<td valign=\"middle\">\u00a0Intoxicaci\u00f3n por alimentos (botulismo)<\/td>\n<\/tr>\n<\/tbody>\n<\/table>\n<p>&nbsp;<\/p>\n<p style=\"text-align: center\"><strong>SINTOMAS.<\/strong><\/p>\n<p>Los s\u00edntomas pueden variar de acuerdo con el veneno, pero pueden abarcar:<\/p>\n<table width=\"436.0\" cellspacing=\"0\" cellpadding=\"0\">\n<tbody>\n<tr>\n<td valign=\"middle\">Dolor abdominal<\/td>\n<td valign=\"middle\">Confusi\u00f3n<\/td>\n<td valign=\"middle\">Dificultad respiratoria<\/td>\n<td valign=\"middle\">Somnolencia<\/td>\n<\/tr>\n<tr>\n<td valign=\"middle\">\u00a0Dolor de cabeza<\/td>\n<td valign=\"middle\">Perdida del apetito<\/td>\n<td valign=\"middle\">Nauseas y Vomito<\/td>\n<td valign=\"middle\">Dificultad para respirar<\/td>\n<\/tr>\n<tr>\n<td valign=\"middle\">3) Perdida del Conocimiento<\/td>\n<td valign=\"middle\">Labios azulados<\/td>\n<td valign=\"middle\">Tos<\/td>\n<td valign=\"middle\">Mareos<\/td>\n<\/tr>\n<tr>\n<td valign=\"middle\">\u00a0Fiebre<\/td>\n<td valign=\"middle\">Palpitaciones<\/td>\n<td valign=\"middle\">Perdida de control de la vejiga<\/td>\n<td valign=\"middle\">Entumecimiento u hormigueo<\/td>\n<\/tr>\n<tr>\n<td valign=\"middle\">\u00a0Erupciones cut\u00e1neas<\/td>\n<td valign=\"middle\">Quemaduras<\/td>\n<td valign=\"middle\">Mal aliento o inusual<\/td>\n<td valign=\"middle\">Dolor de pecho<\/td>\n<\/tr>\n<tr>\n<td valign=\"middle\">\u00a0Diarrea<\/td>\n<td valign=\"middle\">Visi\u00f3n doble<\/td>\n<td valign=\"middle\">Irritabilidad<\/td>\n<td valign=\"middle\">Contracciones musculares<\/td>\n<\/tr>\n<tr>\n<td valign=\"middle\">Convulsiones<\/td>\n<td valign=\"middle\">Estupor<\/td>\n<td valign=\"middle\">Debilidad general<\/td>\n<td valign=\"middle\"><\/td>\n<\/tr>\n<\/tbody>\n<\/table>\n<div><\/div>\n<div><\/div>\n<div>\n<p><strong>Envenenamiento por ingesti\u00f3n:<\/strong><\/p>\n<ol>\n<li>Vigilar que el paciente tenga pulso y respire, de lo contrario administrar RCP.<\/li>\n<li>Aseg\u00farate que la persona realmente esta envenenada. Si es posible identifica el agente.<\/li>\n<li>Comun\u00edcate con un centro de emergencias y pide ayuda as\u00ed como qu\u00e9 hacer.<\/li>\n<li>En caso de que te lo indique el centro de emergencias, induce el vomito.<\/li>\n<li>Si tienes que introducir tus dedos en la boca de la victima, prot\u00e9gelos con guantes o un trapo limpio.<\/li>\n<li>Si ha vomitado algo la victima, rec\u00f3gelo y ll\u00e9valo de muestra al centro medico para su identificaci\u00f3n.<\/li>\n<li>Si la victima convulsiona , prot\u00e9gela de no hacerse da\u00f1o.<\/li>\n<li>Si la persona esta consciente, mantenla c\u00f3moda y tranquila. Recu\u00e9stala sobre uno de sus lados mientras llega ayuda.<\/li>\n<li>Si las ropas han sido contaminadas, tendr\u00e1s que retirarlas.<\/li>\n<\/ol>\n<p>&nbsp;<\/p>\n<p><strong>Envenenamiento por inhalaci\u00f3n:<\/strong><\/p>\n<ol>\n<li>Comun\u00edcate con un centro de emergencias y pide ayuda as\u00ed como qu\u00e9 hacer.<\/li>\n<li>Aleja a la victima del lugar de contaminaci\u00f3n, procura colocarte un trapo h\u00famedo en tus v\u00edas respiratorias antes de entrar a ayudar al lesionado.<\/li>\n<li>Abre ventanas y puertas para ventilar el lugar.<\/li>\n<li>Evita encender f\u00f3sforos u otros.<\/li>\n<li>Luego de rescatar a la victima, aseg\u00farate que respire y tenga pulso, de lo contrario aplica RCP.<\/li>\n<li>Seg\u00fan sea el caso, aplica primeros auxilios a las quemaduras, lesiones de ojos, convulsiones etc.<\/li>\n<li>Si la victima vomita protege v\u00edas respiratorias y coloca de lado a la victima.<\/li>\n<li>Incluso cuando la victima pareciera estar bien, debes llevarla a revisar a un centro medico.<\/li>\n<\/ol>\n<p><strong>No se Debe<\/strong><\/p>\n<ol>\n<li>Administrar sustancias v\u00eda oral a una persona inconsciente.<\/li>\n<li>Inducir el v\u00f3mito a menos que se indique. Un veneno fuerte que produzca quemaduras al entrar lo har\u00e1 al salir<\/li>\n<li>Intentar neutralizar el veneno con vinagre, zumo de lim\u00f3n, ni cualquier otra sustancia, a menos que lo indique el centro de emergencias.<\/li>\n<li>Utilizar ning\u00fan ant\u00eddoto \u201cpara todo uso\u201d.<\/li>\n<li>Esperar a que se desarrollen los s\u00edntomas si se sospecha de envenenamiento.<\/li>\n<\/ol>\n<\/div>\n","protected":false},"excerpt":{"rendered":"<p>Es toda inyecci\u00f3n, ingesti\u00f3n, inhalaci\u00f3n, o exposici\u00f3n a una sustancia venenosa. Los cuidados que se administren antes de llegar a un servicio de emergencias pueden\u2026<\/p>\n","protected":false},"author":59,"featured_media":0,"parent":363,"menu_order":0,"comment_status":"open","ping_status":"open","template":"","meta":{"footnotes":""},"class_list":["post-81","page","type-page","status-publish","hentry"],"publishpress_future_action":{"enabled":false,"date":"2026-05-12 14:56:03","action":"change-status","newStatus":"draft","terms":[],"taxonomy":""},"_links":{"self":[{"href":"https:\/\/www.tamaulipas.gob.mx\/proteccioncivil\/wp-json\/wp\/v2\/pages\/81"}],"collection":[{"href":"https:\/\/www.tamaulipas.gob.mx\/proteccioncivil\/wp-json\/wp\/v2\/pages"}],"about":[{"href":"https:\/\/www.tamaulipas.gob.mx\/proteccioncivil\/wp-json\/wp\/v2\/types\/page"}],"author":[{"embeddable":true,"href":"https:\/\/www.tamaulipas.gob.mx\/proteccioncivil\/wp-json\/wp\/v2\/users\/59"}],"replies":[{"embeddable":true,"href":"https:\/\/www.tamaulipas.gob.mx\/proteccioncivil\/wp-json\/wp\/v2\/comments?post=81"}],"version-history":[{"count":0,"href":"https:\/\/www.tamaulipas.gob.mx\/proteccioncivil\/wp-json\/wp\/v2\/pages\/81\/revisions"}],"up":[{"embeddable":true,"href":"https:\/\/www.tamaulipas.gob.mx\/proteccioncivil\/wp-json\/wp\/v2\/pages\/363"}],"wp:attachment":[{"href":"https:\/\/www.tamaulipas.gob.mx\/proteccioncivil\/wp-json\/wp\/v2\/media?parent=81"}],"curies":[{"name":"wp","href":"https:\/\/api.w.org\/{rel}","templated":true}]}}