{"id":52,"date":"2011-12-16T22:04:20","date_gmt":"2011-12-16T22:04:20","guid":{"rendered":"http:\/\/proteccioncivil.tamaulipas.gob.mx\/?page_id=52"},"modified":"2011-12-16T22:04:20","modified_gmt":"2011-12-16T22:04:20","slug":"incendios","status":"publish","type":"page","link":"https:\/\/www.tamaulipas.gob.mx\/proteccioncivil\/temas\/que-hace-en-caso-d\/metereologicos\/incendios\/","title":{"rendered":"Incendios"},"content":{"rendered":"<p><strong><a href=\"http:\/\/www.tamaulipas.gob.mx\/proteccioncivil\/wp-content\/uploads\/sites\/36\/2011\/12\/incendios.jpg\"><img loading=\"lazy\" decoding=\"async\" class=\"alignnone  wp-image-483\" title=\"incendios\" src=\"http:\/\/www.tamaulipas.gob.mx\/proteccioncivil\/wp-content\/uploads\/sites\/36\/2011\/12\/incendios.jpg\" alt=\"\" width=\"566\" height=\"318\" \/><\/a><\/strong><\/p>\n<p>&nbsp;<\/p>\n<p><strong>INCENDIOS FORESTALES<\/strong><\/p>\n<p style=\"text-align: justify\">Qu\u00e9 hacer antes, durante y despu\u00e9s de un incendio<\/p>\n<p style=\"text-align: justify\">Entre las calamidades de origen qu\u00edmico que ocurren con mayor frecuencia en el territorio nacional se encuentran los incendios y las explosiones, fen\u00f3menos destructivos com\u00fanmente asociados.<\/p>\n<p style=\"text-align: justify\">El crecimiento demogr\u00e1fico, los procesos propios del desarrollo en la industria, el uso cada vez m\u00e1s frecuente de sustancias inflamables de alto riesgo y la falta de precauciones en su manejo, traslado y almacenamiento son los principales factores que han propiciado un aumento significativo en la magnitud y frecuencia de estas calamidades, particularmente en las ciudades donde se ubican grandes complejos industriales, comerciales y de servicios.<\/p>\n<p style=\"text-align: justify\">Por el lugar donde se desarrollan, hay incendios urbanos y forestales. Los urbanos se deben principalmente a cortocircuitos en instalaciones defectuosas, sobrecargas o falta de mantenimiento en los sistemas el\u00e9ctricos; fallas u operaci\u00f3n inadecuada de aparatos electrodom\u00e9sticos; falta de precauci\u00f3n en el uso de velas, veladoras y anafres; manejo inadecuado de sustancias peligrosas y otros errores humanos. Por el lugar donde se producen, los incendios urbanos pueden ser dom\u00e9sticos, comerciales e industriales.<\/p>\n<p style=\"text-align: justify\">\u00abLos incendios forestales son producidos principalmente por quemas de limpia para uso del suelo en la agricultura, quemas de pasto para obtenci\u00f3n de &#8216;pelillo&#8217; que sirve como forraje o con el objeto de combatir plagas y otros animales da\u00f1inos; fogatas en los bosques; lanzamiento de objetos encendidos sobre la vegetaci\u00f3n herb\u00e1cea; tormentas el\u00e9ctricas; desprendimiento de las l\u00edneas de alta tensi\u00f3n y acciones incendiarias intencionales\u00bb. (p.68, Atlas Nacional de Riesgos, Secretar\u00eda de Gobernaci\u00f3n, 1991 ).<\/p>\n<p style=\"text-align: justify\">Como prepararse:<\/p>\n<p style=\"text-align: justify\">En su casa<\/p>\n<ul style=\"text-align: justify\">\n<li>Revise peri\u00f3dicamente la instalaci\u00f3n el\u00e9ctrica de su casa y solicite este servicio en su lugar de trabajo.<\/li>\n<li>Recuerde que todo contacto o interruptor el\u00e9ctrico debe tener su tapa debidamente aislada.<\/li>\n<\/ul>\n<p style=\"text-align: justify\">Incendios<\/p>\n<ul style=\"text-align: justify\">\n<li>No sobrecargue los enchufes con demasiadas clavijas, distrib\u00fayalas solicite la instalaci\u00f3n de circuitos adicionales.<\/li>\n<li>Tenga especial cuidado con parrillas el\u00e9ctricas y aparatos de mayor consumo de energ\u00eda, como planchas, lavadoras, radiadores, refrigeradores y horno: ya que el sistema puede sobrecalentarse.<\/li>\n<li>Evite improvisar empalmes en las conexiones y cuide que los cables de Ios aparatos el\u00e9ctricos se encuentren en buenas condiciones.<\/li>\n<li>Encargue a un t\u00e9cnico las revisiones y composturas de instalaciones aparatos el\u00e9ctricos, si usted no tiene conocimientos necesarios par efectuarlas.<\/li>\n<li>Antes de cualquier reparaci\u00f3n de la instalaci\u00f3n el\u00e9ctrica, desconecte el interruptor general y compruebe la ausencia de energ\u00eda.<\/li>\n<li>No sustituya los fusibles por alambres o por monedas.<\/li>\n<li>No conecte aparatos que se hayan humedecido y cuide que no se mojen las clavijas e instalaciones el\u00e9ctricas.Procure no usar ni tocar aparatos el\u00e9ctricos si est\u00e1 descalzo, a\u00fan cuando el suelo est\u00e9 seco.<\/li>\n<li>Revise peri\u00f3dicamente que los tanques, tuber\u00edas, mangueras y accesorios de gas est\u00e9n en buenas condiciones. Coloque agua con jab\u00f3n en las uniones para verificar que no existan fugas; si encuentra alguna, rep\u00f3rtela a quien Ie surte el gas.<\/li>\n<li>En caso de fuga de gas no encienda ni apague luces, ventile al m\u00e1ximo toda las habitaciones.<\/li>\n<li>Mantenga fuera del alcance de los ni\u00f1os, velas, veladoras, cerillo, encendedores y toda clase de material inflamable.<\/li>\n<li>No deje que los ni\u00f1os jueguen junto a la estufa, ni les pida que cuide alimentos que est\u00e9n sobre el fuego.<\/li>\n<li>Guarde los l\u00edquidos inflamables en recipientes irrompibles con una etiqueta que indique su contenido; col\u00f3quelos en \u00e1reas ventiladas y fuera del alcance de los ni\u00f1os. Nunca fume en estos lugares.<\/li>\n<li>Utilice los l\u00edquidos inflamables y aerosoles solo en lugares ventilados, lejos de fuentes de calor y energ\u00eda el\u00e9ctrica.<\/li>\n<li>Apague perfectamente los cerillos y las colillas de cigarros.<\/li>\n<li>No fume en la cama.<\/li>\n<li>Coloque ceniceros en lugares visibles.<\/li>\n<li>Procure contar con uno o m\u00e1s extintores en un lugar accesible, asegurese de que sabe manejarlos y vigile que est\u00e9n en condiciones de servicio.<\/li>\n<li>Antes de salir de su casa revise que los aparatos el\u00e9ctricos est\u00e1n apagados y de preferencia descon\u00e9ctelos; asimismo, cerci\u00f3rese de que las Ilaves de la estufa est\u00e9n cerradas y los pilotos encendidos.<\/li>\n<li>Si sale de viaje cierre las Ilaves de gas y desconecte la energ\u00eda el\u00e9ctrica.<\/li>\n<li>Siempre tenga a la mano los n\u00fameros telef\u00f3nicos de los bomberos, Cruz Roja y brigadas de auxilio.<\/li>\n<\/ul>\n<p style=\"text-align: justify\">Recomendaciones para prevenir incendios forestales.<\/p>\n<ul style=\"text-align: justify\">\n<li>Vigile que en sus predios no haya acumulaci\u00f3n de materiales (como ramas secas, maleza, basura, cart\u00f3n o papel) que pudieran servir como combustible para la generaci\u00f3n de incendios.<\/li>\n<li>Evite dejar fragmentos de vidrio, cristales, espejos o botellas que por acci\u00f3n de los rayos solares, pudieran convertirse en una fuente de incendio<\/li>\n<li>Cuando vaya a realizar \u00abquemas\u00bb, recuerde hacerlo muy temprano, en las primeras horas de la ma\u00f1ana y solo cuando no haya viento ni sol muy fuerte. Tambi\u00e9n es importante que antes de iniciar la quema, se aseg\u00fare de cavar brechas cortafuego para controlar el desarrollo del proceso.<\/li>\n<li>La quema de terrenos con fines de desmonte o preparaci\u00f3n de la tierra para la siembra, es un proceso muy peligroso para la generaci\u00f3n de incendios. Siempre que cuente con otros elementos para la preparaci\u00f3n de sus predios, evite usar estas quemas.<\/li>\n<li>Si va a realizar estas\u00bb quemas \u00ab, aseg\u00farese de contar con el apoyo de otros miembros de su comunidad, para mantener una vigilancia total sobre proceso y poder detectar, denunciar y combatir cualquier connato incendio.<\/li>\n<li>Siempre que detecte un incendio forestal, por peque\u00f1o que le parezca, d\u00e9 aviso a las autoridades municipales y al tel\u00e9fono (lada sin costo) 01 800 007 71 00, en servicio las 24 horas del d\u00eda durante todo el a\u00f1o.<\/li>\n<li>No intervenga ni act\u00fae por cuenta propia para combatir un incendio forestal. Lo m\u00e1s importante es alertar a las autoridades sobre la presencia del fuego Obedezca las instrucciones del personal autorizado. De ello puede depender su vida y la de su familia.<\/li>\n<li>Siempre que pueda y est\u00e9 en posibilidades, colabore con las autoridades personal t\u00e9cnico responsable, en la integraci\u00f3n de brigadas de combate a los incendios, pero respetando las instrucciones que d\u00e9 el personal t\u00e9cnico.<\/li>\n<li>Evite el uso de fertilizantes qu\u00edmicos y prefiera el uso del abono verde y la veza de invierno, que son dos cultivos que se pueden sembrar en forma paralela a los cultivos tradicionales como ma\u00edz, avena y cebada, entre otros, pero que nutren el suelo y reducen el problema de erosi\u00f3n y desmonte de terrenos.<\/li>\n<li>Inf\u00f3rmese sobre sus ventajas y ad\u00f3ptelos como dos cultivos que beneficiar\u00e1n en forma importante la calidad de sus terrenos y siembras.<\/li>\n<\/ul>\n<p style=\"text-align: justify\">\n<p style=\"text-align: justify\"><strong>INCENDIOS URBANOS<\/strong><\/p>\n<ul style=\"text-align: justify\">\n<li>Conserve la calma y procure tranquilizar a sus familiares o compa\u00f1eros de trabajo.<\/li>\n<li>Si detecta fuego, calor o humo anormales, de la voz de alarma inmediatamente.<\/li>\n<li>Si el incendio es peque\u00f1o, trate de apagarlo, de ser posible con un extintor. Si el fuego es de origen el\u00e9ctrico no intente apagarlo con agua.<\/li>\n<li>Los fuegos peque\u00f1os producidos por aceite o grasa ocurren generalmente en la cocina; en este caso sof\u00f3quelos con sal, con polvo de hornear, o con bicarbonato. Si lo que se inflama es una sart\u00e9n, p\u00f3ngale una tapa.<\/li>\n<li>Si el fuego tiende a extenderse, llame a los bomberos o a las brigadas de auxilio y siga sus instrucciones.<\/li>\n<li>Corte los suministros de energ\u00eda el\u00e9ctrica y de gas.<\/li>\n<li>No abra puertas ni ventanas, porque con el aire el fuego se extiende.<\/li>\n<li>En caso de evacuaci\u00f3n, no corra, no grite, no empuje.<\/li>\n<li>No pierda tiempo buscando objetos personales.<\/li>\n<li>Dir\u00edjase a la puerta de salida que est\u00e9 m\u00e1s alejada del fuego.<\/li>\n<li>Si hay gases y humo, despl\u00e1cese \u00aba gatas\u00bb y de ser posible t\u00e1pese nariz y boca con un trapo h\u00famedo.<\/li>\n<li>Ayude a salir a los ni\u00f1os, ancianos y minusv\u00e1lidos.<\/li>\n<li>Antes de abrir una puerta, t\u00f3quela; si est\u00e1 caliente no la abra, el fuego debe estar tras ella.<\/li>\n<li>No use los elevadores.<\/li>\n<li>Si se incendia su ropa no corra; t\u00edrese al piso y ruede lentamente, de ser necesario c\u00fabrase con una manta para apagar el fuego.<\/li>\n<li>En caso de que el fuego obstruya las salidas, no se desespere y al\u00e9jese lo m\u00e1s posible de las llamas, procure bloquear totalmente la entrada del humo tapando las rendijas con trapos h\u00famedos y llame la atenci\u00f3n sobre su presencia para ser auxiliado a la brevedad.<\/li>\n<li>Tenga presente que el p\u00e1nico es su peor enemigo.<\/li>\n<li>AI llegar los bomberos o las brigadas de auxilio, inf\u00f3rmeles si dentro hay personas atrapadas.<\/li>\n<li>Una vez fuera del inmueble, al\u00e9jese lo m\u00e1s que pueda para no obstruir el trabajo de las brigadas de auxilio.<\/li>\n<\/ul>\n<p style=\"text-align: justify\">En su centro de trabajo<\/p>\n<ul style=\"text-align: justify\">\n<li>Recuerde que generalmente por descuido se puede producir un incendio. Cumpla con las medidas de seguridad establecidas.<\/li>\n<li>Solicite que peri\u00f3dicamente revisen la instalaci\u00f3n el\u00e9ctrica.<\/li>\n<li>No sobrecargue los enchufes con demasiados aparatos; distrib\u00fayalos o solicite la instalaci\u00f3n de circuitos adicionales.<\/li>\n<li>No fume en zonas restringidas ni dentro de los elevadores.<\/li>\n<li>Apague totalmente los cerillos y las colillas de los cigarros; no los arroje encendidos al cesto de la basura.<\/li>\n<li>Evite las acumulaciones de basura.<\/li>\n<li>Conozca la ubicaci\u00f3n de los extintores y aprenda a utilizarlos.<\/li>\n<li>Identifique claramente las salidas de emergencia.<\/li>\n<li>No obstaculice las salidas de emergencia ni los lugares donde se encuentra el equipo contra incendios.<\/li>\n<li>Encargue las revisiones y composturas el\u00e9ctricas al t\u00e9cnico responsable, no las haga usted mismo.<\/li>\n<li>Sugiera que se realicen ejercicios y simulacros de evacuaci\u00f3n y participe responsablemente en ellos.<\/li>\n<li>Solicite que se instalen detectores de humo.<\/li>\n<li>Pida informaci\u00f3n a la unidad de protecci\u00f3n civil de su centro de trabajo sobre el plan de emergencia en caso de incendio.<\/li>\n<li>Si quiere colaborar en el combate de un incendio, int\u00e9grese con anticipaci\u00f3n a la unidad de protecci\u00f3n civil de su centro de trabajo, en donde lo capacitar\u00e1n.<\/li>\n<li>Antes de salir de su lugar de trabajo, cerci\u00f3rese de que no haya colillas encendidas y de que cafeteras, parrillas, ventiladores y otros aparatos el\u00e9ctricos est\u00e1n desconectados.<\/li>\n<\/ul>\n<p style=\"text-align: justify\">\n<p style=\"text-align: justify\"><strong>DESPU\u00c9S\u00a0<\/strong><\/p>\n<ul>\n<li style=\"text-align: justify\">No pase al \u00e1rea del siniestro hasta que las autoridades lo determinen.<\/li>\n<li style=\"text-align: justify\">Haga que un t\u00e9cnico revise las instalaciones el\u00e9ctricas y de gas, antes de conectar nuevamente la corriente y de utilizar la estufa y el calentador.<\/li>\n<li style=\"text-align: justify\">Deseche alimentos, bebidas o medicinas que hayan estado expuestas al calor, al humo o al tizne del fuego.<\/li>\n<li style=\"text-align: justify\">No vuelva a congelar los alimentos que se hayan descongelado.<\/li>\n<\/ul>\n<p>&nbsp;<\/p>\n<p>&nbsp;<\/p>\n<p>&nbsp;<\/p>\n","protected":false},"excerpt":{"rendered":"<p>&nbsp; INCENDIOS FORESTALES Qu\u00e9 hacer antes, durante y despu\u00e9s de un incendio Entre las calamidades de origen qu\u00edmico que ocurren con mayor frecuencia en el\u2026<\/p>\n","protected":false},"author":59,"featured_media":0,"parent":354,"menu_order":0,"comment_status":"open","ping_status":"open","template":"","meta":{"footnotes":""},"class_list":["post-52","page","type-page","status-publish","hentry"],"publishpress_future_action":{"enabled":false,"date":"2026-05-12 22:54:22","action":"change-status","newStatus":"draft","terms":[],"taxonomy":""},"_links":{"self":[{"href":"https:\/\/www.tamaulipas.gob.mx\/proteccioncivil\/wp-json\/wp\/v2\/pages\/52"}],"collection":[{"href":"https:\/\/www.tamaulipas.gob.mx\/proteccioncivil\/wp-json\/wp\/v2\/pages"}],"about":[{"href":"https:\/\/www.tamaulipas.gob.mx\/proteccioncivil\/wp-json\/wp\/v2\/types\/page"}],"author":[{"embeddable":true,"href":"https:\/\/www.tamaulipas.gob.mx\/proteccioncivil\/wp-json\/wp\/v2\/users\/59"}],"replies":[{"embeddable":true,"href":"https:\/\/www.tamaulipas.gob.mx\/proteccioncivil\/wp-json\/wp\/v2\/comments?post=52"}],"version-history":[{"count":0,"href":"https:\/\/www.tamaulipas.gob.mx\/proteccioncivil\/wp-json\/wp\/v2\/pages\/52\/revisions"}],"up":[{"embeddable":true,"href":"https:\/\/www.tamaulipas.gob.mx\/proteccioncivil\/wp-json\/wp\/v2\/pages\/354"}],"wp:attachment":[{"href":"https:\/\/www.tamaulipas.gob.mx\/proteccioncivil\/wp-json\/wp\/v2\/media?parent=52"}],"curies":[{"name":"wp","href":"https:\/\/api.w.org\/{rel}","templated":true}]}}