{"id":245,"date":"2019-03-01T11:56:40","date_gmt":"2019-03-01T17:56:40","guid":{"rendered":"https:\/\/www.tamaulipas.gob.mx\/parquesybiodiversidad\/?page_id=245"},"modified":"2023-08-16T11:13:08","modified_gmt":"2023-08-16T17:13:08","slug":"paloma-alas-blancas","status":"publish","type":"page","link":"https:\/\/www.tamaulipas.gob.mx\/parquesybiodiversidad\/programas\/paloma-alas-blancas\/","title":{"rendered":"Paloma alas blancas"},"content":{"rendered":"<img loading=\"lazy\" decoding=\"async\" class=\"aligncenter size-full wp-image-358 img-rounded  img-responsive mb30\" src=\"http:\/\/www.tamaulipas.gob.mx\/parquesybiodiversidad\/wp-content\/uploads\/sites\/44\/2019\/03\/paloma-1.jpg\" alt=\"\" width=\"850\" height=\"300\">\n<blockquote><p>Din\u00e1mica poblacional de la paloma de alas blancas en el \u00e1rea protegida ecol\u00f3gica parras de la fuente<\/p><\/blockquote>\n<p>Siendo el ave cineg\u00e9tica m\u00e1s importante del pa\u00eds y particularmente de Tamaulipas, la protecci\u00f3n y conservaci\u00f3n de las poblaciones actuales y de su h\u00e1bitat es imprescindible para poder realizar un aprovechamiento sustentable ecol\u00f3gica y econ\u00f3micamente.<\/p>\n<p>En este contexto, la Comisi\u00f3n de Parques y Biodiversidad de Tamaulipas ha tomado bajo su responsabilidad la realizaci\u00f3n de los estudios t\u00e9cnicos de la din\u00e1mica poblacional de esta especie en la mayor \u00e1rea de reproducci\u00f3n en el Estado y a nivel continental, denominada \u00c1rea Protegida Ecol\u00f3gica \u00abColonia Parras de la Fuente\u00bb, ubicada en el municipio de Abasolo, sobreviviente de otras grandes colonias que existieron en Tamaulipas.<\/p>\n<p>Con esta base, el Gobierno del Estado de Tamaulipas, a trav\u00e9s de la Comisi\u00f3n de Parques y Biodiversidad de Tamaulipas, realiza los trabajos de monitoreo de manera sistem\u00e1tica, promoviendo la participaci\u00f3n de los tres niveles de gobierno: Federal, Estatal y Municipal, as\u00ed como de Organizaciones No Gubernamentales (ONG&#8217;s) e Instituciones de Educaci\u00f3n Superior Nacionales y Extranjeras, a fin de obtener un resultado consensuado, real y justo, que no ponga en riesgo a la especie.<\/p>\n<p>&nbsp;<\/p>\n<p><img loading=\"lazy\" decoding=\"async\" class=\"alignnone size-full wp-image-1758\" src=\"http:\/\/www.tamaulipas.gob.mx\/parquesybiodiversidad\/wp-content\/uploads\/sites\/44\/2023\/08\/mision-vision-6.png\" alt=\"\" width=\"555\" height=\"112\" \/><\/p>\n<p>Conservar a la Paloma de Alas Blancas del Este de M\u00e9xico y su h\u00e1bitat, particularmente en la \u00abColonia Parras de la Fuente\u00bb, en el Municipio de Abasolo; promoviendo su manejo y aprovechamiento sustentable en Tamaulipas.<\/p>\n<p>&nbsp;<\/p>\n<p><img loading=\"lazy\" decoding=\"async\" class=\"alignnone size-full wp-image-1771\" src=\"http:\/\/www.tamaulipas.gob.mx\/parquesybiodiversidad\/wp-content\/uploads\/sites\/44\/2023\/08\/mision-vision-7.png\" alt=\"\" width=\"555\" height=\"112\" \/><\/p>\n<ul>\n<li>\u00a0Estimar la poblaci\u00f3n de Paloma de Alas Blancas en el \u00c1rea Protegida Ecol\u00f3gica \u00abColonia Parras de la Fuente\u00bb<\/li>\n<li>Evaluaci\u00f3n de la vegetaci\u00f3n, y su disponibilidad para la especie, mejoramiento del h\u00e1bitat y su fauna asociada<\/li>\n<\/ul>\n<p>&nbsp;<\/p>\n<p><img loading=\"lazy\" decoding=\"async\" class=\"alignnone size-full wp-image-1779\" src=\"http:\/\/www.tamaulipas.gob.mx\/parquesybiodiversidad\/wp-content\/uploads\/sites\/44\/2023\/08\/mision-vision10.png\" alt=\"\" width=\"555\" height=\"112\" \/><\/p>\n<p>El m\u00e9todo de muestreo aplicado para la determinaci\u00f3n de la densidad poblacional de esta especie es el denominado \u00abtransectos en franja\u00bb, descrito por Tomlinson et al (1994), consistente en el marcado de nidos en una superficie de 10 m. de ancho X 100 m. de longitud equivalente a 0.1 de hect\u00e1rea, donde se toman los datos de campo correspondientes en forma peri\u00f3dica.<\/p>\n<p>En este sentido, se establecieron 35 transectos en una superficie estimada de 2,946 hect\u00e1reas de la zona n\u00facleo del \u00e1rea, realiz\u00e1ndose un total de 16 a 18 visitas aproximadamente con un intervalo de 5 d\u00edas entre una y otra, inici\u00e1ndose los trabajos a partir la primera semana del mes de mayo y hasta la segunda semana del mes de agosto.<\/p>\n<p>El procedimiento para el an\u00e1lisis de datos de campo se realiza a trav\u00e9s de una revisi\u00f3n minuciosa de la evoluci\u00f3n de los nidos de cada uno de los transectos y se obtienen resultados como lo son:<\/p>\n<ul>\n<li>Total de nidos activos por transecto y por fecha<\/li>\n<li>El n\u00famero de huevos puestos en cada nido, as\u00ed como<\/li>\n<li>Los pollos mayores de cinco d\u00edas que son los que se consideran aptos para sobrevivir fuera del nido, entre otras variantes<\/li>\n<\/ul>\n<p>&nbsp;<\/p>\n<p><img loading=\"lazy\" decoding=\"async\" class=\"alignnone size-full wp-image-1759\" src=\"http:\/\/www.tamaulipas.gob.mx\/parquesybiodiversidad\/wp-content\/uploads\/sites\/44\/2023\/08\/mision-vision-8.png\" alt=\"\" width=\"555\" height=\"112\" \/><\/p>\n<p><strong>Acciones de protecci\u00f3n, conservaci\u00f3n y vigilancia\u00a0<\/strong><\/p>\n<ul>\n<li>Delimitaci\u00f3n del \u00e1rea<\/li>\n<li>Puertas de control<\/li>\n<li>Torres de vigilancia<\/li>\n<li>Brechas corta fuegos<\/li>\n<li>Rehabilitaci\u00f3n de brechas internas<\/li>\n<li>Plan de Manejo<\/li>\n<\/ul>\n<p>&nbsp;<\/p>\n<p>&nbsp;<\/p>\n<p>&nbsp;<\/p>\n<p><a href=\"http:\/\/www.tamaulipas.gob.mx\/parquesybiodiversidad\/wp-content\/uploads\/sites\/44\/2020\/05\/imagen1.png\"><img loading=\"lazy\" decoding=\"async\" class=\"size-full wp-image-654 aligncenter\" src=\"http:\/\/www.tamaulipas.gob.mx\/parquesybiodiversidad\/wp-content\/uploads\/sites\/44\/2020\/05\/imagen1.png\" alt=\"\" width=\"1200\" height=\"536\" \/><\/a><\/p>\n<p>&nbsp;<\/p>\n","protected":false},"excerpt":{"rendered":"<p>Din\u00e1mica poblacional de la paloma de alas blancas en el \u00e1rea protegida ecol\u00f3gica parras de la fuente Siendo el ave cineg\u00e9tica m\u00e1s importante del pa\u00eds\u2026<\/p>\n","protected":false},"author":59,"featured_media":0,"parent":222,"menu_order":0,"comment_status":"closed","ping_status":"closed","template":"","meta":{"footnotes":""},"class_list":["post-245","page","type-page","status-publish","hentry"],"publishpress_future_action":{"enabled":false,"date":"2026-04-25 03:51:34","action":"change-status","newStatus":"draft","terms":[],"taxonomy":""},"_links":{"self":[{"href":"https:\/\/www.tamaulipas.gob.mx\/parquesybiodiversidad\/wp-json\/wp\/v2\/pages\/245"}],"collection":[{"href":"https:\/\/www.tamaulipas.gob.mx\/parquesybiodiversidad\/wp-json\/wp\/v2\/pages"}],"about":[{"href":"https:\/\/www.tamaulipas.gob.mx\/parquesybiodiversidad\/wp-json\/wp\/v2\/types\/page"}],"author":[{"embeddable":true,"href":"https:\/\/www.tamaulipas.gob.mx\/parquesybiodiversidad\/wp-json\/wp\/v2\/users\/59"}],"replies":[{"embeddable":true,"href":"https:\/\/www.tamaulipas.gob.mx\/parquesybiodiversidad\/wp-json\/wp\/v2\/comments?post=245"}],"version-history":[{"count":8,"href":"https:\/\/www.tamaulipas.gob.mx\/parquesybiodiversidad\/wp-json\/wp\/v2\/pages\/245\/revisions"}],"predecessor-version":[{"id":1781,"href":"https:\/\/www.tamaulipas.gob.mx\/parquesybiodiversidad\/wp-json\/wp\/v2\/pages\/245\/revisions\/1781"}],"up":[{"embeddable":true,"href":"https:\/\/www.tamaulipas.gob.mx\/parquesybiodiversidad\/wp-json\/wp\/v2\/pages\/222"}],"wp:attachment":[{"href":"https:\/\/www.tamaulipas.gob.mx\/parquesybiodiversidad\/wp-json\/wp\/v2\/media?parent=245"}],"curies":[{"name":"wp","href":"https:\/\/api.w.org\/{rel}","templated":true}]}}