{"id":228,"date":"2019-03-01T11:09:15","date_gmt":"2019-03-01T17:09:15","guid":{"rendered":"https:\/\/www.tamaulipas.gob.mx\/parquesybiodiversidad\/?page_id=228"},"modified":"2024-05-28T16:45:18","modified_gmt":"2024-05-28T22:45:18","slug":"mariposa-monarca","status":"publish","type":"page","link":"https:\/\/www.tamaulipas.gob.mx\/parquesybiodiversidad\/programas\/mariposa-monarca\/","title":{"rendered":"Mariposa monarca"},"content":{"rendered":"<p><img loading=\"lazy\" decoding=\"async\" class=\"wp-image-2792 aligncenter\" src=\"http:\/\/www.tamaulipas.gob.mx\/parquesybiodiversidad\/wp-content\/uploads\/sites\/44\/2024\/05\/nvo-logo-mariposa.png\" alt=\"\" width=\"670\" height=\"670\" \/><\/p>\n<p style=\"text-align: justify;\">Conservaci\u00f3n de h\u00e1bitats sanos y del fen\u00f3meno migratorio de la mariposa monarca en su paso por el estado de Tamaulipas mediante estrategias y acciones para contribuir a su recuperaci\u00f3n poblacional.<\/p>\n<p>&nbsp;<\/p>\n<p><img loading=\"lazy\" decoding=\"async\" class=\"alignnone size-full wp-image-1756\" src=\"http:\/\/www.tamaulipas.gob.mx\/parquesybiodiversidad\/wp-content\/uploads\/sites\/44\/2023\/08\/mision-vision-4.png\" alt=\"\" width=\"555\" height=\"112\" \/><\/p>\n<p style=\"text-align: justify;\">Este Proyecto inicio en el a\u00f1o 2011 por el Gobierno del Estado de Tamaulipas, derivado de la disminuci\u00f3n paulatina de la superficie ocupada por la Mariposa Monarca en los Santuarios de hibernaci\u00f3n en Michoac\u00e1n y el Estado de M\u00e9xico. Se inici\u00f3 con el monitoreo de la migraci\u00f3n, estableciendo las principales rutas por el estado y a partir de entonces este Proyecto cuenta con apoyo gubernamental.<\/p>\n<p>&nbsp;<\/p>\n<p><img loading=\"lazy\" decoding=\"async\" class=\"alignnone size-full wp-image-1758\" src=\"http:\/\/www.tamaulipas.gob.mx\/parquesybiodiversidad\/wp-content\/uploads\/sites\/44\/2023\/08\/mision-vision-6.png\" alt=\"\" width=\"555\" height=\"112\" \/><\/p>\n<p style=\"text-align: justify;\">Contribuir en el incremento de las poblaciones de mariposa monarca y la conservaci\u00f3n de los ecosistemas que requiere la especie para su alimentaci\u00f3n, descanso durante su migraci\u00f3n de oto\u00f1o y para su reproducci\u00f3n en primavera a su paso por Tamaulipas.<\/p>\n<p>&nbsp;<\/p>\n<p><img loading=\"lazy\" decoding=\"async\" class=\"alignnone size-full wp-image-1771\" src=\"http:\/\/www.tamaulipas.gob.mx\/parquesybiodiversidad\/wp-content\/uploads\/sites\/44\/2023\/08\/mision-vision-7.png\" alt=\"\" width=\"555\" height=\"112\" \/><\/p>\n<ul>\n<li>Impartir cursos y Talleres sobre la biolog\u00eda e importancia de la conservaci\u00f3n de la mariposa monarca para promover la participaci\u00f3n en la Red de Monitoreo de la Mariposa Monarca durante la Migraci\u00f3n en su paso por Tamaulipas.<\/li>\n<li>Implementar la Red Estatal de Jardines para Polinizadores.<\/li>\n<li>Ampliar y fortalecer el Esquema de Incentivos por conservaci\u00f3n de las \u00e1reas de alimentaci\u00f3n en el Corredor Migratorio de la Mariposa Monarca en la Sierra Madre Oriental.<\/li>\n<li>Promover la realizaci\u00f3n del VII Festival de la Mariposa Monarca en Jaumave y el I Festival de la Mariposa Monarca en Victoria y G\u00f3mez Far\u00edas, y el 2\u00b0 Evento titulado \u00abCelebremos la Primavera en el Parque.<\/li>\n<\/ul>\n<div class=\"panel-group\" id=\"custom-collapse-0\">\n<div class=\"panel panel-default\">\n\t\t\t\t<div class=\"panel-heading\">\n\t\t\t\t\t<h4 class=\"panel-title\">\n\t\t\t\t\t\t<a class=\"\" data-toggle=\"collapse\" data-parent=\"#custom-collapse-0\" href=\"#custom-collapse-0-0\">Acciones<\/a>\n\t\t\t\t\t<\/h4>\n\t\t\t\t<\/div>\n\t\t\t\t<div id=\"custom-collapse-0-0\" class=\"panel-collapse in\">\n\t\t\t\t\t<div class=\"panel-body\">\n<p>En Tamaulipas promovemos la ciencia ciudadana y la aplicaci\u00f3n de la normatividad para contribuir en la recuperaci\u00f3n de las poblaciones de la mariposa monarca, mediante:<\/p>\n<ul>\n<li>Monitoreo de la ruta migratoria durante su paso por nuestro Estado.<\/li>\n<li>Impartici\u00f3n de cursos y talleres sobre la biolog\u00eda y requerimientos de la especie.<\/li>\n<li>Investigaci\u00f3n cient\u00edfica sobre depredadores y enfermedades de la mariposa monarca<\/li>\n<li>Actividades de difusi\u00f3n como el Festival de la mariposa monarca.<\/li>\n<li>Cursos y Talleres para artesanos<\/li>\n<li>Capacitaci\u00f3n de gu\u00edas de observadores de mariposas<\/li>\n<li>Concursos de Papalote, Fotograf\u00eda, dibujo y cuentos sobre la mariposa monarca.<\/li>\n<li>Esquema de Incentivos por conservaci\u00f3n de \u00e1reas de alimentaci\u00f3n,<\/li>\n<li>La creaci\u00f3n de la Red Estatal de Jardines para Polinizadores<\/li>\n<li>Elaboraci\u00f3n de material educativo y de difusi\u00f3n.<\/li>\n<li>Conservaci\u00f3n del Corredor Migratorio de la Mariposa Monarca en la Sierra Madre Oriental.<\/li>\n<li>Convenios de colaboraci\u00f3n interestatal y municipal para la participaci\u00f3n conjunta en acciones de conservaci\u00f3n del fen\u00f3meno migratorio de la Mariposa Monarca en la ruta migratoria.<\/li>\n<\/ul>\n<\/div>\n\t\t\t\t<\/div>\n\t\t\t<\/div>\n<div class=\"panel panel-default\">\n\t\t\t\t<div class=\"panel-heading\">\n\t\t\t\t\t<h4 class=\"panel-title\">\n\t\t\t\t\t\t<a class=\"collapsed\" data-toggle=\"collapse\" data-parent=\"#custom-collapse-0\" href=\"#custom-collapse-0-1\">Amenazas que intervienen en la disminuci\u00f3n de la mariposa monarca<\/a>\n\t\t\t\t\t<\/h4>\n\t\t\t\t<\/div>\n\t\t\t\t<div id=\"custom-collapse-0-1\" class=\"panel-collapse collapse\">\n\t\t\t\t\t<div class=\"panel-body\">\n<ul>\n<li>Desconocimiento de la poblaci\u00f3n sobre la especie<\/li>\n<li>Falta de autoridades informadas, grupos sociales e investigadores en la ruta<\/li>\n<li>Deforestaci\u00f3n y p\u00e9rdida de \u00e1reas de pernocta<\/li>\n<li>Contaminaci\u00f3n y\/o desv\u00edo o p\u00e9rdida de fuentes de agua<\/li>\n<li>Uso de pesticidas (insecticidas y herbicidas)<\/li>\n<li>Uso de fumigantes para mosquitos por sector salud<\/li>\n<li>Fragmentaci\u00f3n de los ecosistemas<\/li>\n<li>Cambio de uso de suelo<\/li>\n<li>P\u00e9rdida de conectividad del h\u00e1bitat<\/li>\n<li>P\u00e9rdida de h\u00e1bitat por agricultura y ganader\u00eda<\/li>\n<li>Aprovechamiento o explotaci\u00f3n forestal<\/li>\n<li>Atropellamientos en carreteras<\/li>\n<li>Instalaci\u00f3n de aerogeneradores<\/li>\n<li>Crecimiento de manchas urbanas<\/li>\n<li>Incendios forestales<\/li>\n<li>Eventos meteorol\u00f3gicos extremos<\/li>\n<li>Cambio clim\u00e1tico<\/li>\n<li>Perdida de \u00e1reas de alimentaci\u00f3n y reproducci\u00f3n<\/li>\n<\/ul>\n<\/div>\n\t\t\t\t<\/div>\n\t\t\t<\/div>\n<div class=\"panel panel-default\">\n\t\t\t\t<div class=\"panel-heading\">\n\t\t\t\t\t<h4 class=\"panel-title\">\n\t\t\t\t\t\t<a class=\"collapsed\" data-toggle=\"collapse\" data-parent=\"#custom-collapse-0\" href=\"#custom-collapse-0-2\">Avances<\/a>\n\t\t\t\t\t<\/h4>\n\t\t\t\t<\/div>\n\t\t\t\t<div id=\"custom-collapse-0-2\" class=\"panel-collapse collapse\">\n\t\t\t\t\t<div class=\"panel-body\">\n<p>La Comisi\u00f3n de Parques y Biodiversidad cumple con los objetivos del Plan Estatal de Desarrollo, impulsando pol\u00edticas sustentables de protecci\u00f3n y conservaci\u00f3n del medio ambiente a trav\u00e9s de estrategias para la recuperaci\u00f3n de diversas especies como la mariposa monarca, la cual durante su migraci\u00f3n por Tamaulipas, se alimenta del n\u00e9ctar de las flores de polocote o falso girasol, (Tithonia tubifloris) en los cultivos de ma\u00edz de las comunidades ejidales de la Sierra Madre Oriental con lo que obtienen reservas de energ\u00eda para soportar el per\u00edodo invernal.<\/p>\n<p>Con esta acci\u00f3n, se promueve el bienestar social a trav\u00e9s del Esquema de Incentivos por Conservaci\u00f3n de las \u00c1reas de Alimentaci\u00f3n dirigido a propietarios de tierras con cultivo de ma\u00edz en los meses de octubre y noviembre. Este inici\u00f3 apoyando a 49 propietarios en el 2015, a 32 en 2016 en colaboraci\u00f3n con la ONG (Pronatura Noreste). A partir del 2017, con recurso estatal se benefici\u00f3 a 81 propietarios y a 245 en el 2018, con una derrama econ\u00f3mica de 693,500.00, apoyando as\u00ed a la econom\u00eda de las familias cuando el clima fr\u00edo no permite ning\u00fan tipo de cultivo.<\/p>\n<p>Se promueve la apropiaci\u00f3n del espacio p\u00fablico mediante varias acciones:<\/p>\n<ul>\n<li>Festival de la Mariposa Monarca en Jaumave ,Tamaulipas, donde se involucran gran cantidad de participantes, como las Secretar\u00edas de Medio Ambiente, Turismo y Educaci\u00f3n, as\u00ed como la sociedad civil, artesanos. ejidatarios y comerciantes para llevar a cabo actividades como concursos de fotograf\u00eda, dibujo, cuentos, disfraces y papalote, y atraer a gran cantidad de visitantes a convivir, aprender y observar de cerca a esta especie, el cual en el 2016 atrajo a 2176 participantes, en el 2017 a 2891 participantes, en el 2018 participaron m\u00e1s de 2500 personas, adem\u00e1s del p\u00fablico local, estatal, regional y nacional.<\/li>\n<li>\u201cCelebremos la Primavera\u201d y las exposiciones fotogr\u00e1ficas \u201cMariposa Monarca\u201d y \u201cFlores de Tamaulipas\u201d, con la inauguraci\u00f3n del primer Jardines para Polinizadores en el Parque Bicentenario, el 21 y 22 de marzo 2018, en el marco de la celebraci\u00f3n del d\u00eda de la Tierra y el inicio de la primavera y colocaci\u00f3n de placas a los Jardines.<\/li>\n<li>Para el mejoramiento y el incremento de espacios p\u00fablicos para lograr la vinculaci\u00f3n con la ciudadan\u00eda, se promovi\u00f3 la convocatoria Registra Tu Jard\u00edn para Polinizadores, como lugares de convivencia para embellecer el entorno cotidiano y promover las actividades en contacto con la naturaleza, la educaci\u00f3n para su conservaci\u00f3n y la difusi\u00f3n, ya que con estas acciones, se est\u00e1n protegiendo muchas otras especies y sus ecosistemas.<\/li>\n<\/ul>\n<p>Tamaulipas invierte en la conservaci\u00f3n de la ruta migratoria de la mariposa monarca durante la migraci\u00f3n a trav\u00e9s de cursos, talleres y conferencias a estudiantes y sociedad civil para su contribuci\u00f3n para el Monitoreo de la Ruta Migratoria, obteni\u00e9ndose hasta el 2018, registros de mariposas observadas en 34 municipios durante la migraci\u00f3n.<\/p>\n<\/div>\n\t\t\t\t<\/div>\n\t\t\t<\/div>\n<\/div>\n","protected":false},"excerpt":{"rendered":"<p>Conservaci\u00f3n de h\u00e1bitats sanos y del fen\u00f3meno migratorio de la mariposa monarca en su paso por el estado de Tamaulipas mediante estrategias y acciones para\u2026<\/p>\n","protected":false},"author":59,"featured_media":0,"parent":222,"menu_order":0,"comment_status":"closed","ping_status":"closed","template":"","meta":{"footnotes":""},"class_list":["post-228","page","type-page","status-publish","hentry"],"publishpress_future_action":{"enabled":false,"date":"2026-04-21 23:18:10","action":"change-status","newStatus":"draft","terms":[],"taxonomy":""},"_links":{"self":[{"href":"https:\/\/www.tamaulipas.gob.mx\/parquesybiodiversidad\/wp-json\/wp\/v2\/pages\/228"}],"collection":[{"href":"https:\/\/www.tamaulipas.gob.mx\/parquesybiodiversidad\/wp-json\/wp\/v2\/pages"}],"about":[{"href":"https:\/\/www.tamaulipas.gob.mx\/parquesybiodiversidad\/wp-json\/wp\/v2\/types\/page"}],"author":[{"embeddable":true,"href":"https:\/\/www.tamaulipas.gob.mx\/parquesybiodiversidad\/wp-json\/wp\/v2\/users\/59"}],"replies":[{"embeddable":true,"href":"https:\/\/www.tamaulipas.gob.mx\/parquesybiodiversidad\/wp-json\/wp\/v2\/comments?post=228"}],"version-history":[{"count":10,"href":"https:\/\/www.tamaulipas.gob.mx\/parquesybiodiversidad\/wp-json\/wp\/v2\/pages\/228\/revisions"}],"predecessor-version":[{"id":2884,"href":"https:\/\/www.tamaulipas.gob.mx\/parquesybiodiversidad\/wp-json\/wp\/v2\/pages\/228\/revisions\/2884"}],"up":[{"embeddable":true,"href":"https:\/\/www.tamaulipas.gob.mx\/parquesybiodiversidad\/wp-json\/wp\/v2\/pages\/222"}],"wp:attachment":[{"href":"https:\/\/www.tamaulipas.gob.mx\/parquesybiodiversidad\/wp-json\/wp\/v2\/media?parent=228"}],"curies":[{"name":"wp","href":"https:\/\/api.w.org\/{rel}","templated":true}]}}