{"id":2261,"date":"2024-01-12T15:59:04","date_gmt":"2024-01-12T21:59:04","guid":{"rendered":"https:\/\/www.tamaulipas.gob.mx\/parquesybiodiversidad\/?page_id=2261"},"modified":"2024-05-21T12:36:39","modified_gmt":"2024-05-21T18:36:39","slug":"material-didactico","status":"publish","type":"page","link":"https:\/\/www.tamaulipas.gob.mx\/parquesybiodiversidad\/material-didactico\/","title":{"rendered":"Material Did\u00e1ctico"},"content":{"rendered":"<p>La elaboraci\u00f3n de los Cuadernillos de Biodiversidad, surge de la necesidad de llegar a las nuevas generaciones mediante material did\u00e1ctico, pr\u00e1ctico, con una lectura r\u00e1pida, que abarca la descripci\u00f3n de una especie en particular, as\u00ed como sus caracter\u00edsticas m\u00e1s importantes.<\/p>\n<p><img loading=\"lazy\" decoding=\"async\" class=\"alignnone size-full wp-image-1778\" src=\"http:\/\/www.tamaulipas.gob.mx\/parquesybiodiversidad\/wp-content\/uploads\/sites\/44\/2023\/08\/mision-vision-9.png\" alt=\"\" width=\"555\" height=\"112\" \/><\/p>\n<p>Impulsar la Educaci\u00f3n Ambiental para generar conciencia en las y los tamaulipecos, sobre el cuidado que nuestro estado requiere en materia ambiental, que permita garantizar su desarrollo y bienestar.<\/p>\n<p>La descarga de los Cuadernillos de Biodiversidad, se encuentran disponibles para su uso did\u00e1ctico en<br \/>\nlas siguientes ligas:<\/p>\n<p><a href=\"http:\/\/www.tamaulipas.gob.mx\/parquesybiodiversidad\/wp-content\/uploads\/sites\/44\/2024\/05\/cactaceas.pdf\"><img loading=\"lazy\" decoding=\"async\" class=\"alignnone size-full wp-image-2334\" src=\"http:\/\/www.tamaulipas.gob.mx\/parquesybiodiversidad\/wp-content\/uploads\/sites\/44\/2024\/01\/submenu-cactaceas.png\" alt=\"\" width=\"293\" height=\"44\" \/><\/a><\/p>\n<p><a href=\"http:\/\/www.tamaulipas.gob.mx\/parquesybiodiversidad\/wp-content\/uploads\/sites\/44\/2024\/05\/cuadernillo-cocodrilo.pdf\"><img loading=\"lazy\" decoding=\"async\" class=\"alignnone size-medium wp-image-2347\" src=\"http:\/\/www.tamaulipas.gob.mx\/parquesybiodiversidad\/wp-content\/uploads\/sites\/44\/2024\/01\/submenu-cocodrilo-1.png\" alt=\"\" width=\"293\" height=\"44\" \/><\/a><\/p>\n<p><a href=\"http:\/\/www.tamaulipas.gob.mx\/parquesybiodiversidad\/wp-content\/uploads\/sites\/44\/2024\/05\/colibri.pdf\"><img loading=\"lazy\" decoding=\"async\" class=\"alignnone size-medium wp-image-2348\" src=\"http:\/\/www.tamaulipas.gob.mx\/parquesybiodiversidad\/wp-content\/uploads\/sites\/44\/2024\/01\/submenu-colibri-1.png\" alt=\"\" width=\"293\" height=\"44\" \/><\/a><\/p>\n<p><a href=\"http:\/\/www.tamaulipas.gob.mx\/parquesybiodiversidad\/wp-content\/uploads\/sites\/44\/2024\/05\/dinosaurios.pdf\"><img loading=\"lazy\" decoding=\"async\" class=\"alignnone size-medium wp-image-2349\" src=\"http:\/\/www.tamaulipas.gob.mx\/parquesybiodiversidad\/wp-content\/uploads\/sites\/44\/2024\/01\/submenu-dinosaurios-1.png\" alt=\"\" width=\"293\" height=\"44\" \/><\/a><\/p>\n<p><a href=\"http:\/\/www.tamaulipas.gob.mx\/parquesybiodiversidad\/wp-content\/uploads\/sites\/44\/2024\/05\/los-6-felinos.pdf\"><img loading=\"lazy\" decoding=\"async\" class=\"alignnone size-medium wp-image-2350\" src=\"http:\/\/www.tamaulipas.gob.mx\/parquesybiodiversidad\/wp-content\/uploads\/sites\/44\/2024\/01\/submenu-felinos-de-tamaulipas-1.png\" alt=\"\" width=\"293\" height=\"44\" \/><\/a><\/p>\n<p><a href=\"http:\/\/www.tamaulipas.gob.mx\/parquesybiodiversidad\/wp-content\/uploads\/sites\/44\/2024\/05\/guacamaya-verde.pdf\"><img loading=\"lazy\" decoding=\"async\" class=\"alignnone size-medium wp-image-2351\" src=\"http:\/\/www.tamaulipas.gob.mx\/parquesybiodiversidad\/wp-content\/uploads\/sites\/44\/2024\/01\/submenu-guacamaya-1.png\" alt=\"\" width=\"293\" height=\"44\" \/><\/a><\/p>\n<p><a href=\"http:\/\/www.tamaulipas.gob.mx\/parquesybiodiversidad\/wp-content\/uploads\/sites\/44\/2024\/05\/libro-jaguar.pdf\"><img loading=\"lazy\" decoding=\"async\" class=\"alignnone size-medium wp-image-2352\" src=\"http:\/\/www.tamaulipas.gob.mx\/parquesybiodiversidad\/wp-content\/uploads\/sites\/44\/2024\/01\/submenu-jaguar-1.png\" alt=\"\" width=\"293\" height=\"44\" \/><\/a><\/p>\n<p><a href=\"http:\/\/www.tamaulipas.gob.mx\/parquesybiodiversidad\/wp-content\/uploads\/sites\/44\/2024\/05\/lobo-gris.pdf\"><img loading=\"lazy\" decoding=\"async\" class=\"alignnone size-medium wp-image-2353\" src=\"http:\/\/www.tamaulipas.gob.mx\/parquesybiodiversidad\/wp-content\/uploads\/sites\/44\/2024\/01\/submenu-lobo-gris-1.png\" alt=\"\" width=\"293\" height=\"44\" \/><\/a><\/p>\n<p><a href=\"http:\/\/www.tamaulipas.gob.mx\/parquesybiodiversidad\/wp-content\/uploads\/sites\/44\/2024\/05\/oso-negro-americano.pdf\"><img loading=\"lazy\" decoding=\"async\" class=\"alignnone size-medium wp-image-2354\" src=\"http:\/\/www.tamaulipas.gob.mx\/parquesybiodiversidad\/wp-content\/uploads\/sites\/44\/2024\/01\/submenu-oso-negro-1.png\" alt=\"\" width=\"293\" height=\"44\" \/><\/a><\/p>\n<p><a href=\"http:\/\/www.tamaulipas.gob.mx\/parquesybiodiversidad\/wp-content\/uploads\/sites\/44\/2024\/05\/psitacidos.pdf\"><img loading=\"lazy\" decoding=\"async\" class=\"alignnone size-full wp-image-2355\" src=\"http:\/\/www.tamaulipas.gob.mx\/parquesybiodiversidad\/wp-content\/uploads\/sites\/44\/2024\/01\/submenu-psitacidos-1.png\" alt=\"\" width=\"293\" height=\"44\" \/><\/a><\/p>\n<p><a href=\"http:\/\/www.tamaulipas.gob.mx\/parquesybiodiversidad\/wp-content\/uploads\/sites\/44\/2024\/05\/rapaces.pdf\"><img loading=\"lazy\" decoding=\"async\" class=\"alignnone size-full wp-image-2356\" src=\"http:\/\/www.tamaulipas.gob.mx\/parquesybiodiversidad\/wp-content\/uploads\/sites\/44\/2024\/01\/submenu-rapaces-1.png\" alt=\"\" width=\"293\" height=\"44\" \/><\/a><\/p>\n<p><a href=\"http:\/\/www.tamaulipas.gob.mx\/parquesybiodiversidad\/wp-content\/uploads\/sites\/44\/2024\/05\/cuadernillo-venado-cola-blanca.pdf\"><img loading=\"lazy\" decoding=\"async\" class=\"alignnone size-full wp-image-2357\" src=\"http:\/\/www.tamaulipas.gob.mx\/parquesybiodiversidad\/wp-content\/uploads\/sites\/44\/2024\/01\/submenu-venado-1.png\" alt=\"\" width=\"293\" height=\"44\" \/><\/a><\/p>\n","protected":false},"excerpt":{"rendered":"<p>La elaboraci\u00f3n de los Cuadernillos de Biodiversidad, surge de la necesidad de llegar a las nuevas generaciones mediante material did\u00e1ctico, pr\u00e1ctico, con una lectura r\u00e1pida,\u2026<\/p>\n","protected":false},"author":321,"featured_media":0,"parent":0,"menu_order":0,"comment_status":"closed","ping_status":"closed","template":"","meta":{"footnotes":""},"class_list":["post-2261","page","type-page","status-publish","hentry"],"publishpress_future_action":{"enabled":false,"date":"2026-04-22 01:16:56","action":"change-status","newStatus":"draft","terms":[],"taxonomy":""},"_links":{"self":[{"href":"https:\/\/www.tamaulipas.gob.mx\/parquesybiodiversidad\/wp-json\/wp\/v2\/pages\/2261"}],"collection":[{"href":"https:\/\/www.tamaulipas.gob.mx\/parquesybiodiversidad\/wp-json\/wp\/v2\/pages"}],"about":[{"href":"https:\/\/www.tamaulipas.gob.mx\/parquesybiodiversidad\/wp-json\/wp\/v2\/types\/page"}],"author":[{"embeddable":true,"href":"https:\/\/www.tamaulipas.gob.mx\/parquesybiodiversidad\/wp-json\/wp\/v2\/users\/321"}],"replies":[{"embeddable":true,"href":"https:\/\/www.tamaulipas.gob.mx\/parquesybiodiversidad\/wp-json\/wp\/v2\/comments?post=2261"}],"version-history":[{"count":22,"href":"https:\/\/www.tamaulipas.gob.mx\/parquesybiodiversidad\/wp-json\/wp\/v2\/pages\/2261\/revisions"}],"predecessor-version":[{"id":2709,"href":"https:\/\/www.tamaulipas.gob.mx\/parquesybiodiversidad\/wp-json\/wp\/v2\/pages\/2261\/revisions\/2709"}],"wp:attachment":[{"href":"https:\/\/www.tamaulipas.gob.mx\/parquesybiodiversidad\/wp-json\/wp\/v2\/media?parent=2261"}],"curies":[{"name":"wp","href":"https:\/\/api.w.org\/{rel}","templated":true}]}}