{"id":190,"date":"2019-02-28T15:42:51","date_gmt":"2019-02-28T21:42:51","guid":{"rendered":"https:\/\/www.tamaulipas.gob.mx\/parquesybiodiversidad\/?page_id=190"},"modified":"2023-06-30T17:40:53","modified_gmt":"2023-06-30T23:40:53","slug":"centro-de-conservacion-de-tortugas-marinas","status":"publish","type":"page","link":"https:\/\/www.tamaulipas.gob.mx\/parquesybiodiversidad\/parques\/centro-de-conservacion-de-tortugas-marinas\/","title":{"rendered":"Centro de Conservaci\u00f3n de Tortugas Marinas"},"content":{"rendered":"<p><img loading=\"lazy\" decoding=\"async\" class=\"alignnone size-full wp-image-1680\" src=\"http:\/\/www.tamaulipas.gob.mx\/parquesybiodiversidad\/wp-content\/uploads\/sites\/44\/2023\/06\/unnamed.jpg\" alt=\"\" width=\"1200\" height=\"800\" \/><\/p>\n<p>El Gobierno del Estado a trav\u00e9s de la Comisi\u00f3n de Parques y Biodiversidad de Tamaulipas, en colaboraci\u00f3n con el Gladys Porter Zoo y la asesor\u00eda de la SEMARNAT, permanece activo cada temporada con dos campamentos en el municipio de Soto la Marina, Tamaulipas, denominados Centro de Conservaci\u00f3n y Protecci\u00f3n de Tortugas Marinas Tepehuajes y Centro de Conservaci\u00f3n y Protecci\u00f3n de Tortugas Marinas La Pesca.<\/p>\n<p>La funci\u00f3n de los campamentos tortugueros, es procurar la protecci\u00f3n y conservaci\u00f3n de las especies, a trav\u00e9s de la protecci\u00f3n de hembras anidadoras y sus nidos a fin de lograr un mayor n\u00famero de cr\u00edas, que permitan mejorar las expectativas de conservaci\u00f3n de la especie, implementando t\u00e9cnicas estandarizadas de conservaci\u00f3n y manejo, adecuadas y aplicadas a los campamentos tortugueros de La Pesca y Tepehuajes, que permitan obtener resultados comparables con otros centros de protecci\u00f3n regionales o extranjeros, y adem\u00e1s, recopilar datos e informaci\u00f3n cient\u00edfica confiable, con las metodolog\u00edas necesarias para llevar a cabo trabajos de investigaci\u00f3n, protecci\u00f3n y conservaci\u00f3n de las tortugas marinas.<\/p>\n<p><strong>Funci\u00f3n:<\/strong><\/p>\n<ul>\n<li>Protecci\u00f3n<\/li>\n<li>Conservaci\u00f3n<\/li>\n<li>Investigaci\u00f3n<\/li>\n<\/ul>\n<div class=\"panel-group\" id=\"custom-collapse-0\">\n<div class=\"panel panel-default\">\n\t\t\t\t<div class=\"panel-heading\">\n\t\t\t\t\t<h4 class=\"panel-title\">\n\t\t\t\t\t\t<a class=\"\" data-toggle=\"collapse\" data-parent=\"#custom-collapse-0\" href=\"#custom-collapse-0-0\">Centro de conservaci\u00f3n y protecci\u00f3n de tortugas marinas: Tepehuajes<\/a>\n\t\t\t\t\t<\/h4>\n\t\t\t\t<\/div>\n\t\t\t\t<div id=\"custom-collapse-0-0\" class=\"panel-collapse in\">\n\t\t\t\t\t<div class=\"panel-body\">\n<p>El \u00e1rea de trabajo que le corresponde a este campamento es de 47.1 km. Al norte desde la desembocadura del r\u00edo Soto la Marina y al sur a la Barra del Carrizo en el municipio de Soto la Marina.<\/p>\n<\/div>\n\t\t\t\t<\/div>\n\t\t\t<\/div>\n<div class=\"panel panel-default\">\n\t\t\t\t<div class=\"panel-heading\">\n\t\t\t\t\t<h4 class=\"panel-title\">\n\t\t\t\t\t\t<a class=\"collapsed\" data-toggle=\"collapse\" data-parent=\"#custom-collapse-0\" href=\"#custom-collapse-0-1\">Centro de conservaci\u00f3n y protecci\u00f3n de tortugas marinas: La Pesca<\/a>\n\t\t\t\t\t<\/h4>\n\t\t\t\t<\/div>\n\t\t\t\t<div id=\"custom-collapse-0-1\" class=\"panel-collapse collapse\">\n\t\t\t\t\t<div class=\"panel-body\">\n<p>El \u00e1rea de trabajo que le corresponde a este campamento es de 59.3 km. desde el r\u00edo Soto la Marina y al norte hasta a la Barra de Enramadas en el municipio de Soto la Marina.<\/p>\n<\/div>\n\t\t\t\t<\/div>\n\t\t\t<\/div>\n<\/div>\n<p><strong>Funcionamiento de los campamentos<\/strong><\/p>\n<p>Los campamentos deben de estar en operaci\u00f3n todo el a\u00f1o, enfocando las actividades a la temporada que se presente. Siendo estas actividades recorridos de varaje durante el invierno y recorridos en playa durante la temporada de anidaci\u00f3n en verano, adem\u00e1s de las actividades inherentes a cada temporada, como es el armado y desarmado de los corrales y el mantenimiento general de los campamentos, pudi\u00e9ndose extender el funcionamiento de \u00e9stos por trabajos de investigaci\u00f3n y\/o campa\u00f1as de concientizaci\u00f3n.<\/p>\n<p>Cada campamento estar integrado por un responsable o encargado, personal t\u00e9cnico-operativo, y trabajadores eventuales.<\/p>\n<p><strong>Actividades de campo<\/strong><\/p>\n<div class=\"panel-group\" id=\"custom-collapse-1\">\n<div class=\"panel panel-default\">\n\t\t\t\t<div class=\"panel-heading\">\n\t\t\t\t\t<h4 class=\"panel-title\">\n\t\t\t\t\t\t<a class=\"\" data-toggle=\"collapse\" data-parent=\"#custom-collapse-1\" href=\"#custom-collapse-1-2\">Recorridos<\/a>\n\t\t\t\t\t<\/h4>\n\t\t\t\t<\/div>\n\t\t\t\t<div id=\"custom-collapse-1-2\" class=\"panel-collapse in\">\n\t\t\t\t\t<div class=\"panel-body\">\n<p>Durante los meses de Marzo a Agosto se efect\u00faan recorridos de supervisi\u00f3n y observaci\u00f3n en el caso de la tortuga lora y tortuga verde en los meses de Julio a Septiembre. Durante los meses de Enero y Febrero se realizar\u00e1 un recorrido cada tercer d\u00eda y un recorrido diario en caso de registrarse bajas temperaturas para monitorear la playa en b\u00fasqueda de tortugas varadas o con hipotermia.<\/p>\n<p>En el caso de una arribada y con la intenci\u00f3n de que los huevos recolectados permanezcan fuera de los nidos el menor tiempo posible, se designara una cuatrimoto que se dedicar\u00e1 exclusivamente a la transportaci\u00f3n al corral de incubaci\u00f3n.<\/p>\n<p>Al encontrar el rastro de una tortuga en la arena y despu\u00e9s de haber encontrado el nido, se marcara pasando por encima de este con las ruedas de la cuatrimoto para se\u00f1alarlo como un rastro que ya fue revisado por el personal del C.C.P.T.M. El rastro no se marcar\u00e1 si el nido no fue localizado y no se est\u00e1 seguro de que no contiene huevos.<\/p>\n<p>Los nidos encontrados ser\u00e1n desenterrados y depositados en forma individual en costales y transportados al corral de incubaci\u00f3n. El hueco del nido vac\u00edo se marcara con una vara o pedazo de madera para indicar que ya fue revisado y colectado.<\/p>\n<\/div>\n\t\t\t\t<\/div>\n\t\t\t<\/div>\n<div class=\"panel panel-default\">\n\t\t\t\t<div class=\"panel-heading\">\n\t\t\t\t\t<h4 class=\"panel-title\">\n\t\t\t\t\t\t<a class=\"collapsed\" data-toggle=\"collapse\" data-parent=\"#custom-collapse-1\" href=\"#custom-collapse-1-3\">Corrales de incubaci\u00f3n<\/a>\n\t\t\t\t\t<\/h4>\n\t\t\t\t<\/div>\n\t\t\t\t<div id=\"custom-collapse-1-3\" class=\"panel-collapse collapse\">\n\t\t\t\t\t<div class=\"panel-body\">\n<p>Los huevos son reubicados a nidos artificiales con una profundidad de unos 40 a 45 cm. Y unos 15 a 20 cm. de ancho, con forma de c\u00e1ntaro, simulando el nido original; ya que son tapados, se procede a identificarlos con una peque\u00f1a estaca a la que se le coloca la ficha de campo, protegida con una bolsa de pl\u00e1stico, se\u00f1al\u00e1ndolas con una cinta de color fluorescente para facilitar su identificaci\u00f3n. Cada nido en el corral tendr\u00e1 un espacio de 80 cm. por 80 cm. dejando un metro libre en la periferia a fin de evitar que sean compactados por pisoteo y para que el personal pueda trabajar libremente. En forma posterior, los nidos son protegidos con un redondel de tela de criba para evitar la dispersi\u00f3n de los neonatos al momento de la eclosi\u00f3n, a los 30 d\u00edas se colocaran los tules sobre los redondeles con el objetivo de proteger a las cr\u00edas del ataque de las larvas de la mosca Eumacronychia sp.<\/p>\n<p>Durante el periodo de incubaci\u00f3n de los huevos y la eclosi\u00f3n, se llevara a cabo el registro y evaluaci\u00f3n de sobrevivencia y mortalidad de las cr\u00edas una vez que han pasado tres d\u00edas como m\u00e1ximo desde la primera emersi\u00f3n, o una vez que han salido el 50% de las cr\u00edas con respecto a los huevos dentro del nido, o 2-3 d\u00edas despu\u00e9s que ha pasado la fecha estimada de emersi\u00f3n y no ha salido ninguna cr\u00eda. Los nidos deben ser abiertos y sacado su contenido para evaluaci\u00f3n. Esto \u00faltimo, se debe hacer con sumo cuidado, ya que las cr\u00edas pueden venir retrasadas. Si esto es as\u00ed, el nido debe taparse nuevamente de manera inmediata con la misma arena que fue extra\u00edda, utilizando siempre primero la arena h\u00fameda.<\/p>\n<p>De los huevos no eclosionados tambi\u00e9n se realiza el conteo y se determina la etapa de incubaci\u00f3n donde ocurri\u00f3 la muerte embrionaria.<\/p>\n<\/div>\n\t\t\t\t<\/div>\n\t\t\t<\/div>\n<div class=\"panel panel-default\">\n\t\t\t\t<div class=\"panel-heading\">\n\t\t\t\t\t<h4 class=\"panel-title\">\n\t\t\t\t\t\t<a class=\"collapsed\" data-toggle=\"collapse\" data-parent=\"#custom-collapse-1\" href=\"#custom-collapse-1-4\">Liberaciones<\/a>\n\t\t\t\t\t<\/h4>\n\t\t\t\t<\/div>\n\t\t\t\t<div id=\"custom-collapse-1-4\" class=\"panel-collapse collapse\">\n\t\t\t\t\t<div class=\"panel-body\">\n<p>Conforme las eclosiones sucedan, las cr\u00edas ser\u00e1n debidamente protegidas, cuantificadas y liberadas al amanecer o al anochecer, procurando que permanezcan el menor tiempo posible sin ser liberadas.<\/p>\n<\/div>\n\t\t\t\t<\/div>\n\t\t\t<\/div>\n<\/div>\n<p><strong>Ubicaci\u00f3n:<\/strong><\/p>\n<p>Centro de Conservaci\u00f3n de Tortugas Marinas, La Pesca, Soto La Marina.<\/p>\n<p><strong>Horario de atenci\u00f3n:<\/strong><\/p>\n<p>Lunes a Domingo de 10:00 a 17:00 hrs.<\/p>\n<p><strong>Horario de liberaciones:<\/strong><\/p>\n<p>Por el momento, no se est\u00e1n realizando liberaciones al p\u00fablico.<\/p>\n","protected":false},"excerpt":{"rendered":"<p>El Gobierno del Estado a trav\u00e9s de la Comisi\u00f3n de Parques y Biodiversidad de Tamaulipas, en colaboraci\u00f3n con el Gladys Porter Zoo y la asesor\u00eda\u2026<\/p>\n","protected":false},"author":1,"featured_media":0,"parent":168,"menu_order":0,"comment_status":"closed","ping_status":"closed","template":"","meta":{"footnotes":""},"class_list":["post-190","page","type-page","status-publish","hentry"],"publishpress_future_action":{"enabled":false,"date":"2026-04-25 21:20:41","action":"change-status","newStatus":"draft","terms":[],"taxonomy":""},"_links":{"self":[{"href":"https:\/\/www.tamaulipas.gob.mx\/parquesybiodiversidad\/wp-json\/wp\/v2\/pages\/190"}],"collection":[{"href":"https:\/\/www.tamaulipas.gob.mx\/parquesybiodiversidad\/wp-json\/wp\/v2\/pages"}],"about":[{"href":"https:\/\/www.tamaulipas.gob.mx\/parquesybiodiversidad\/wp-json\/wp\/v2\/types\/page"}],"author":[{"embeddable":true,"href":"https:\/\/www.tamaulipas.gob.mx\/parquesybiodiversidad\/wp-json\/wp\/v2\/users\/1"}],"replies":[{"embeddable":true,"href":"https:\/\/www.tamaulipas.gob.mx\/parquesybiodiversidad\/wp-json\/wp\/v2\/comments?post=190"}],"version-history":[{"count":8,"href":"https:\/\/www.tamaulipas.gob.mx\/parquesybiodiversidad\/wp-json\/wp\/v2\/pages\/190\/revisions"}],"predecessor-version":[{"id":1679,"href":"https:\/\/www.tamaulipas.gob.mx\/parquesybiodiversidad\/wp-json\/wp\/v2\/pages\/190\/revisions\/1679"}],"up":[{"embeddable":true,"href":"https:\/\/www.tamaulipas.gob.mx\/parquesybiodiversidad\/wp-json\/wp\/v2\/pages\/168"}],"wp:attachment":[{"href":"https:\/\/www.tamaulipas.gob.mx\/parquesybiodiversidad\/wp-json\/wp\/v2\/media?parent=190"}],"curies":[{"name":"wp","href":"https:\/\/api.w.org\/{rel}","templated":true}]}}