{"id":181,"date":"2019-02-28T15:26:51","date_gmt":"2019-02-28T21:26:51","guid":{"rendered":"https:\/\/www.tamaulipas.gob.mx\/parquesybiodiversidad\/?page_id=181"},"modified":"2024-12-05T13:04:16","modified_gmt":"2024-12-05T19:04:16","slug":"zoologico-tamatan","status":"publish","type":"page","link":"https:\/\/www.tamaulipas.gob.mx\/parquesybiodiversidad\/parques\/zoologico-tamatan\/","title":{"rendered":"Zool\u00f3gico Tamat\u00e1n"},"content":{"rendered":"<p><img loading=\"lazy\" decoding=\"async\" class=\"alignnone size-full wp-image-2763\" src=\"http:\/\/www.tamaulipas.gob.mx\/parquesybiodiversidad\/wp-content\/uploads\/sites\/44\/2024\/05\/zoo-1.png\" alt=\"\" width=\"943\" height=\"398\" \/><\/p>\n<p style=\"text-align: justify;\">El Zool\u00f3gico Tamat\u00e1n es un gran espacio para la integraci\u00f3n familiar, el esparcimiento, la educaci\u00f3n, la investigaci\u00f3n, y el fortalecimiento de una cultura a favor de la conservaci\u00f3n de nuestro medio ambiente.<\/p>\n<p style=\"text-align: justify;\">Es un lugar de gran tradici\u00f3n en el Estado de Tamaulipas, donde los visitantes se internan en un recorrido a trav\u00e9s de escenarios m\u00faltiples en los que se encuentra una muestra de fauna representativa de varios lugares del mundo, en una ambientaci\u00f3n natural.<\/p>\n<p style=\"text-align: justify;\">Actualmente el zool\u00f3gico ofrece servicios educativos tales como; talleres, pl\u00e1ticas educativas y actividades de contacto, donde el personal del Departamento de Educaci\u00f3n Ambiental subraya la importancia de realizar acciones en pro de la conservaci\u00f3n del medio ambiente. Adem\u00e1s, cuenta con un sistema de transporte llamado Zoobus donde podr\u00e1s disfrutar de un recorrido guiado, transformando la visita al zool\u00f3gico en un paseo cultural y educativo; Tienda de Recuerdos donde encontrar\u00e1s una gran variedad de art\u00edculos y \u00c1rea de Snack.<\/p>\n<p style=\"text-align: justify;\">Tamat\u00e1n, es el primer zool\u00f3gico de la Rep\u00fablica Mexicana que en colaboraci\u00f3n con el Sistema DIF Tamaulipas involucra a las personas de la tercera edad, quienes fungen como gu\u00edas dentro de la instituci\u00f3n. Los \u201cZooabuelos\u201d explican detalladamente a nuestros visitantes algunas caracter\u00edsticas de las especies que aqu\u00ed se encuentran.<\/p>\n<p style=\"text-align: justify;\">Para que la reproducci\u00f3n de especies se lleve de manera adecuada, es necesario que los animales se encuentren en excelente estado de salud, por ello Tamat\u00e1n cuenta con un hospital para la atenci\u00f3n y cuidado de los animales, con personal capacitado, adem\u00e1s, con un \u00e1rea de exploraci\u00f3n, rayos x, quir\u00f3fano, laboratorio para an\u00e1lisis cl\u00ednicos, hospitalizaci\u00f3n, recuperaci\u00f3n, crianza artificial y farmacia.<\/p>\n<p style=\"text-align: justify;\">Dentro de Tamat\u00e1n se han logrado reproducir diferentes especies tales como: Llama, Pavo Real, Ant\u00edlope Nilgo, Lemur Cola Anillada, Venado Axis, Paloma Victoria, Carabao, Lori Arcoiris, Jaguar, Ant\u00edlope de Cuello Negro, Jirafa, Em\u00fa, Avestruces, osos negros americanos, entre otras.<\/p>\n<p style=\"text-align: justify;\">El Zool\u00f3gico Tamat\u00e1n, es miembro de la Asociaci\u00f3n de Zool\u00f3gicos, Criaderos y Acuarios de M\u00e9xico y anualmente, ofrece diversi\u00f3n, esparcimiento y convivencia familiar a todos los tamaulipecos.<\/p>\n<div class=\"panel-group\" id=\"custom-collapse-0\">\n<div class=\"panel panel-default\">\n\t\t\t\t<div class=\"panel-heading\">\n\t\t\t\t\t<h4 class=\"panel-title\">\n\t\t\t\t\t\t<a class=\"\" data-toggle=\"collapse\" data-parent=\"#custom-collapse-0\" href=\"#custom-collapse-0-0\">Aviario<\/a>\n\t\t\t\t\t<\/h4>\n\t\t\t\t<\/div>\n\t\t\t\t<div id=\"custom-collapse-0-0\" class=\"panel-collapse in\">\n\t\t\t\t\t<div class=\"panel-body\">\n<p>Espacio \u00fanico y especial donde estar\u00e1s en contacto directo con diversas aves que volaran a tu alrededor, observar\u00e1s plumajes ex\u00f3ticos y coloridos, as\u00ed como sonidos muy peculiares.<\/p>\n<\/div>\n\t\t\t\t<\/div>\n\t\t\t<\/div>\n<div class=\"panel panel-default\">\n\t\t\t\t<div class=\"panel-heading\">\n\t\t\t\t\t<h4 class=\"panel-title\">\n\t\t\t\t\t\t<a class=\"collapsed\" data-toggle=\"collapse\" data-parent=\"#custom-collapse-0\" href=\"#custom-collapse-0-1\">Zool\u00f3gico infantil<\/a>\n\t\t\t\t\t<\/h4>\n\t\t\t\t<\/div>\n\t\t\t\t<div id=\"custom-collapse-0-1\" class=\"panel-collapse collapse\">\n\t\t\t\t\t<div class=\"panel-body\">\n<p>Espacio para realizar actividades educativas enfocadas a la conservaci\u00f3n, cuenta con una plazoleta y palapa con elementos interactivos en el que se imparten pl\u00e1ticas educativas, un \u00e1rea de peque\u00f1os mam\u00edferos, as\u00ed como un corral de contacto que permite a los ni\u00f1os interactuar con animales de granja.<\/p>\n<\/div>\n\t\t\t\t<\/div>\n\t\t\t<\/div>\n<div class=\"panel panel-default\">\n\t\t\t\t<div class=\"panel-heading\">\n\t\t\t\t\t<h4 class=\"panel-title\">\n\t\t\t\t\t\t<a class=\"collapsed\" data-toggle=\"collapse\" data-parent=\"#custom-collapse-0\" href=\"#custom-collapse-0-2\">Animales azoombrosos<\/a>\n\t\t\t\t\t<\/h4>\n\t\t\t\t<\/div>\n\t\t\t\t<div id=\"custom-collapse-0-2\" class=\"panel-collapse collapse\">\n\t\t\t\t\t<div class=\"panel-body\">\n<p>Espacio donde descubrir\u00e1n y podr\u00e1n ver de cerca especies poco comunes y de menor tama\u00f1o como reptiles, anfibios e insectos.<\/p>\n<\/div>\n\t\t\t\t<\/div>\n\t\t\t<\/div>\n<\/div>\n<p><strong>Ubicaci\u00f3n:<\/strong><\/p>\n<p>Calzada General Luis Caballero S\/N Colonia Tamat\u00e1n, Ciudad Victoria, Tamaulipas, M\u00e9xico.<\/p>\n<p><strong>Horarios:<\/strong><\/p>\n<p>Martes a Domingo de 10:00 a 17:00 hrs.<\/p>\n<p><strong>Costos:<\/strong><\/p>\n<ul>\n<li>Adultos, 12 a\u00f1os en adelante: $45.00<\/li>\n<li>Ni\u00f1os de 3 a 11 a\u00f1os: $35.00<\/li>\n<li>Adulto mayor con credencial de INAPAM: $35.00<\/li>\n<\/ul>\n<p>Personas con discapacidad entran gratis.<\/p>\n<p><strong>Redes sociales:<\/strong><\/p>\n<div class=\"row\">\n<div class=\"col-md-4\">\n<a href=\"https:\/\/www.facebook.com\/zoologico.tamatan\/\" class=\"btn btn-primary btn-sm\" target=\"_blank\">\u00a0<i class=\"fa fa-facebook-square fa-lg\"><\/i>\u00a0 Zool\u00f3gico Tamat\u00e1n <\/a>\n<\/div>\n<div class=\"col-md-4\">\n<a href=\"https:\/\/twitter.com\/zootamatan\/\" class=\"btn btn-primary btn-sm\" target=\"_blank\"> <i class=\"fa fa-faXTwitter\"><\/i>\u00a0 Zool\u00f3gico Tamat\u00e1n <\/a>\n<\/div>\n<\/div>\n","protected":false},"excerpt":{"rendered":"<p>El Zool\u00f3gico Tamat\u00e1n es un gran espacio para la integraci\u00f3n familiar, el esparcimiento, la educaci\u00f3n, la investigaci\u00f3n, y el fortalecimiento de una cultura a favor\u2026<\/p>\n","protected":false},"author":1,"featured_media":0,"parent":168,"menu_order":0,"comment_status":"closed","ping_status":"closed","template":"","meta":{"footnotes":""},"class_list":["post-181","page","type-page","status-publish","hentry"],"publishpress_future_action":{"enabled":false,"date":"2026-04-21 21:26:31","action":"change-status","newStatus":"draft","terms":[],"taxonomy":""},"_links":{"self":[{"href":"https:\/\/www.tamaulipas.gob.mx\/parquesybiodiversidad\/wp-json\/wp\/v2\/pages\/181"}],"collection":[{"href":"https:\/\/www.tamaulipas.gob.mx\/parquesybiodiversidad\/wp-json\/wp\/v2\/pages"}],"about":[{"href":"https:\/\/www.tamaulipas.gob.mx\/parquesybiodiversidad\/wp-json\/wp\/v2\/types\/page"}],"author":[{"embeddable":true,"href":"https:\/\/www.tamaulipas.gob.mx\/parquesybiodiversidad\/wp-json\/wp\/v2\/users\/1"}],"replies":[{"embeddable":true,"href":"https:\/\/www.tamaulipas.gob.mx\/parquesybiodiversidad\/wp-json\/wp\/v2\/comments?post=181"}],"version-history":[{"count":26,"href":"https:\/\/www.tamaulipas.gob.mx\/parquesybiodiversidad\/wp-json\/wp\/v2\/pages\/181\/revisions"}],"predecessor-version":[{"id":4263,"href":"https:\/\/www.tamaulipas.gob.mx\/parquesybiodiversidad\/wp-json\/wp\/v2\/pages\/181\/revisions\/4263"}],"up":[{"embeddable":true,"href":"https:\/\/www.tamaulipas.gob.mx\/parquesybiodiversidad\/wp-json\/wp\/v2\/pages\/168"}],"wp:attachment":[{"href":"https:\/\/www.tamaulipas.gob.mx\/parquesybiodiversidad\/wp-json\/wp\/v2\/media?parent=181"}],"curies":[{"name":"wp","href":"https:\/\/api.w.org\/{rel}","templated":true}]}}