{"id":1715,"date":"2023-07-19T12:16:57","date_gmt":"2023-07-19T18:16:57","guid":{"rendered":"https:\/\/www.tamaulipas.gob.mx\/parquesybiodiversidad\/?page_id=1715"},"modified":"2026-03-20T17:31:32","modified_gmt":"2026-03-20T23:31:32","slug":"fiestas-infantiles","status":"publish","type":"page","link":"https:\/\/www.tamaulipas.gob.mx\/parquesybiodiversidad\/fiestas-infantiles\/","title":{"rendered":"Fiestas infantiles"},"content":{"rendered":"<p><img loading=\"lazy\" decoding=\"async\" class=\"alignnone size-full wp-image-4214\" src=\"http:\/\/www.tamaulipas.gob.mx\/parquesybiodiversidad\/wp-content\/uploads\/sites\/44\/2026\/02\/poster-fiestas-26-02.png\" alt=\"\" width=\"776\" height=\"1200\" \/><\/p>\n<table style=\"height: 962px; width: 100%; border-collapse: collapse; background-color: #ddc9a3;\" border=\"0\" cellspacing=\"10\" cellpadding=\"0\">\n<tbody>\n<tr style=\"height: 476px;\">\n<td style=\"width: 0.494805%; padding-left: 40px; height: 476px;\" colspan=\"2\">\n<h1 dir=\"ltr\"><\/h1>\n<h1 dir=\"ltr\" style=\"text-align: center; padding-left: 40px;\">Paquete N\u00b0 1<\/h1>\n<p><span style=\"font-size: 20px;\"><strong>Sal\u00f3n:<\/strong><\/span> El sal\u00f3n de fiestas del Zool\u00f3gico Tamat\u00e1n es un espacio cerrado que cuenta con un escenario, lugar para mesas y sillas para tus invitados, \u00e1rea de pi\u00f1ata, clima controlado y capacidad para 200 invitados. \u00a1Es el lugar perfecto para celebrar tu evento especial rodeado de la naturaleza y la vida silvestre!<\/p>\n<p><strong><span style=\"font-size: 20px;\">Sonido:<\/span><\/strong> En tu fiesta, podr\u00e1s disfrutar de un ambiente musical incre\u00edble gracias a nuestro servicio de sonido. Adem\u00e1s, contamos con micr\u00f3fonos para tus anuncios y presentaciones. \u00a1No te preocupes por la m\u00fasica, ya que en toda la fiesta habr\u00e1 un fondo musical que har\u00e1 que todos se diviertan al m\u00e1ximo!<\/p>\n<p><span style=\"font-size: 20px;\"><strong>Platica educativa:<\/strong><\/span> El Departamento de Educaci\u00f3n Ambiental y el Zool\u00f3gico Infantil llevar\u00e1n a cabo una pl\u00e1tica educativa en la que se presentar\u00e1n 5 especies diferentes entre aves, reptiles y peque\u00f1os mam\u00edferos. Durante la pl\u00e1tica, los invitados (ni\u00f1os y adultos) tendr\u00e1n la oportunidad de interactuar con las especies y hacer preguntas sobre ellas. Al final de la pl\u00e1tica, los invitados podr\u00e1n tocar o cargar las especies, siguiendo las instrucciones del personal, y tomar fotos con ellas sin usar el flash. \u00a1Es una gran oportunidad para aprender y divertirse al mismo tiempo!<\/p>\n<p style=\"text-align: center;\"><strong>Costo de martes a jueves: $4500.00<\/strong><\/p>\n<p style=\"text-align: center;\"><strong>viernes, s\u00e1bado y domingo: $5100.00<\/strong><\/p>\n<ul>\n<li>Paquete valido para 40 invitados<\/li>\n<li>Invitado Extra: $60.00<\/li>\n<li>Ingreso de brincol\u00edn: $200.00<\/li>\n<li>No incluye alimentos<\/li>\n<li>4 horas de servicio<\/li>\n<\/ul>\n<\/td>\n<\/tr>\n<tr style=\"height: 390px;\">\n<td style=\"height: 390px; width: 0.494805%;\" colspan=\"2\">\n<h1 dir=\"ltr\" style=\"text-align: center;\">Paquete N\u00b02<\/h1>\n<p style=\"padding-left: 40px;\"><span style=\"font-size: 20px;\"><strong>Sal\u00f3n<\/strong><\/span><\/p>\n<p style=\"padding-left: 40px;\"><span style=\"font-size: 20px;\"><strong>Sonido<\/strong><\/span><\/p>\n<p style=\"padding-left: 40px;\"><span style=\"font-size: 20px;\"><strong>Platica educativa<\/strong><\/span><\/p>\n<p style=\"padding-left: 40px;\"><strong><span style=\"font-size: 20px;\">Mobiliario:<\/span><\/strong> Para tu fiesta, contamos con mesas para adultos con 10 sillas, mesas para ni\u00f1os con 10 sillas, y 2 mesas rectangulares. Adem\u00e1s, ofrecemos manteler\u00eda con el color que t\u00fa elijas para que puedas personalizar tu evento a tu gusto. \u00a1No te preocupes por el mobiliario, nosotros nos encargamos de todo para que t\u00fa solo te dediques a disfrutar de tu fiesta!<\/p>\n<p style=\"padding-left: 40px;\"><span style=\"font-size: 20px;\"><strong>Zoofantasticas (15):<\/strong><\/span> Para los ni\u00f1os, ofrecemos viseras de foami con dise\u00f1os de animalitos. Tenemos una variedad de especies entre las que puedes elegir seg\u00fan tu gusto. \u00a1Los ni\u00f1os se divertir\u00e1n mucho con estas viseras \u00fanicas y originales!<\/p>\n<p style=\"text-align: center;\"><strong>Costo de martes a jueves: $6000.00 <\/strong><\/p>\n<p style=\"text-align: center;\"><strong>viernes s\u00e1bado y domingo: $6600.00<\/strong><\/p>\n<ul>\n<li style=\"list-style-type: none;\">\n<ul style=\"list-style-type: disc;\">\n<li>Paquete valido para 40 invitados<\/li>\n<li>Invitado Extra: $85.00<\/li>\n<li>Ingreso de brincol\u00edn: $200.00<\/li>\n<li>No incluye alimentos<\/li>\n<li>4 horas de servicio<\/li>\n<\/ul>\n<\/li>\n<\/ul>\n<p style=\"text-align: center;\">\n<\/td>\n<\/tr>\n<\/tbody>\n<\/table>\n<table style=\"border-collapse: collapse; width: 100%; height: 992px;\">\n<tbody>\n<tr style=\"height: 179px;\">\n<td style=\"width: 31.1142%; height: 179px;\">\n<h2 style=\"text-align: center;\">Comida<\/h2>\n<p dir=\"ltr\" style=\"text-align: justify;\">En tu fiesta, tienes la libertad de llevar la comida que desees. Adem\u00e1s, puedes agregar carritos de comida como hot dog, nachos, palomitas, elotes, raspados, mesas de snack, mesas de botanas, y mucho m\u00e1s.<\/p>\n<p>\u00a1La elecci\u00f3n es tuya!<\/td>\n<\/tr>\n<tr style=\"height: 145px;\">\n<td style=\"width: 31.1142%; text-align: center; height: 145px;\">\n<h3>Show infantil<\/h3>\n<p dir=\"ltr\" style=\"text-align: justify;\">Contrata un show infantil con mu\u00f1equitas y ll\u00e9valo a tu fiesta. Ofrecemos un escenario para concursos y espect\u00e1culos en tu evento.<\/p>\n<p>\u00a1Haz que tu fiesta sea inolvidable!<\/td>\n<\/tr>\n<tr style=\"height: 169px;\">\n<td style=\"width: 31.1142%; text-align: center; height: 169px;\">\n<h3>Brincol\u00edn<\/h3>\n<p dir=\"ltr\" style=\"text-align: justify;\">En tu fiesta, puedes llevar un brincol\u00edn. Contamos con suficiente espacio para ellos. Puedes contratar el que m\u00e1s te guste. El costo de ingreso es de $200.00.<\/p>\n<p dir=\"ltr\">\n<\/td>\n<\/tr>\n<tr style=\"height: 145px;\">\n<td style=\"width: 31.1142%; text-align: center; height: 145px;\">\n<h3>Pi\u00f1ata<\/h3>\n<p dir=\"ltr\" style=\"text-align: justify;\">En nuestro sal\u00f3n, no tienes que preocuparte por el espacio para tu pi\u00f1ata. Contamos con un \u00e1rea espec\u00edfica para que disfrutes con tus invitados.<\/p>\n<p dir=\"ltr\">\n<\/td>\n<\/tr>\n<tr style=\"height: 169px;\">\n<td style=\"width: 31.1142%; text-align: center; height: 169px;\">\n<h3>Decoraciones<\/h3>\n<p dir=\"ltr\" style=\"text-align: justify;\">Decora tu fiesta con un buen arreglo de globos que siga la tem\u00e1tica de tu evento. Es una forma muy bonita de a\u00f1adir un toque especial a tu fiesta y tus invitados lo apreciar\u00e1n. Si necesitas inspiraci\u00f3n, puedes revisar las fotograf\u00edas de las decoraciones para obtener ideas.<\/p>\n<p dir=\"ltr\">\n<\/td>\n<\/tr>\n<tr style=\"height: 185px;\">\n<td style=\"width: 31.1142%; text-align: center; height: 185px;\">\n<h3>Invitados extras<\/h3>\n<p dir=\"ltr\" style=\"text-align: justify;\">Ambos paquetes est\u00e1n dise\u00f1ados para 40 invitados. Si deseas incrementar el n\u00famero de invitados, el costo depender\u00e1 del paquete que elijas.<\/p>\n<p dir=\"ltr\" style=\"text-align: justify;\">Paquete N\u00b01 el costo por ni\u00f1o o adulto: $60.00<\/p>\n<p style=\"text-align: justify;\">Paquete N\u00b02 el costo por ni\u00f1o o adulto: $85.00<\/p>\n<\/td>\n<\/tr>\n<\/tbody>\n<\/table>\n<table style=\"width: 100%; border-collapse: collapse;\" cellpadding=\"10\">\n<tbody>\n<tr>\n<td style=\"width: 0.944287%;\" colspan=\"2\">\n<div>\n<h1 dir=\"ltr\" style=\"text-align: center;\">Reglamento del sal\u00f3n<\/h1>\n<\/div>\n<div>\n<ul>\n<li dir=\"ltr\">\n<p dir=\"ltr\" role=\"presentation\">No se permite introducir bebidas alcoh\u00f3licas<\/p>\n<\/li>\n<li dir=\"ltr\">\n<p dir=\"ltr\" role=\"presentation\">No se podr\u00e1 pegar, taladrar y\/o hacer perforaciones en las paredes o techo para ning\u00fan tipo de decoraci\u00f3n, solamente se podr\u00e1n utilizar los lugares se\u00f1alados por el sal\u00f3n de fiestas<\/p>\n<\/li>\n<li dir=\"ltr\">\n<p dir=\"ltr\" role=\"presentation\">Respetar el horario establecido y acordado en el contrato.<\/p>\n<\/li>\n<li dir=\"ltr\">\n<p dir=\"ltr\" role=\"presentation\">En caso de requerir un servicio externo (renta de sillas y mesas, arreglos de globos, etc), notificar previamente al sal\u00f3n y retirar los mismos al finalizar el evento o al siguiente d\u00eda antes de las 11 am.<\/p>\n<\/li>\n<li dir=\"ltr\">\n<p dir=\"ltr\" role=\"presentation\">No nos hacemos responsables por objetos olvidados.<\/p>\n<\/li>\n<li dir=\"ltr\">\n<p dir=\"ltr\" role=\"presentation\">Solo se podr\u00e1 cambiar la fecha del evento con un mes de anticipaci\u00f3n siempre y cuando la nueva fecha est\u00e9 disponible y sea en el mismo a\u00f1o que se solicit\u00f3 la anterior.<\/p>\n<\/li>\n<li dir=\"ltr\">\n<p dir=\"ltr\" role=\"presentation\">Depositar la basura en su lugar.<\/p>\n<\/li>\n<li dir=\"ltr\">\n<p dir=\"ltr\" role=\"presentation\">No se permite extraer al \u00e1rea com\u00fan, globos, arreglos, ni pi\u00f1ata.<\/p>\n<\/li>\n<li dir=\"ltr\">No se permite introducir mascotas.<\/li>\n<\/ul>\n<\/div>\n<\/td>\n<\/tr>\n<\/tbody>\n<\/table>\n<table style=\"border-collapse: collapse; width: 100%; height: 24px;\">\n<tbody>\n<tr style=\"height: 24px;\">\n<td style=\"width: 0.944287%; height: 24px;\" colspan=\"2\">\n<h3 dir=\"ltr\" style=\"text-align: center;\">\u00bfYa tienes fecha para tu<\/h3>\n<h3 dir=\"ltr\" style=\"text-align: center;\">Fiesta Infantil?<\/h3>\n<p dir=\"ltr\" style=\"text-align: center;\">Para consultar la disponibilidad de fechas para tu fiesta infantil, por favor comun\u00edcate con nosotros a trav\u00e9s de WhatsApp al 834 267 0435.<\/p>\n<p dir=\"ltr\" style=\"text-align: center;\">Con gusto te ayudaremos a verificar la agenda y asegurar la fecha solicitada para tu evento.<\/p>\n<p style=\"text-align: center;\">\u00a1No esperes m\u00e1s para planear la fiesta perfecta para tus peque\u00f1os!<\/p>\n<p><iframe loading=\"lazy\" style=\"border-color: #777777;\" src=\"https:\/\/calendar.google.com\/calendar\/embed?height=600&amp;wkst=1&amp;bgcolor=%23ffffff&amp;ctz=America%2FMonterrey&amp;src=Y18zYmI4ZGViYjIzOTBjYzJkMDk4NWRmZjAyYzNiZDBmNjAwM2QxZDkxOTIwMzA3YjMwMGI3NTMwM2Y0Y2RiMWI0QGdyb3VwLmNhbGVuZGFyLmdvb2dsZS5jb20&amp;color=%23B39DDB\" width=\"800\" height=\"600\" frameborder=\"0\" scrolling=\"no\" data-mce-fragment=\"1\"><\/iframe><\/p>\n<h1 dir=\"ltr\" style=\"text-align: center;\"><a href=\"http:\/\/\u00a1No te quedes sin tu fiesta!!!\">Solicita t\u00fa cotizaci\u00f3n aqu\u00ed<\/a><\/h1>\n<\/td>\n<\/tr>\n<\/tbody>\n<\/table>\n<h1 dir=\"ltr\" style=\"text-align: center;\">\u00a1No te quedes sin tu fiesta!!!<\/h1>\n<p dir=\"ltr\" style=\"text-align: center;\">No lo pienses m\u00e1s, solicita informes por<\/p>\n<p dir=\"ltr\" style=\"text-align: center;\">WhatsApp al: <strong>834 267 0435<\/strong><\/p>\n<p dir=\"ltr\" style=\"text-align: center;\">y con gusto te atenderemos.<\/p>\n<p>&nbsp;<\/p>\n<p>&nbsp;<\/p>\n","protected":false},"excerpt":{"rendered":"<p>Paquete N\u00b0 1 Sal\u00f3n: El sal\u00f3n de fiestas del Zool\u00f3gico Tamat\u00e1n es un espacio cerrado que cuenta con un escenario, lugar para mesas y sillas\u2026<\/p>\n","protected":false},"author":321,"featured_media":0,"parent":0,"menu_order":0,"comment_status":"closed","ping_status":"closed","template":"","meta":{"footnotes":""},"class_list":["post-1715","page","type-page","status-publish","hentry"],"publishpress_future_action":{"enabled":false,"date":"2026-04-21 23:19:21","action":"change-status","newStatus":"draft","terms":[],"taxonomy":""},"_links":{"self":[{"href":"https:\/\/www.tamaulipas.gob.mx\/parquesybiodiversidad\/wp-json\/wp\/v2\/pages\/1715"}],"collection":[{"href":"https:\/\/www.tamaulipas.gob.mx\/parquesybiodiversidad\/wp-json\/wp\/v2\/pages"}],"about":[{"href":"https:\/\/www.tamaulipas.gob.mx\/parquesybiodiversidad\/wp-json\/wp\/v2\/types\/page"}],"author":[{"embeddable":true,"href":"https:\/\/www.tamaulipas.gob.mx\/parquesybiodiversidad\/wp-json\/wp\/v2\/users\/321"}],"replies":[{"embeddable":true,"href":"https:\/\/www.tamaulipas.gob.mx\/parquesybiodiversidad\/wp-json\/wp\/v2\/comments?post=1715"}],"version-history":[{"count":9,"href":"https:\/\/www.tamaulipas.gob.mx\/parquesybiodiversidad\/wp-json\/wp\/v2\/pages\/1715\/revisions"}],"predecessor-version":[{"id":4288,"href":"https:\/\/www.tamaulipas.gob.mx\/parquesybiodiversidad\/wp-json\/wp\/v2\/pages\/1715\/revisions\/4288"}],"wp:attachment":[{"href":"https:\/\/www.tamaulipas.gob.mx\/parquesybiodiversidad\/wp-json\/wp\/v2\/media?parent=1715"}],"curies":[{"name":"wp","href":"https:\/\/api.w.org\/{rel}","templated":true}]}}