{"id":6122,"date":"2021-06-01T12:26:19","date_gmt":"2021-06-01T17:26:19","guid":{"rendered":"https:\/\/www.tamaulipas.gob.mx\/obraspublicas\/?page_id=6122"},"modified":"2023-07-14T11:25:58","modified_gmt":"2023-07-14T17:25:58","slug":"mision-y-vision","status":"publish","type":"page","link":"https:\/\/www.tamaulipas.gob.mx\/obraspublicas\/mision-y-vision\/","title":{"rendered":"Misi\u00f3n y Visi\u00f3n"},"content":{"rendered":"<p><strong><span style=\"color: #ffffff; background-color: #993300;\">\u00a0 \u00a0Misi\u00f3n\u00a0 \u00a0<\/span><\/strong><\/p>\n<p><span style=\"font-weight: 400; color: #808080;\">Planificar, proyectar, licitar, construir, supervisar y conservar la obra p\u00fablica de Tamaulipas, a trav\u00e9s de la gesti\u00f3n y formulaci\u00f3n de proyectos de infraestructura que, dentro del marco normativo, aseguren obras oportunas y de calidad que coadyuven al desarrollo social, el progreso sostenible y proporcionen bienestar para las y los tamaulipecos.<\/span><\/p>\n<p><span style=\"color: #ffffff; background-color: #993300;\"><strong>\u00a0 \u00a0Visi\u00f3n\u00a0 \u00a0<\/strong><\/span><\/p>\n<p><span style=\"font-weight: 400; color: #808080;\">Ser una dependencia que ponga al estado de Tamaulipas como ejemplo nacional en el desarrollo de infraestructuras fiables, sostenibles y de calidad, as\u00ed como en la ejecuci\u00f3n de obras y la atenci\u00f3n oportuna a la demanda de la ciudadan\u00eda, que busque siempre el bienestar para todas y todos los tamaulipecos.<\/span><\/p>\n<p><span style=\"color: #ffffff; background-color: #993300;\"><strong>\u00a0 \u00a0Objetivos\u00a0 \u00a0<\/strong><\/span><\/p>\n<ol>\n<li><span style=\"font-weight: 400; color: #808080;\">Promover la infraestructura de obras p\u00fablicas que propicie mejores condiciones para la expansi\u00f3n econ\u00f3mica y que aliente inversiones.<\/span><\/li>\n<li><span style=\"font-weight: 400; color: #808080;\">Establecer estrecha colaboraci\u00f3n con instancias federales y municipales, con el fin de formular proyectos de calidad, que den como resultado el bienestar de la ciudadan\u00eda tamaulipeca, asegurando procesos claros y transparentes en las licitaciones p\u00fablicas.<\/span><\/li>\n<li><span style=\"font-weight: 400; color: #808080;\">Incluir componentes fundamentales de imagen urbana y dise\u00f1o arquitect\u00f3nico o contempor\u00e1neo que aporten est\u00e9tica y funcionalidad a las obras.<\/span><\/li>\n<li><span style=\"font-weight: 400; color: #808080;\">Promover la ejecuci\u00f3n de obras de mejoramiento vehicular urbano y de zonas de esparcimiento que permitan la modernizaci\u00f3n de las localidades para bienestar de las y los tamaulipecos.<\/span><\/li>\n<li><span style=\"font-weight: 400; color: #808080;\">Desarrollar e implementar instrumentos de planeaci\u00f3n que permitan controlar de manera efectiva los procesos que se realizan en la Secretar\u00eda.<\/span><\/li>\n<\/ol>\n<p><span style=\"background-color: #993300; color: #ffffff;\"><strong>\u00a0 \u00a0Metas Institucionales\u00a0 \u00a0<\/strong><\/span><\/p>\n<ul>\n<li style=\"font-weight: 400;\" aria-level=\"1\"><span style=\"font-weight: 400; color: #808080;\">Revisar la infraestructura de puentes, puertos y aeropuertos, as\u00ed como a la red carretera del estado para otorgar mantenimiento, construcci\u00f3n, reconstrucci\u00f3n y conservaci\u00f3n, para coadyuvar a elevar el bienestar de la ciudadan\u00eda.<\/span><\/li>\n<li style=\"font-weight: 400;\" aria-level=\"1\"><span style=\"font-weight: 400; color: #808080;\">Elaborar y ejecutar los programas de construcci\u00f3n y conservaci\u00f3n de las obras de infraestructura carretera y mejora de los cruces internacionales.<\/span><\/li>\n<li style=\"font-weight: 400;\" aria-level=\"1\"><span style=\"font-weight: 400; color: #808080;\">Determinar el m\u00e9todo m\u00e1s eficiente y costo efectivo para la correcta integraci\u00f3n de los expedientes t\u00e9cnicos, en cumplimiento de la Ley de Obras P\u00fablicas y Servicios Relacionados con las Mismas.<\/span><\/li>\n<li style=\"font-weight: 400;\" aria-level=\"1\"><span style=\"font-weight: 400; color: #808080;\">Promover el mantenimiento, rehabilitaci\u00f3n y construcci\u00f3n de la red carretera estatal y federal, para un tr\u00e1nsito vehicular \u00e1gil y seguro en la entidad.<\/span><\/li>\n<li style=\"font-weight: 400;\" aria-level=\"1\"><span style=\"font-weight: 400; color: #808080;\">Coadyuvar en el mejoramiento y rehabilitaci\u00f3n de la infraestructura de obra p\u00fablica como medio para la reconstrucci\u00f3n del tejido social.\u00a0<\/span><\/li>\n<li style=\"font-weight: 400;\" aria-level=\"1\"><span style=\"font-weight: 400; color: #808080;\">Realizar estudios sobre disposiciones legales y administrativas relativas a las etapas que integran la obra p\u00fablica.<\/span><\/li>\n<li style=\"font-weight: 400;\" aria-level=\"1\"><span style=\"font-weight: 400; color: #808080;\">Proponer reformas a las disposiciones legales y administrativas relacionadas con la planeaci\u00f3n, programaci\u00f3n, presupuestaci\u00f3n, ejecuci\u00f3n y control de la obra p\u00fablica, as\u00ed como vigilar su cumplimiento.<\/span><\/li>\n<li style=\"font-weight: 400;\" aria-level=\"1\"><span style=\"color: #808080;\"><span style=\"font-weight: 400;\">Asesorar y apoyar t\u00e9cnica y administrativamente a los Ayuntamientos y organismos, cuando lo requieran en la realizaci\u00f3n de sus planes y programas de obra p\u00fablica.<\/span><span style=\"font-weight: 400;\">\u00a0<\/span><\/span><\/li>\n<\/ul>\n","protected":false},"excerpt":{"rendered":"<p>\u00a0 \u00a0Misi\u00f3n\u00a0 \u00a0 Planificar, proyectar, licitar, construir, supervisar y conservar la obra p\u00fablica de Tamaulipas, a trav\u00e9s de la gesti\u00f3n y formulaci\u00f3n de proyectos de\u2026<\/p>\n","protected":false},"author":77,"featured_media":0,"parent":0,"menu_order":0,"comment_status":"closed","ping_status":"closed","template":"","meta":{"footnotes":""},"class_list":["post-6122","page","type-page","status-publish","hentry"],"publishpress_future_action":{"enabled":false,"date":"2026-05-15 11:43:43","action":"change-status","newStatus":"draft","terms":[],"taxonomy":""},"_links":{"self":[{"href":"https:\/\/www.tamaulipas.gob.mx\/obraspublicas\/wp-json\/wp\/v2\/pages\/6122"}],"collection":[{"href":"https:\/\/www.tamaulipas.gob.mx\/obraspublicas\/wp-json\/wp\/v2\/pages"}],"about":[{"href":"https:\/\/www.tamaulipas.gob.mx\/obraspublicas\/wp-json\/wp\/v2\/types\/page"}],"author":[{"embeddable":true,"href":"https:\/\/www.tamaulipas.gob.mx\/obraspublicas\/wp-json\/wp\/v2\/users\/77"}],"replies":[{"embeddable":true,"href":"https:\/\/www.tamaulipas.gob.mx\/obraspublicas\/wp-json\/wp\/v2\/comments?post=6122"}],"version-history":[{"count":7,"href":"https:\/\/www.tamaulipas.gob.mx\/obraspublicas\/wp-json\/wp\/v2\/pages\/6122\/revisions"}],"predecessor-version":[{"id":9047,"href":"https:\/\/www.tamaulipas.gob.mx\/obraspublicas\/wp-json\/wp\/v2\/pages\/6122\/revisions\/9047"}],"wp:attachment":[{"href":"https:\/\/www.tamaulipas.gob.mx\/obraspublicas\/wp-json\/wp\/v2\/media?parent=6122"}],"curies":[{"name":"wp","href":"https:\/\/api.w.org\/{rel}","templated":true}]}}