{"id":5534,"date":"2020-11-10T12:30:52","date_gmt":"2020-11-10T18:30:52","guid":{"rendered":"https:\/\/www.tamaulipas.gob.mx\/obraspublicas\/?page_id=5534"},"modified":"2022-11-18T11:05:37","modified_gmt":"2022-11-18T17:05:37","slug":"licitacion-lpe-itife-n021-2020","status":"publish","type":"page","link":"https:\/\/www.tamaulipas.gob.mx\/obraspublicas\/licitaciones-concluidas\/licitacion-lpe-itife-n021-2020\/","title":{"rendered":"Licitaci\u00f3n LPE-ITIFE-N021-2020"},"content":{"rendered":"<hr \/>\n<p>Las obras est\u00e1n ubicadas en los municipios del <strong>Estado de Tamaulipas.<\/strong><\/p>\n<p style=\"text-align: justify\">Se convoca a los interesados en participar en la Licitaci\u00f3n de car\u00e1cter Nacional para la contrataci\u00f3n de <strong>LPE-ITIFE-N021-2020 <\/strong>para la contrataci\u00f3n relativa a <strong>\u201cCONSTRUCCI\u00d3N Y REHABILITACI\u00d3N EN: PRIM. MIGUEL HIDALGO Y COSTILLA (28DPR1420T); TV. SEC. FRANCISCO GONZALEZ BOCANEGRA (28DTV0048V) EN GUEMEZ; J. DE N. GUADALUPE VICTORIA (28DJN0230E) EN HIDALGO; J. DE N. MARTIRES DE GARZA VALDEZ (28DJN0796I); J. DE N. ALICIA FERNANDEZ GONZALEZ (28DJN0437W) EN PADILLA; PRIM. IGNACIO JOSE ALLENDE (28DPR2149H); J. DE N. BERTHA SIERRA BUSTAMANTE (28DJN0995H) EN VICTORIA; TV. SEC. HIMNO NACIONAL (28DTV0135Q) EN SOTO LA MARINA; PRIM. VICTORIA (28DPR1150Q); J. DE N. ANTONIA G. DE HORCACITAS (28DJN0016N); SEC. TEC. N\u00b0 90 EUGENIO HERNANDEZ BALBOA (28DST0090X); PRIM. JOSE VILLARREAL TELLO (28DPR0712A); SEC. GRAL. N\u00b0 1, ADOLFO RUIZ CORTINEZ (28DES0007P); SEC. GRAL. CLUB ROTARIO TAMAHOLIPA (28DES0114Y); PRIM. LA CORREGIDORA (28DPR1173A) EN VICTORIA; J. DE N. TERESITA TREVI\u00d1O (28DJN0026U); PRIM. DR. NORBERTO TREVI\u00d1O ZAPATA (28DPR1045F) EN TULA; J. DE N. EL PIPILA (28DJN0498J); PRIM. JOSE MA MORELOS Y PAVON (28DPR0253F); TV. SEC. PEDRO C. LOPEZ (28DTV0113E); J. DE N. ESTEFANIA CASTA\u00d1EDA (28DJN0088G); J. DE N. FRANCISCO I MADERO (28DJN0734W); PRIM. REVOLUCION (28DPR1288B) EN ANTIGUO MORELOS; PRIM. GUADALUPE VICTORIA (28DPR1785Z) EN NUEVO MORELOS; SEC. TEC. N\u00b0 7, DR. PEDRO MARTINEZ NORIEGA (28DST0007H) EN MANTE; PRIM. PROFR. GASPAR BARRIENTOS (28DPR1085G); SEC. TEC. N\u00b0 25, REVOLUCI\u00d3N AGROPECUARIA EXTENSI\u00d3N (28DST0025X) EN GOMEZ FARIAS; SEC. TEC. N\u00b0 33, RICARDO FLORES MAGON (28DST0033F) EN MANTE; J. DE N. JOSEFA ORTIZ DE DOMINGUEZ (28DJN0703C); PRIM. JUSTO SIERRA (28DPR1226P) EN XICOTENCATL; PRIM. FRANCISCO I MADERO (28DPR1094O); PRIM. SERAPIO ZEPEDA (28DPR1904X); SEC. TEC. N\u00b0 85 AURORA CRUZ DE MORA (28DST0085L) EN ALTAMIRA; PRIM. PROFR. CARLOS RIESTRA RODRIGUEZ (28DPR2273G) EN MADERO; SEC. GRAL. N\u00b0 4, ANDRES ARAUJO ARAUJO (28DES0043U); SEC. GRAL. N\u00b0 5, CAROLINA BALBOA GOJON (28DES0052B) EN TAMPICO, TAM.\u201d<\/strong><\/p>\n<p>Descarga aqu\u00ed la Convocatoria y sus\u00a0Bases:<\/p>\n<ul>\n<li><a href=\"https:\/\/www.tamaulipas.gob.mx\/obraspublicas\/wp-content\/uploads\/sites\/9\/2020\/11\/convest-019-2020-itife.pdf\" target=\"_blank\" rel=\"noopener noreferrer\"><i class=\"fa fa-file-pdf-o\"><\/i> Convocatoria 019<\/a><\/li>\n<li><a href=\"https:\/\/www.tamaulipas.gob.mx\/obraspublicas\/wp-content\/uploads\/sites\/9\/2020\/11\/bases-lpe-n021-20-itife.zip\" target=\"_blank\" rel=\"noopener noreferrer\"><i class=\"fa fa-file-zip-o\"><\/i> Bases para Licitaci\u00f3n N021<\/a><\/li>\n<\/ul>\n<p>Visita y junta de Aclaraciones<\/p>\n<ul>\n<li><a href=\"https:\/\/www.tamaulipas.gob.mx\/obraspublicas\/wp-content\/uploads\/sites\/9\/2020\/11\/oficio-de-aclaraciones_n021-20-itife.pdf\" target=\"_blank\" rel=\"noopener noreferrer\"><i class=\"fa fa-file-pdf-o\"><\/i> Documento de Oficio de Aclaraciones N021<\/a><\/li>\n<li><a href=\"https:\/\/www.tamaulipas.gob.mx\/obraspublicas\/wp-content\/uploads\/sites\/9\/2020\/11\/anexo-de-ofico-de-aclaraciones-n21-20-itife.zip\" target=\"_blank\" rel=\"noopener noreferrer\"><i class=\"fa fa-file-pdf-o\"><\/i> Documento de Anexo de Oficio de Aclaraciones N021<\/a><\/li>\n<li><a href=\"https:\/\/www.tamaulipas.gob.mx\/obraspublicas\/wp-content\/uploads\/sites\/9\/2020\/11\/acta-de-visita-y-junta-de-aclaraciones_n021-20-itife.pdf\" target=\"_blank\" rel=\"noopener noreferrer\"><i class=\"fa fa-file-pdf-o\"><\/i> Documento de Visita y Junta de Aclaraciones N021<\/a><\/li>\n<\/ul>\n<p>Acta de presentaci\u00f3n y apertura de propuestas<\/p>\n<ul>\n<li><a href=\"https:\/\/www.tamaulipas.gob.mx\/obraspublicas\/wp-content\/uploads\/sites\/9\/2020\/11\/acta-de-apertura-de-proposiciones_n021-20-itife.pdf\" target=\"_blank\" rel=\"noopener noreferrer\"><i class=\"fa fa-file-pdf-o\"><\/i> Documento de Acta de presentaci\u00f3n y apertura de propuestas N021<\/a><\/li>\n<\/ul>\n<p>Acta de Fallo<\/p>\n<ul>\n<li><a href=\"https:\/\/www.tamaulipas.gob.mx\/obraspublicas\/wp-content\/uploads\/sites\/9\/2020\/12\/acta-de-fallo-n21-20-itife.pdf\" target=\"_blank\" rel=\"noopener noreferrer\"><i class=\"fa fa-file-pdf-o\"><\/i> Documento de Acta de fallo N021<\/a><\/li>\n<\/ul>\n","protected":false},"excerpt":{"rendered":"<p>Las obras est\u00e1n ubicadas en los municipios del Estado de Tamaulipas. Se convoca a los interesados en participar en la Licitaci\u00f3n de car\u00e1cter Nacional para\u2026<\/p>\n","protected":false},"author":48,"featured_media":0,"parent":8604,"menu_order":0,"comment_status":"closed","ping_status":"closed","template":"","meta":{"footnotes":""},"class_list":["post-5534","page","type-page","status-publish","hentry"],"publishpress_future_action":{"enabled":false,"date":"2026-05-15 12:44:48","action":"change-status","newStatus":"draft","terms":[],"taxonomy":""},"_links":{"self":[{"href":"https:\/\/www.tamaulipas.gob.mx\/obraspublicas\/wp-json\/wp\/v2\/pages\/5534"}],"collection":[{"href":"https:\/\/www.tamaulipas.gob.mx\/obraspublicas\/wp-json\/wp\/v2\/pages"}],"about":[{"href":"https:\/\/www.tamaulipas.gob.mx\/obraspublicas\/wp-json\/wp\/v2\/types\/page"}],"author":[{"embeddable":true,"href":"https:\/\/www.tamaulipas.gob.mx\/obraspublicas\/wp-json\/wp\/v2\/users\/48"}],"replies":[{"embeddable":true,"href":"https:\/\/www.tamaulipas.gob.mx\/obraspublicas\/wp-json\/wp\/v2\/comments?post=5534"}],"version-history":[{"count":5,"href":"https:\/\/www.tamaulipas.gob.mx\/obraspublicas\/wp-json\/wp\/v2\/pages\/5534\/revisions"}],"predecessor-version":[{"id":5639,"href":"https:\/\/www.tamaulipas.gob.mx\/obraspublicas\/wp-json\/wp\/v2\/pages\/5534\/revisions\/5639"}],"up":[{"embeddable":true,"href":"https:\/\/www.tamaulipas.gob.mx\/obraspublicas\/wp-json\/wp\/v2\/pages\/8604"}],"wp:attachment":[{"href":"https:\/\/www.tamaulipas.gob.mx\/obraspublicas\/wp-json\/wp\/v2\/media?parent=5534"}],"curies":[{"name":"wp","href":"https:\/\/api.w.org\/{rel}","templated":true}]}}