{"id":5528,"date":"2020-11-10T12:23:17","date_gmt":"2020-11-10T18:23:17","guid":{"rendered":"https:\/\/www.tamaulipas.gob.mx\/obraspublicas\/?page_id=5528"},"modified":"2022-11-18T11:05:37","modified_gmt":"2022-11-18T17:05:37","slug":"licitacion-lpe-itife-n020-2020","status":"publish","type":"page","link":"https:\/\/www.tamaulipas.gob.mx\/obraspublicas\/licitaciones-concluidas\/licitacion-lpe-itife-n020-2020\/","title":{"rendered":"Licitaci\u00f3n LPE-ITIFE-N020-2020"},"content":{"rendered":"<p>85La obraa est\u00e1n ubicadas en varios municipios del <strong>Estado de Tamaulipas.<\/strong><\/p>\n<p style=\"text-align: justify\">Se convoca a los interesados en participar en la Licitaci\u00f3n de car\u00e1cter Nacional para la contrataci\u00f3n de <strong>LPE-ITIFE-N020-2020 <\/strong>para la contrataci\u00f3n relativa a <strong>\u201cCONSTRUCCI\u00d3N Y REHABILITACI\u00d3N EN PRIM. GONZALEZ BENAVIDES (28DPR0324J) EN GUERRERO; J. DE N. PARQUE INFANTIL (28DJN0271E); PRIM. PROF. SANTOS GUZMAN TREVI\u00d1O (28DPR0694B) EN NUEVO LAREDO; PRIM. 16 DE FEBRERO (28DPR0651D) EN MIGUEL ALEMAN; J. DE N. NUEVA ERA (28DJN0809W); PRIM. LUCIO BLANCO (28DPR2512Q); J. DE N. GRAL. LUCIO BLANCO (28DJN0120Z); J. DE N. CLUB SERTOMA NO. 4 (28DJN0834V); J. DE N. MANUEL CAVAZOS RODRIGUEZ (28DJN0913H); PRIM. PROF. ABDON RODRIGUEZ SANCHEZ (28DPR2251V); PRIM. AMALIA GONZALEZ CABALLERO DE CASTILLO LEDON (28DPR2105K); J. DE N. RAFAEL TIJERINA CARRANZA (28DJN0097O); PRIM. PROF. JESUS DEL ANGEL ACEVEDO RODRIGUEZ (28DPR2438Z) EN NUEVO LAREDO; PRIM. MODELO (28DPR0477N); SEC. GENERAL PROF. ANTONIO MANSILLA PEREZ (28DES0078J) EN MATAMOROS; PRIM. PROF. FRANCISCO NICODEMO (28DPR0915W); PRIM. MIGUEL HIDALGO Y COSTILLA (28DPR1486B) EN SAN FERNANDO; TV. SEC. PROF. CARLOS TREVI\u00d1O (28DTV0292G); PRIM. PROF. GREGORIO TORRES QUINTERO (28DPR0819T); PRIM. PROF. JESUS PELLCASTRE VARGAS (28DPR1708V); PRIM. LAZARO CARDENAS (28DPR0813Z) EN REYNOSA; SEC. T\u00c9CNICA No. 92 RODOLFO TORRE CANTU (28DST0092V) EN RIO BRAVO; PRIM. LIC BENITO JUAREZ (28DPR1093P); J. DE N. ROSALINDA GUERRERO GAMBOA (28DJN0868L) EN VALLE HERMOSO TAM\u201d<\/strong><\/p>\n<p>Descarga aqu\u00ed la Convocatoria y sus\u00a0Bases:<\/p>\n<ul>\n<li><a href=\"https:\/\/www.tamaulipas.gob.mx\/obraspublicas\/wp-content\/uploads\/sites\/9\/2020\/11\/convest-018-2020-itife.pdf\" target=\"_blank\" rel=\"nofollow noopener noreferrer\"><i class=\"fa fa-file-pdf-o\"><\/i> Convocatoria 018<\/a><\/li>\n<li><a href=\"https:\/\/www.tamaulipas.gob.mx\/obraspublicas\/wp-content\/uploads\/sites\/9\/2020\/11\/bases-lpe-n020-20-itife.zip\" target=\"_blank\" rel=\"noopener noreferrer\"><i class=\"fa fa-file-zip-o\"><\/i> Bases para Licitaci\u00f3n N020<\/a><\/li>\n<\/ul>\n<p>Visita y junta de Aclaraciones<\/p>\n<ul>\n<li><a href=\"https:\/\/www.tamaulipas.gob.mx\/obraspublicas\/wp-content\/uploads\/sites\/9\/2020\/11\/oficio-de-aclaraciones_n20-20-itife.pdf\" target=\"_blank\" rel=\"noopener noreferrer\"><i class=\"fa fa-file-pdf-o\"><\/i> Documento de Oficio de Aclaraciones N020<\/a><\/li>\n<li><a href=\"https:\/\/www.tamaulipas.gob.mx\/obraspublicas\/wp-content\/uploads\/sites\/9\/2020\/11\/acta-de-visita-y-junta-de-aclaraciones_n020-20.pdf\" target=\"_blank\" rel=\"noopener noreferrer\"><i class=\"fa fa-file-pdf-o\"><\/i> Documento de Visita y Junta de Aclaraciones N020<\/a><\/li>\n<\/ul>\n<p>Acta de presentaci\u00f3n y apertura de propuestas<\/p>\n<ul>\n<li><a href=\"https:\/\/www.tamaulipas.gob.mx\/obraspublicas\/wp-content\/uploads\/sites\/9\/2020\/11\/acta-de-apertura-de-proposiciones_n020-20-itife.pdf\" target=\"_blank\" rel=\"noopener noreferrer\"><i class=\"fa fa-file-pdf-o\"><\/i> Documento de Acta de presentaci\u00f3n y apertura de propuestas N020<\/a><\/li>\n<\/ul>\n<p>Acta de Fallo<\/p>\n<ul>\n<li><a href=\"https:\/\/www.tamaulipas.gob.mx\/obraspublicas\/wp-content\/uploads\/sites\/9\/2020\/12\/acta-de-fallo-n20-20-itife.pdf\" target=\"_blank\" rel=\"noopener noreferrer\"><i class=\"fa fa-file-pdf-o\"><\/i> Documento de Acta de fallo N020<\/a><\/li>\n<\/ul>\n","protected":false},"excerpt":{"rendered":"<p>85La obraa est\u00e1n ubicadas en varios municipios del Estado de Tamaulipas. Se convoca a los interesados en participar en la Licitaci\u00f3n de car\u00e1cter Nacional para\u2026<\/p>\n","protected":false},"author":48,"featured_media":0,"parent":8604,"menu_order":0,"comment_status":"closed","ping_status":"closed","template":"","meta":{"footnotes":""},"class_list":["post-5528","page","type-page","status-publish","hentry"],"publishpress_future_action":{"enabled":false,"date":"2026-05-15 12:44:40","action":"change-status","newStatus":"draft","terms":[],"taxonomy":""},"_links":{"self":[{"href":"https:\/\/www.tamaulipas.gob.mx\/obraspublicas\/wp-json\/wp\/v2\/pages\/5528"}],"collection":[{"href":"https:\/\/www.tamaulipas.gob.mx\/obraspublicas\/wp-json\/wp\/v2\/pages"}],"about":[{"href":"https:\/\/www.tamaulipas.gob.mx\/obraspublicas\/wp-json\/wp\/v2\/types\/page"}],"author":[{"embeddable":true,"href":"https:\/\/www.tamaulipas.gob.mx\/obraspublicas\/wp-json\/wp\/v2\/users\/48"}],"replies":[{"embeddable":true,"href":"https:\/\/www.tamaulipas.gob.mx\/obraspublicas\/wp-json\/wp\/v2\/comments?post=5528"}],"version-history":[{"count":6,"href":"https:\/\/www.tamaulipas.gob.mx\/obraspublicas\/wp-json\/wp\/v2\/pages\/5528\/revisions"}],"predecessor-version":[{"id":5635,"href":"https:\/\/www.tamaulipas.gob.mx\/obraspublicas\/wp-json\/wp\/v2\/pages\/5528\/revisions\/5635"}],"up":[{"embeddable":true,"href":"https:\/\/www.tamaulipas.gob.mx\/obraspublicas\/wp-json\/wp\/v2\/pages\/8604"}],"wp:attachment":[{"href":"https:\/\/www.tamaulipas.gob.mx\/obraspublicas\/wp-json\/wp\/v2\/media?parent=5528"}],"curies":[{"name":"wp","href":"https:\/\/api.w.org\/{rel}","templated":true}]}}