{"id":444,"date":"2017-09-01T11:28:30","date_gmt":"2017-09-01T16:28:30","guid":{"rendered":"http:\/\/www.tamaulipas.gob.mx\/obraspublicas\/?page_id=444"},"modified":"2022-11-18T10:33:34","modified_gmt":"2022-11-18T16:33:34","slug":"licitaciones-lpe-n7-2017-y-lpe-n8-2017","status":"publish","type":"page","link":"https:\/\/www.tamaulipas.gob.mx\/obraspublicas\/licitaciones-concluidas\/licitaciones-lpe-n7-2017-y-lpe-n8-2017\/","title":{"rendered":"Licitaciones LPE-N7-2017 y LPE-N8-2017"},"content":{"rendered":"<p>Ubicaci\u00f3n de las obras: Cd. Victoria, Tam.<\/p>\n<p>Se convoca a los interesados en participar en la(s) Licitaci\u00f3n(es) de car\u00e1cter Nacional para la contrataci\u00f3n de <strong>\u201cConstrucci\u00f3n de barda perimetral de los centros integrales de justicia de Xicotencatl, Mante, Gonz\u00e1lez y Cd. Victoria, municipios de Tamaulipas.\u201d <\/strong>y<strong> \u201cConstrucci\u00f3n de ciclov\u00eda y adecuaci\u00f3n de las vialidades de la zona de influencia de la ciclov\u00eda sobre el blvd. Fidel Vel\u00e1zquez, tramo: conexi\u00f3n con la ave. Rotaria-blvd. L\u00f3pez Mateos-ave. Tamaulipas hasta la conexi\u00f3n con el cruce de las calles Abasolo y Allende, en Cd. victoria, Tamaulipas.\u201d<\/strong><\/p>\n<p>Descarga aqu\u00ed la Convocatoria y las Bases para ambas Licitaciones:<\/p>\n<ul>\n<li><a href=\"http:\/\/www.tamaulipas.gob.mx\/obraspublicas\/wp-content\/uploads\/sites\/9\/2017\/09\/convest-006-2017.pdf\"><i class=\"fa fa-file-pdf-o\"><\/i> Convocatoria 006<\/a><\/li>\n<li><a href=\"http:\/\/www.tamaulipas.gob.mx\/obraspublicas\/wp-content\/uploads\/sites\/9\/2017\/09\/bases-lpe-n7.zip\"><i class=\"fa fa-file-zip-o\"><\/i> Bases para Licitaci\u00f3n 7<\/a><\/li>\n<li><a href=\"http:\/\/www.tamaulipas.gob.mx\/obraspublicas\/wp-content\/uploads\/sites\/9\/2017\/09\/bases-lpe-n8.zip\"><i class=\"fa fa-file-zip-o\"><\/i> Bases para Licitaci\u00f3n 8<\/a><\/li>\n<\/ul>\n<p>Visita y junta de Aclaraciones<\/p>\n<ul>\n<li><a href=\"http:\/\/www.tamaulipas.gob.mx\/obraspublicas\/wp-content\/uploads\/sites\/9\/2017\/09\/visita-y-junta-lpe-n7-2017.pdf\"><i class=\"fa fa-file-pdf-o\"><\/i> Documento de Visita y Junta de Aclaraciones Licitaci\u00f3n 7<\/a><\/li>\n<li><a href=\"http:\/\/www.tamaulipas.gob.mx\/obraspublicas\/wp-content\/uploads\/sites\/9\/2017\/09\/lpe-n8-2017.pdf\"><i class=\"fa fa-file-pdf-o\"><\/i> Documento de Visita y Junta de Aclaraciones Licitaci\u00f3n 8<\/a><\/li>\n<\/ul>\n<p>Acta de presentaci\u00f3n y apertura de propuestas<\/p>\n<ul>\n<li><a href=\"http:\/\/www.tamaulipas.gob.mx\/obraspublicas\/wp-content\/uploads\/sites\/9\/2017\/09\/acta-de-apertura-lpe-n7-2017.pdf\"><i class=\"fa fa-file-pdf-o\"><\/i> Documento de Acta de presentaci\u00f3n y apertura de propuestas Licitaci\u00f3n 7<\/a><\/li>\n<\/ul>\n<ul>\n<li><a href=\"http:\/\/www.tamaulipas.gob.mx\/obraspublicas\/wp-content\/uploads\/sites\/9\/2017\/09\/acta-de-apretura-lpe-n8.zip\"><i class=\"fa fa-file-pdf-o\"><\/i>Documento de Acta de presentaci\u00f3n y apertura de propuestas Licitaci\u00f3n 8<\/a><\/li>\n<li><a href=\"http:\/\/www.tamaulipas.gob.mx\/obraspublicas\/wp-content\/uploads\/sites\/9\/2017\/09\/anexo-de-acta-de-apertura-lpe-n8-2017.pdf\"><i class=\"fa fa-file-pdf-o\"><\/i>Documento de Anexo de Acta de presentaci\u00f3n y apertura de propuestas Licitaci\u00f3n 8<\/a><\/li>\n<\/ul>\n<p>Acta de Fallo<\/p>\n<ul>\n<li><a href=\"http:\/\/www.tamaulipas.gob.mx\/obraspublicas\/wp-content\/uploads\/sites\/9\/2017\/09\/acta-de-fallo-n7.pdf\" target=\"_blank\" rel=\"noopener noreferrer\"><i class=\"fa fa-file-pdf-o\"><\/i> Documento de Acta de fallo Licitaci\u00f3n 7<\/a><\/li>\n<li><a href=\"http:\/\/www.tamaulipas.gob.mx\/obraspublicas\/wp-content\/uploads\/sites\/9\/2017\/09\/acta-de-fallo-n8.pdf\" target=\"_blank\" rel=\"noopener noreferrer\"><i class=\"fa fa-file-pdf-o\"><\/i> Documento de Acta de fallo Licitaci\u00f3n 8<\/a><\/li>\n<\/ul>\n","protected":false},"excerpt":{"rendered":"<p>Ubicaci\u00f3n de las obras: Cd. Victoria, Tam. Se convoca a los interesados en participar en la(s) Licitaci\u00f3n(es) de car\u00e1cter Nacional para la contrataci\u00f3n de \u201cConstrucci\u00f3n\u2026<\/p>\n","protected":false},"author":48,"featured_media":0,"parent":8604,"menu_order":0,"comment_status":"closed","ping_status":"closed","template":"","meta":{"footnotes":""},"class_list":["post-444","page","type-page","status-publish","hentry"],"publishpress_future_action":{"enabled":false,"date":"2026-05-15 12:44:37","action":"change-status","newStatus":"draft","terms":[],"taxonomy":""},"_links":{"self":[{"href":"https:\/\/www.tamaulipas.gob.mx\/obraspublicas\/wp-json\/wp\/v2\/pages\/444"}],"collection":[{"href":"https:\/\/www.tamaulipas.gob.mx\/obraspublicas\/wp-json\/wp\/v2\/pages"}],"about":[{"href":"https:\/\/www.tamaulipas.gob.mx\/obraspublicas\/wp-json\/wp\/v2\/types\/page"}],"author":[{"embeddable":true,"href":"https:\/\/www.tamaulipas.gob.mx\/obraspublicas\/wp-json\/wp\/v2\/users\/48"}],"replies":[{"embeddable":true,"href":"https:\/\/www.tamaulipas.gob.mx\/obraspublicas\/wp-json\/wp\/v2\/comments?post=444"}],"version-history":[{"count":10,"href":"https:\/\/www.tamaulipas.gob.mx\/obraspublicas\/wp-json\/wp\/v2\/pages\/444\/revisions"}],"predecessor-version":[{"id":5310,"href":"https:\/\/www.tamaulipas.gob.mx\/obraspublicas\/wp-json\/wp\/v2\/pages\/444\/revisions\/5310"}],"up":[{"embeddable":true,"href":"https:\/\/www.tamaulipas.gob.mx\/obraspublicas\/wp-json\/wp\/v2\/pages\/8604"}],"wp:attachment":[{"href":"https:\/\/www.tamaulipas.gob.mx\/obraspublicas\/wp-json\/wp\/v2\/media?parent=444"}],"curies":[{"name":"wp","href":"https:\/\/api.w.org\/{rel}","templated":true}]}}