{"id":777,"date":"2026-02-25T15:47:06","date_gmt":"2026-02-25T21:47:06","guid":{"rendered":"https:\/\/www.tamaulipas.gob.mx\/nuevoleon\/?page_id=777"},"modified":"2026-02-25T15:47:06","modified_gmt":"2026-02-25T21:47:06","slug":"enlace-empresarial","status":"publish","type":"page","link":"https:\/\/www.tamaulipas.gob.mx\/nuevoleon\/enlace-empresarial\/","title":{"rendered":"Enlace empresarial"},"content":{"rendered":"<h2><span style=\"font-weight: 400;\">Hecho en Tamaulipas\u00a0\u00a0<\/span><\/h2>\n<p><span style=\"font-weight: 400;\">Como parte de las funciones de la Oficina de Representaci\u00f3n del Gobierno de\u00a0 Tamaulipas en Nuevo Le\u00f3n , impulsamos y difundimos losdiversos programas\u00a0 alineados a los objetivos del Gobierno Federal que busca fortalecer el desarrollo\u00a0 empresarial de los mexicanos. Entre ellos, destaca \u00ab<strong>Hecho en Tamaulipas<\/strong>\u00ab, un\u00a0 programa orientado a apoyar a emprendedores tamaulipecos interesados en\u00a0 formalizar sus negocios y comercializar sus productos.\u00a0<\/span><\/p>\n<p><span style=\"font-weight: 400;\">Este programa brinda mentor\u00eda empresarial, acompa\u00f1amiento en el proceso de\u00a0 formalizaci\u00f3n, as\u00ed como capacitaci\u00f3n especializada para potenciar el desempe\u00f1o\u00a0 empresarial.\u00a0<\/span><\/p>\n<p><span style=\"font-weight: 400;\">Para mayor informaci\u00f3n dar clic en el siguiente link:\u00a0<\/span><\/p>\n<p><span style=\"font-weight: 400;\">https:\/\/www.tamaulipas.gob.mx\/economia\/hecho-en-tamaulipas\/\u00a0<\/span><\/p>\n<p><span style=\"font-weight: 400;\">Llenado de registro para tu empresa a trav\u00e9s del programa \u201cHecho en\u00a0 Tamaulipas\u201d:\u00a0<\/span><\/p>\n<p><span style=\"font-weight: 400;\">https:\/\/docs.google.com\/forms\/d\/e\/1FAIpQLScxfpV8W0wW7VSlpd9b0QN7_FSyOx ciAQaKwLxT1Cq2u9-d6A\/viewform\u00a0<\/span><\/p>\n<p><span style=\"font-weight: 400;\">Sigue \u201cHecho en Tamaulipas\u201d en sus redes sociales:\u00a0<\/span><\/p>\n<p><span style=\"font-weight: 400;\">https:\/\/www.instagram.com\/hechoentamaulipas_se?igsh=aDBtMW9tbzN2enY1 https:\/\/www.facebook.com\/share\/1RM9NeUQMJ\/?mibextid=wwXIfr <\/span><\/p>\n","protected":false},"excerpt":{"rendered":"<p>Hecho en Tamaulipas\u00a0\u00a0 Como parte de las funciones de la Oficina de Representaci\u00f3n del Gobierno de\u00a0 Tamaulipas en Nuevo Le\u00f3n , impulsamos y difundimos losdiversos\u2026<\/p>\n","protected":false},"author":1,"featured_media":0,"parent":0,"menu_order":0,"comment_status":"closed","ping_status":"closed","template":"","meta":{"footnotes":""},"class_list":["post-777","page","type-page","status-publish","hentry"],"publishpress_future_action":{"enabled":false,"date":"2026-04-23 11:13:57","action":"change-status","newStatus":"draft","terms":[],"taxonomy":""},"_links":{"self":[{"href":"https:\/\/www.tamaulipas.gob.mx\/nuevoleon\/wp-json\/wp\/v2\/pages\/777"}],"collection":[{"href":"https:\/\/www.tamaulipas.gob.mx\/nuevoleon\/wp-json\/wp\/v2\/pages"}],"about":[{"href":"https:\/\/www.tamaulipas.gob.mx\/nuevoleon\/wp-json\/wp\/v2\/types\/page"}],"author":[{"embeddable":true,"href":"https:\/\/www.tamaulipas.gob.mx\/nuevoleon\/wp-json\/wp\/v2\/users\/1"}],"replies":[{"embeddable":true,"href":"https:\/\/www.tamaulipas.gob.mx\/nuevoleon\/wp-json\/wp\/v2\/comments?post=777"}],"version-history":[{"count":1,"href":"https:\/\/www.tamaulipas.gob.mx\/nuevoleon\/wp-json\/wp\/v2\/pages\/777\/revisions"}],"predecessor-version":[{"id":780,"href":"https:\/\/www.tamaulipas.gob.mx\/nuevoleon\/wp-json\/wp\/v2\/pages\/777\/revisions\/780"}],"wp:attachment":[{"href":"https:\/\/www.tamaulipas.gob.mx\/nuevoleon\/wp-json\/wp\/v2\/media?parent=777"}],"curies":[{"name":"wp","href":"https:\/\/api.w.org\/{rel}","templated":true}]}}