{"id":72,"date":"2016-11-25T11:42:09","date_gmt":"2016-11-25T17:42:09","guid":{"rendered":"http:\/\/www.tamaulipas.gob.mx\/nuevoleon\/?page_id=72"},"modified":"2026-02-27T15:13:47","modified_gmt":"2026-02-27T21:13:47","slug":"registro-civil","status":"publish","type":"page","link":"https:\/\/www.tamaulipas.gob.mx\/nuevoleon\/servicios\/registro-civil\/","title":{"rendered":"Registro Civil"},"content":{"rendered":"<p>A trav\u00e9s de este m\u00f3dulo se apoya a los usuarios para la correcciones de actas de nacimiento y matrimonio ante la Coordinaci\u00f3n General del Registro Civil de Tamaulipas, as\u00ed mismo se realizan las gestiones para transformaciones, b\u00fasquedas e inexistencias.<\/p>\n<p>La oficina cuenta con un cajero autom\u00e1tico de actas de nacimiento, matrimonio, defunci\u00f3n y divorcio.<\/p>\n<h3>Tarifas por la expedici\u00f3n de Actas Certificadas en el cajero autom\u00e1tico de Tamaulipas<\/h3>\n<table style=\"width: 49.7843%; height: 257px;\" class=\" table table-bordered table-striped\"><tbody><tr style=\"height: 65px;\"><td style=\"width: 47.6476%; height: 31px;\">\n<p style=\"text-align: center;\"><strong>Actos Registrales<\/strong><\/p>\n<\/td>\n<td style=\"width: 103.023%; height: 31px; text-align: center;\"><strong>Precios<\/strong><\/td>\n<\/tr><tr style=\"height: 57px;\"><td style=\"width: 47.6476%; height: 57px;\">Acta de Nacimiento<\/td>\n<td style=\"width: 103.023%; height: 57px;\">$ 118.00 Impresi&#xF3;n en cajero<\/td>\n<\/tr><tr style=\"height: 57px;\"><td style=\"width: 47.6476%; height: 57px;\">Acta de Matrimonio<\/td>\n<td style=\"width: 103.023%; height: 57px;\">$ 118.00 Impresi&#xF3;n en cajero<\/td>\n<\/tr><tr style=\"height: 57px;\"><td style=\"width: 47.6476%; height: 57px;\">Acta de Defunci&#xF3;n<\/td>\n<td style=\"width: 103.023%; height: 57px;\">$ 118.00 Impresi&#xF3;n en cajero<\/td>\n<\/tr><tr style=\"height: 55px;\"><td style=\"width: 47.6476%; height: 55px;\">Acta de Divorcio<\/td>\n<td style=\"width: 103.023%; height: 55px;\">$ 118.00 Impresi&#xF3;n en cajero<\/td>\n<\/tr><\/tbody><\/table>\n<p>* \u00a0Para la b\u00fasqueda e impresi\u00f3n de las actas en el cajero autom\u00e1tico, es importante\u00a0que cuente con los datos generales del documento a buscar.<\/p>\n<ul>\n<li>Si requiere de ayuda, favor de dirigirse con el personal de Tamaulipas en el \u00e1rea de Enlace con el Registro Civil de Tamaulipas, ubicado en CINTERMEX, Piso Local 4.<\/li>\n<li>Horario de atenci\u00f3n: 8:00 a 16:00 horas.<\/li>\n<\/ul>\n<p>&nbsp;<\/p>\n<h4>Responsable:<\/h4>\n<blockquote><p><b>MTRA. NANCY VER\u00d3NICA CRUZ GARC\u00cdA<\/b><\/p>\n<p>Jefa de Comunicaci\u00f3n Social de la Oficina de Representaci\u00f3n del Gobierno de Tamaulipas en Nuevo Le\u00f3n.<\/p><\/blockquote>\n","protected":false},"excerpt":{"rendered":"<p>A trav\u00e9s de este m\u00f3dulo se apoya a los usuarios para la correcciones de actas de nacimiento y matrimonio ante la Coordinaci\u00f3n General del Registro\u2026<\/p>\n","protected":false},"author":7,"featured_media":0,"parent":46,"menu_order":0,"comment_status":"closed","ping_status":"closed","template":"","meta":{"footnotes":""},"class_list":["post-72","page","type-page","status-publish","hentry"],"publishpress_future_action":{"enabled":false,"date":"2026-04-23 11:12:20","action":"change-status","newStatus":"draft","terms":[],"taxonomy":""},"_links":{"self":[{"href":"https:\/\/www.tamaulipas.gob.mx\/nuevoleon\/wp-json\/wp\/v2\/pages\/72"}],"collection":[{"href":"https:\/\/www.tamaulipas.gob.mx\/nuevoleon\/wp-json\/wp\/v2\/pages"}],"about":[{"href":"https:\/\/www.tamaulipas.gob.mx\/nuevoleon\/wp-json\/wp\/v2\/types\/page"}],"author":[{"embeddable":true,"href":"https:\/\/www.tamaulipas.gob.mx\/nuevoleon\/wp-json\/wp\/v2\/users\/7"}],"replies":[{"embeddable":true,"href":"https:\/\/www.tamaulipas.gob.mx\/nuevoleon\/wp-json\/wp\/v2\/comments?post=72"}],"version-history":[{"count":32,"href":"https:\/\/www.tamaulipas.gob.mx\/nuevoleon\/wp-json\/wp\/v2\/pages\/72\/revisions"}],"predecessor-version":[{"id":470,"href":"https:\/\/www.tamaulipas.gob.mx\/nuevoleon\/wp-json\/wp\/v2\/pages\/72\/revisions\/470"}],"up":[{"embeddable":true,"href":"https:\/\/www.tamaulipas.gob.mx\/nuevoleon\/wp-json\/wp\/v2\/pages\/46"}],"wp:attachment":[{"href":"https:\/\/www.tamaulipas.gob.mx\/nuevoleon\/wp-json\/wp\/v2\/media?parent=72"}],"curies":[{"name":"wp","href":"https:\/\/api.w.org\/{rel}","templated":true}]}}