{"id":862,"date":"2023-06-01T16:11:30","date_gmt":"2023-06-01T22:11:30","guid":{"rendered":"https:\/\/www.tamaulipas.gob.mx\/migrantes\/?page_id=862"},"modified":"2023-06-01T18:15:02","modified_gmt":"2023-06-02T00:15:02","slug":"capacitacion-en-materia-de-trafico-ilicito-de-personas-migrantes","status":"publish","type":"page","link":"https:\/\/www.tamaulipas.gob.mx\/migrantes\/capacitacion-en-materia-de-trafico-ilicito-de-personas-migrantes\/","title":{"rendered":"Capacitaci\u00f3n en Materia de Tr\u00e1fico Il\u00edcito de Personas Migrantes"},"content":{"rendered":"<div class=\"col-md-8\">\n<div id=\"the_content\" class=\"entry\">\n<div id=\"entry\">\n<p style=\"text-align: center;\"><span style=\"font-size: 20px;\"><strong>Capacitaci\u00f3n en Materia de Tr\u00e1fico Il\u00edcito de Personas Migrantes<\/strong><\/span><\/p>\n<p style=\"text-align: center;\">Abril 14 de 2023<\/p>\n<p style=\"text-align: justify;\">El Gobierno de Tamaulipas, a\u00a0 trav\u00e9s del Instituto Tamaulipeco para los Migrantes de la Secretar\u00eda General de Gobierno, en coordinaci\u00f3n con la la Organizaci\u00f3n Internacional para las Migraciones y la Unidad de Pol\u00edtica\u00a0 Migratoria de la Secretar\u00eda de Gobernaci\u00f3n, particip\u00f3 en el taller en materia de tr\u00e1fico il\u00edcito de personas migrantes, que se ha desarrollado los d\u00edas 13 y 14 de abril de 2023.<\/p>\n<p style=\"text-align: justify;\">Este evento, tuvo lugar en las instalaciones de la Secretar\u00eda de Gobernaci\u00f3n en la Ciudad de M\u00e9xico y se imparti\u00f3 a 14 dependencias del Gobierno del Estado de Tamaulipas, DIF y el Poder Judicial.<\/p>\n<p style=\"text-align: justify;\">El Lic. Juan Jos\u00e9 Rodr\u00edguez Alvarado, director general del Instituto Tamaulipeco para los Migrantes, se\u00f1al\u00f3 que con estas acciones de vinculaci\u00f3n con la Organizaci\u00f3n Internacional para las Migraciones y la Unidad de Pol\u00edtica\u00a0 Migratoria y Registro de Identidad de Personas, se cumple con la instrucci\u00f3n del gobernador Am\u00e9rico Villareal Anaya, de sumarse a la estrategia nacional del combate a este tipo de delitos.<\/p>\n<p style=\"text-align: justify;\">La jefa de la Unidad de Pol\u00edtica Migratoria, Roc\u00edo Gonz\u00e1lez Higuera, a nombre de Alejandro Encinas Rodr\u00edguez, subsecretario de Derechos Humanos, Poblaci\u00f3n y Migraci\u00f3n Federal, destac\u00f3 el compromiso del Gobierno de Tamaulipas\u00a0 para generar marcos que permitan la atenci\u00f3n, protecci\u00f3n y defensa de los derechos humanos de las personas en contexto de movilidad.<\/p>\n<div class=\"gallery-page\">\n<div id=\"controles-slide\" class=\"swiper-container swiper-container-horizontal\">\n<div class=\"swiper-wrapper\">\n<div class=\"swiper-slide swiper-slide-active\" style=\"text-align: justify;\"><a href=\"https:\/\/www.tamaulipas.gob.mx\/wp-content\/uploads\/2023\/04\/ITM-006-2023.-Segob-imparte-taller-sobre-trafico-ilicito-de-personas-migrantes-a-las-autoridades-tamaulipecas-2.jpg\" rel=\"galeria\"><img loading=\"lazy\" decoding=\"async\" class=\"\" src=\"https:\/\/www.tamaulipas.gob.mx\/wp-content\/uploads\/2023\/04\/ITM-006-2023.-Segob-imparte-taller-sobre-trafico-ilicito-de-personas-migrantes-a-las-autoridades-tamaulipecas-2-850x500.jpg\" sizes=\"auto\" srcset=\"\" alt=\"\" width=\"753\" height=\"443\" \/><\/a><\/div>\n<div class=\"swiper-slide swiper-slide-next\"><\/div>\n<div class=\"swiper-slide\"><\/div>\n<\/div>\n<div class=\"swiper-pagination swiper-pagination-white swiper-pagination-clickable swiper-pagination-bullets swiper-pagination-bullets-dynamic\"><\/div>\n<\/div>\n<\/div>\n<\/div>\n<\/div>\n<\/div>\n<div class=\"col-md-4\">\n<div id=\"the_sidebar\">\n<div class=\"theiaStickySidebar\">\n<section id=\"sidebar-banners\" class=\"mb30\">\n<div id=\"controles-slide\" class=\"swiper-container swiper-container-horizontal\">\n<div class=\"swiper-wrapper\">\n<div class=\"swiper-slide swiper-slide-duplicate\" data-swiper-slide-index=\"3\">\n<div class=\"bloque\"><\/div>\n<\/div>\n<\/div>\n<\/div>\n<\/section>\n<\/div>\n<\/div>\n<\/div>\n","protected":false},"excerpt":{"rendered":"<p>Capacitaci\u00f3n en Materia de Tr\u00e1fico Il\u00edcito de Personas Migrantes Abril 14 de 2023 El Gobierno de Tamaulipas, a\u00a0 trav\u00e9s del Instituto Tamaulipeco para los Migrantes\u2026<\/p>\n","protected":false},"author":322,"featured_media":0,"parent":0,"menu_order":0,"comment_status":"closed","ping_status":"closed","template":"","meta":{"footnotes":""},"class_list":["post-862","page","type-page","status-publish","hentry"],"publishpress_future_action":{"enabled":false,"date":"2026-05-04 09:06:55","action":"change-status","newStatus":"draft","terms":[],"taxonomy":""},"_links":{"self":[{"href":"https:\/\/www.tamaulipas.gob.mx\/migrantes\/wp-json\/wp\/v2\/pages\/862"}],"collection":[{"href":"https:\/\/www.tamaulipas.gob.mx\/migrantes\/wp-json\/wp\/v2\/pages"}],"about":[{"href":"https:\/\/www.tamaulipas.gob.mx\/migrantes\/wp-json\/wp\/v2\/types\/page"}],"author":[{"embeddable":true,"href":"https:\/\/www.tamaulipas.gob.mx\/migrantes\/wp-json\/wp\/v2\/users\/322"}],"replies":[{"embeddable":true,"href":"https:\/\/www.tamaulipas.gob.mx\/migrantes\/wp-json\/wp\/v2\/comments?post=862"}],"version-history":[{"count":3,"href":"https:\/\/www.tamaulipas.gob.mx\/migrantes\/wp-json\/wp\/v2\/pages\/862\/revisions"}],"predecessor-version":[{"id":867,"href":"https:\/\/www.tamaulipas.gob.mx\/migrantes\/wp-json\/wp\/v2\/pages\/862\/revisions\/867"}],"wp:attachment":[{"href":"https:\/\/www.tamaulipas.gob.mx\/migrantes\/wp-json\/wp\/v2\/media?parent=862"}],"curies":[{"name":"wp","href":"https:\/\/api.w.org\/{rel}","templated":true}]}}