{"id":845,"date":"2023-06-01T11:57:52","date_gmt":"2023-06-01T17:57:52","guid":{"rendered":"https:\/\/www.tamaulipas.gob.mx\/migrantes\/?page_id=845"},"modified":"2023-06-01T13:07:39","modified_gmt":"2023-06-01T19:07:39","slug":"taller-de-gobernanza-migratoria","status":"publish","type":"page","link":"https:\/\/www.tamaulipas.gob.mx\/migrantes\/taller-de-gobernanza-migratoria\/","title":{"rendered":"Taller de Gobernanza Migratoria"},"content":{"rendered":"<p style=\"text-align: center;\" align=\"center\"><strong><span style=\"font-size: 15.0pt;\">Taller de Gobernanza Migratoria.<\/span><\/strong><br \/>\n<strong>Cd. Victoria, Tamaulipas, 29 de mayo del 2023<\/strong><\/p>\n<p style=\"text-align: justify;\">El Instituto Tamaulipeco para los Migrantes en coordinaci\u00f3n con la Organizaci\u00f3n Internacional para las Migraciones y la Unidad de Pol\u00edtica Migratoria de la SEGOB se dio a la tarea de coordinar el Primer Taller sobre Gobernanza Migratoria, mismo que fue impartido tanto a delegados y personal del Instituto como a funcionarios de 14 dependencias del Gobierno del Estado de Tamaulipas, incluyendo personal de la oficina de la Gubernatura.<\/p>\n<p style=\"text-align: justify;\">De hecho, este taller responde a las instrucciones del Se\u00f1or Gobernador de mantener una constante y oportuna capacitaci\u00f3n de los servidores p\u00fablicos de esta administraci\u00f3n con el objetivo de brindar y construir mejores acciones de pol\u00edtica p\u00fablica para la atenci\u00f3n de todos los tamaulipecos.<\/p>\n<p style=\"text-align: justify;\">Es importante se\u00f1alar que este taller forma parte de una serie de l\u00edneas de trabajo con organismos internacionales y nacionales que tienen el prop\u00f3sito de generar un diagn\u00f3stico para la atenci\u00f3n del fen\u00f3meno migratorio y construir un Programa Sectorial de Atenci\u00f3n Migratoria, enmarcado por supuesto en el eje de Pol\u00edtica Social para el Bienestar del Plan Estatal de Desarrollo 2023-2028.<\/p>\n<p>\u00a0 \u00a0 \u00a0 \u00a0 \u00a0 \u00a0 \u00a0 <img loading=\"lazy\" decoding=\"async\" class=\"alignnone wp-image-827\" src=\"https:\/\/www.tamaulipas.gob.mx\/migrantes\/wp-content\/uploads\/sites\/28\/2023\/05\/reunion.jpg\" alt=\"\" width=\"248\" height=\"186\" \/>\u00a0 \u00a0 \u00a0 \u00a0 \u00a0 \u00a0 \u00a0 \u00a0 \u00a0 \u00a0 \u00a0 \u00a0 \u00a0 \u00a0 \u00a0 \u00a0 \u00a0 \u00a0 \u00a0 \u00a0 \u00a0 \u00a0 <img loading=\"lazy\" decoding=\"async\" class=\"alignnone wp-image-825\" src=\"https:\/\/www.tamaulipas.gob.mx\/migrantes\/wp-content\/uploads\/sites\/28\/2023\/05\/photo-2023-05-31-11-01-29-1-1.jpg\" alt=\"\" width=\"242\" height=\"182\" \/><\/p>\n","protected":false},"excerpt":{"rendered":"<p>Taller de Gobernanza Migratoria. Cd. Victoria, Tamaulipas, 29 de mayo del 2023 El Instituto Tamaulipeco para los Migrantes en coordinaci\u00f3n con la Organizaci\u00f3n Internacional para\u2026<\/p>\n","protected":false},"author":322,"featured_media":0,"parent":0,"menu_order":0,"comment_status":"closed","ping_status":"closed","template":"","meta":{"footnotes":""},"class_list":["post-845","page","type-page","status-publish","hentry"],"publishpress_future_action":{"enabled":false,"date":"2026-05-04 09:14:32","action":"change-status","newStatus":"draft","terms":[],"taxonomy":""},"_links":{"self":[{"href":"https:\/\/www.tamaulipas.gob.mx\/migrantes\/wp-json\/wp\/v2\/pages\/845"}],"collection":[{"href":"https:\/\/www.tamaulipas.gob.mx\/migrantes\/wp-json\/wp\/v2\/pages"}],"about":[{"href":"https:\/\/www.tamaulipas.gob.mx\/migrantes\/wp-json\/wp\/v2\/types\/page"}],"author":[{"embeddable":true,"href":"https:\/\/www.tamaulipas.gob.mx\/migrantes\/wp-json\/wp\/v2\/users\/322"}],"replies":[{"embeddable":true,"href":"https:\/\/www.tamaulipas.gob.mx\/migrantes\/wp-json\/wp\/v2\/comments?post=845"}],"version-history":[{"count":3,"href":"https:\/\/www.tamaulipas.gob.mx\/migrantes\/wp-json\/wp\/v2\/pages\/845\/revisions"}],"predecessor-version":[{"id":858,"href":"https:\/\/www.tamaulipas.gob.mx\/migrantes\/wp-json\/wp\/v2\/pages\/845\/revisions\/858"}],"wp:attachment":[{"href":"https:\/\/www.tamaulipas.gob.mx\/migrantes\/wp-json\/wp\/v2\/media?parent=845"}],"curies":[{"name":"wp","href":"https:\/\/api.w.org\/{rel}","templated":true}]}}

<p style="text-align: center;" align="center"><strong><span style="font-size: 15.0pt;">Taller de Gobernanza Migratoria.</span></strong><br />
<strong>Cd. Victoria, Tamaulipas, 29 de mayo del 2023</strong></p>
<p style="text-align: justify;">El Instituto Tamaulipeco para los Migrantes en coordinación con la Organización Internacional para las Migraciones y la Unidad de Política Migratoria de la SEGOB se dio a la tarea de coordinar el Primer Taller sobre Gobernanza Migratoria, mismo que fue impartido tanto a delegados y personal del Instituto como a funcionarios de 14 dependencias del Gobierno del Estado de Tamaulipas, incluyendo personal de la oficina de la Gubernatura.</p>
<p style="text-align: justify;">De hecho, este taller responde a las instrucciones del Señor Gobernador de mantener una constante y oportuna capacitación de los servidores públicos de esta administración con el objetivo de brindar y construir mejores acciones de política pública para la atención de todos los tamaulipecos.</p>
<p style="text-align: justify;">Es importante señalar que este taller forma parte de una serie de líneas de trabajo con organismos internacionales y nacionales que tienen el propósito de generar un diagnóstico para la atención del fenómeno migratorio y construir un Programa Sectorial de Atención Migratoria, enmarcado por supuesto en el eje de Política Social para el Bienestar del Plan Estatal de Desarrollo 2023-2028.</p>
<p>              <img loading="lazy" decoding="async" class="alignnone wp-image-827" src="https://www.tamaulipas.gob.mx/migrantes/wp-content/uploads/sites/28/2023/05/reunion.jpg" alt="" width="248" height="186" />                                            <img loading="lazy" decoding="async" class="alignnone wp-image-825" src="https://www.tamaulipas.gob.mx/migrantes/wp-content/uploads/sites/28/2023/05/photo-2023-05-31-11-01-29-1-1.jpg" alt="" width="242" height="182" /></p>

<p>Taller de Gobernanza Migratoria. Cd. Victoria, Tamaulipas, 29 de mayo del 2023 El Instituto Tamaulipeco para los Migrantes en coordinación con la Organización Internacional para…</p>
