{"id":793,"date":"2023-05-24T18:52:02","date_gmt":"2023-05-25T00:52:02","guid":{"rendered":"https:\/\/www.tamaulipas.gob.mx\/migrantes\/?page_id=793"},"modified":"2023-05-24T18:52:34","modified_gmt":"2023-05-25T00:52:34","slug":"instituto-nacional-de-migracion","status":"publish","type":"page","link":"https:\/\/www.tamaulipas.gob.mx\/migrantes\/instituto-nacional-de-migracion\/","title":{"rendered":"Instituto Nacional de Migraci\u00f3n."},"content":{"rendered":"<p>Informaci\u00f3n en construcci\u00f3n.<\/p>\n<p><a href=\"https:\/\/www.gob.mx\/inm\"><span style=\"text-decoration: underline;\"><strong>Instituto Nacional de Migraci\u00f3n.<\/strong><\/span><\/a><\/p>\n","protected":false},"excerpt":{"rendered":"<p>Informaci\u00f3n en construcci\u00f3n. Instituto Nacional de Migraci\u00f3n.<\/p>\n","protected":false},"author":322,"featured_media":0,"parent":0,"menu_order":0,"comment_status":"closed","ping_status":"closed","template":"","meta":{"footnotes":""},"class_list":["post-793","page","type-page","status-publish","hentry"],"publishpress_future_action":{"enabled":false,"date":"2026-05-04 05:35:00","action":"change-status","newStatus":"draft","terms":[],"taxonomy":""},"_links":{"self":[{"href":"https:\/\/www.tamaulipas.gob.mx\/migrantes\/wp-json\/wp\/v2\/pages\/793"}],"collection":[{"href":"https:\/\/www.tamaulipas.gob.mx\/migrantes\/wp-json\/wp\/v2\/pages"}],"about":[{"href":"https:\/\/www.tamaulipas.gob.mx\/migrantes\/wp-json\/wp\/v2\/types\/page"}],"author":[{"embeddable":true,"href":"https:\/\/www.tamaulipas.gob.mx\/migrantes\/wp-json\/wp\/v2\/users\/322"}],"replies":[{"embeddable":true,"href":"https:\/\/www.tamaulipas.gob.mx\/migrantes\/wp-json\/wp\/v2\/comments?post=793"}],"version-history":[{"count":3,"href":"https:\/\/www.tamaulipas.gob.mx\/migrantes\/wp-json\/wp\/v2\/pages\/793\/revisions"}],"predecessor-version":[{"id":796,"href":"https:\/\/www.tamaulipas.gob.mx\/migrantes\/wp-json\/wp\/v2\/pages\/793\/revisions\/796"}],"wp:attachment":[{"href":"https:\/\/www.tamaulipas.gob.mx\/migrantes\/wp-json\/wp\/v2\/media?parent=793"}],"curies":[{"name":"wp","href":"https:\/\/api.w.org\/{rel}","templated":true}]}}