{"id":767,"date":"2023-05-24T18:06:47","date_gmt":"2023-05-25T00:06:47","guid":{"rendered":"https:\/\/www.tamaulipas.gob.mx\/migrantes\/?page_id=767"},"modified":"2023-05-24T18:09:47","modified_gmt":"2023-05-25T00:09:47","slug":"acnur-alto-comisionado-para-los-refugiados","status":"publish","type":"page","link":"https:\/\/www.tamaulipas.gob.mx\/migrantes\/acnur-alto-comisionado-para-los-refugiados\/","title":{"rendered":"ACNUR (Oficina del Alto Comisionado de las Naciones Unidas para los Refugiados)"},"content":{"rendered":"<p>Informaci\u00f3n construcci\u00f3n.<\/p>\n<p><a href=\"https:\/\/www.acnur.org\/mx\/acnur-en-mexico\"><span style=\"text-decoration: underline;\"><strong>ACNUR M\u00c9XICO<\/strong><\/span><\/a><\/p>\n","protected":false},"excerpt":{"rendered":"<p>Informaci\u00f3n construcci\u00f3n. ACNUR M\u00c9XICO<\/p>\n","protected":false},"author":322,"featured_media":0,"parent":0,"menu_order":0,"comment_status":"closed","ping_status":"closed","template":"","meta":{"footnotes":""},"class_list":["post-767","page","type-page","status-publish","hentry"],"publishpress_future_action":{"enabled":false,"date":"2026-05-04 07:04:53","action":"change-status","newStatus":"draft","terms":[],"taxonomy":""},"_links":{"self":[{"href":"https:\/\/www.tamaulipas.gob.mx\/migrantes\/wp-json\/wp\/v2\/pages\/767"}],"collection":[{"href":"https:\/\/www.tamaulipas.gob.mx\/migrantes\/wp-json\/wp\/v2\/pages"}],"about":[{"href":"https:\/\/www.tamaulipas.gob.mx\/migrantes\/wp-json\/wp\/v2\/types\/page"}],"author":[{"embeddable":true,"href":"https:\/\/www.tamaulipas.gob.mx\/migrantes\/wp-json\/wp\/v2\/users\/322"}],"replies":[{"embeddable":true,"href":"https:\/\/www.tamaulipas.gob.mx\/migrantes\/wp-json\/wp\/v2\/comments?post=767"}],"version-history":[{"count":3,"href":"https:\/\/www.tamaulipas.gob.mx\/migrantes\/wp-json\/wp\/v2\/pages\/767\/revisions"}],"predecessor-version":[{"id":771,"href":"https:\/\/www.tamaulipas.gob.mx\/migrantes\/wp-json\/wp\/v2\/pages\/767\/revisions\/771"}],"wp:attachment":[{"href":"https:\/\/www.tamaulipas.gob.mx\/migrantes\/wp-json\/wp\/v2\/media?parent=767"}],"curies":[{"name":"wp","href":"https:\/\/api.w.org\/{rel}","templated":true}]}}

<p>Información construcción.</p>
<p><a href="https://www.acnur.org/mx/acnur-en-mexico"><span style="text-decoration: underline;"><strong>ACNUR MÉXICO</strong></span></a></p>

<p>Información construcción. ACNUR MÉXICO</p>
