{"id":761,"date":"2023-05-24T17:52:05","date_gmt":"2023-05-24T23:52:05","guid":{"rendered":"https:\/\/www.tamaulipas.gob.mx\/migrantes\/?page_id=761"},"modified":"2023-06-01T16:36:37","modified_gmt":"2023-06-01T22:36:37","slug":"organizacion-internacional-para-las-migraciones-oim","status":"publish","type":"page","link":"https:\/\/www.tamaulipas.gob.mx\/migrantes\/organizacion-internacional-para-las-migraciones-oim\/","title":{"rendered":"Organizaci\u00f3n Internacional para las Migraciones (OIM)"},"content":{"rendered":"<p style=\"text-align: justify;\">El Instituto Tamaulipeco para los Migrantes, con el prop\u00f3sito de cumplir y dar seguimiento con nuestro esfuerzo e inter\u00e9s a la visi\u00f3n del gobernador Am\u00e9rico Villarreal Anaya, respecto a promover en el estado una gesti\u00f3n ordenada y humana de la migraci\u00f3n, privilegiando la calidad y la oportunidad de vida que tienen todos los individuos, ofreciendo a las personas migrantes asistencia humanitaria para atender sus necesidades as\u00ed como \u00a0proponer e implementar soluciones pr\u00e1cticas a la problem\u00e1tica migratoria; \u00a0ha establecido una estrecha vinculaci\u00f3n con la Organizaci\u00f3n Internacional para las Migraciones, \u00a0con\u00a0 lo que se ha logrado diversas actividades en beneficio\u00a0 a esta comunidad: <a href=\"https:\/\/www.iom.int\/es\">Ver mas de la OIM<\/a><\/p>\n<p><a href=\"https:\/\/www.tamaulipas.gob.mx\/migrantes\/actividades-del-gobierno-de-tamaulipas-y-la-oim\/\">Actividades del Gobierno de Tamaulipas y la OIM<\/a><\/p>\n<p>&nbsp;<\/p>\n<p>&nbsp;<\/p>\n","protected":false},"excerpt":{"rendered":"<p>El Instituto Tamaulipeco para los Migrantes, con el prop\u00f3sito de cumplir y dar seguimiento con nuestro esfuerzo e inter\u00e9s a la visi\u00f3n del gobernador Am\u00e9rico\u2026<\/p>\n","protected":false},"author":322,"featured_media":0,"parent":0,"menu_order":0,"comment_status":"closed","ping_status":"closed","template":"","meta":{"footnotes":""},"class_list":["post-761","page","type-page","status-publish","hentry"],"publishpress_future_action":{"enabled":false,"date":"2026-05-04 05:34:09","action":"change-status","newStatus":"draft","terms":[],"taxonomy":""},"_links":{"self":[{"href":"https:\/\/www.tamaulipas.gob.mx\/migrantes\/wp-json\/wp\/v2\/pages\/761"}],"collection":[{"href":"https:\/\/www.tamaulipas.gob.mx\/migrantes\/wp-json\/wp\/v2\/pages"}],"about":[{"href":"https:\/\/www.tamaulipas.gob.mx\/migrantes\/wp-json\/wp\/v2\/types\/page"}],"author":[{"embeddable":true,"href":"https:\/\/www.tamaulipas.gob.mx\/migrantes\/wp-json\/wp\/v2\/users\/322"}],"replies":[{"embeddable":true,"href":"https:\/\/www.tamaulipas.gob.mx\/migrantes\/wp-json\/wp\/v2\/comments?post=761"}],"version-history":[{"count":14,"href":"https:\/\/www.tamaulipas.gob.mx\/migrantes\/wp-json\/wp\/v2\/pages\/761\/revisions"}],"predecessor-version":[{"id":865,"href":"https:\/\/www.tamaulipas.gob.mx\/migrantes\/wp-json\/wp\/v2\/pages\/761\/revisions\/865"}],"wp:attachment":[{"href":"https:\/\/www.tamaulipas.gob.mx\/migrantes\/wp-json\/wp\/v2\/media?parent=761"}],"curies":[{"name":"wp","href":"https:\/\/api.w.org\/{rel}","templated":true}]}}

Organización Internacional para las Migraciones (OIM)

<p style="text-align: justify;">El Instituto Tamaulipeco para los Migrantes, con el propósito de cumplir y dar seguimiento con nuestro esfuerzo e interés a la visión del gobernador Américo Villarreal Anaya, respecto a promover en el estado una gestión ordenada y humana de la migración, privilegiando la calidad y la oportunidad de vida que tienen todos los individuos, ofreciendo a las personas migrantes asistencia humanitaria para atender sus necesidades así como  proponer e implementar soluciones prácticas a la problemática migratoria;  ha establecido una estrecha vinculación con la Organización Internacional para las Migraciones,  con  lo que se ha logrado diversas actividades en beneficio  a esta comunidad: <a href="https://www.iom.int/es">Ver mas de la OIM</a></p>
<p><a href="https://www.tamaulipas.gob.mx/migrantes/actividades-del-gobierno-de-tamaulipas-y-la-oim/">Actividades del Gobierno de Tamaulipas y la OIM</a></p>
<p>&nbsp;</p>
<p>&nbsp;</p>

<p>El Instituto Tamaulipeco para los Migrantes, con el propósito de cumplir y dar seguimiento con nuestro esfuerzo e interés a la visión del gobernador Américo…</p>
