{"id":740,"date":"2023-05-24T13:53:29","date_gmt":"2023-05-24T19:53:29","guid":{"rendered":"https:\/\/www.tamaulipas.gob.mx\/migrantes\/?page_id=740"},"modified":"2023-05-24T17:45:46","modified_gmt":"2023-05-24T23:45:46","slug":"refugiados","status":"publish","type":"page","link":"https:\/\/www.tamaulipas.gob.mx\/migrantes\/refugiados\/","title":{"rendered":"Refugiados"},"content":{"rendered":"<p><strong>SOLICITANTE DE LA CONDICI\u00d3N DE REFUGIADO<\/strong><\/p>\n<p>A veces las personas salen de sus pa\u00edses en busca de trabajo y otras oportunidades.<\/p>\n<p><span style=\"text-decoration: underline;\">Otras veces<\/span> salen porque su vida o libertad corren peligro; a estas personas se les llama <strong>refugiados<\/strong> y cuando cruzan a la frontera y llegan a otro pa\u00eds, tienen el derecho a pedir protecci\u00f3n como refugiado.<\/p>\n<p><b>\u00bfQui\u00e9n puede pedir la condici\u00f3n de refugiado en M\u00e9xico?<\/b><\/p>\n<ul>\n<li>Las personas extranjeras que no pueden volver a su pa\u00eds porque su vida corre peligro.<\/li>\n<\/ul>\n<p>No necesitan identificaci\u00f3n o pruebas<\/p>\n<p>No importa si ya tienes una condici\u00f3n migratoria temporal.<\/p>\n<p><strong>\u00a0\u00bfQui\u00e9n otorga la condici\u00f3n de refugiado en M\u00e9xico?<\/strong><\/p>\n<ul>\n<li>La Comisi\u00f3n Mexicana de Ayuda a Refugiados <a href=\"https:\/\/www.gob.mx\/comar\">(<strong>COMAR<\/strong>)<\/a><\/li>\n<\/ul>\n<p>Puedes iniciar el tr\u00e1mite en COMAR\u00a0 o en el Instituto Nacional de\u00a0 Migraci\u00f3n (INM)<\/p>\n<p><strong>\u00bfQu\u00e9\u00a0 me ofrece la condici\u00f3n de refugiado?<\/strong><\/p>\n<ul>\n<li>No ser\u00e1s devuelto a tu pa\u00eds<\/li>\n<li>Tendr\u00e1s acceso a derechos y la COMAR puede canalizarte a instituciones que brindan diversos servicios.<\/li>\n<li>Adem\u00e1s podr\u00e1s tramitar documentaci\u00f3n para una estancia regular y que puedas trabajar.<\/li>\n<\/ul>\n<p>Si estas en Tamaulipas y necesitas apoyo y asistencia de albergue y alimentaci\u00f3n puedes acudir a las oficinas del <a href=\"https:\/\/www.tamaulipas.gob.mx\/migrantes\/directorio\/\"><span style=\"text-decoration: underline;\">Instituto Tamaulipeco para los Migrantes<\/span><\/a> o directamente a los <a href=\"https:\/\/www.tamaulipas.gob.mx\/migrantes\/albergues-2\/\">albergues y casas del migrante.<\/a><\/p>\n<p><strong>\u00bfPor cu\u00e1nto tiempo es v\u00e1lido?<\/strong><\/p>\n<ul>\n<li>La Constancia de tr\u00e1mite es v\u00e1lida durante todo el procedimiento.<\/li>\n<\/ul>\n<p>Si la respuesta a tu tr\u00e1mite es positiva podr\u00e1s quedarte a vivir en M\u00e9xico el tiempo que quieras.<\/p>\n<p><strong>\u00bfQu\u00e9 documento me dan?<\/strong><\/p>\n<ul>\n<li>Constancia del tr\u00e1mite de COMAR<\/li>\n<li>CURP Temporal<\/li>\n<\/ul>\n<p>Tienes derecho a tramitar ante el INM la tarjeta de visitante por razones humanitarias.<\/p>\n<p>Si cuentas con CURP y Tarjeta de Visitante por razones humanitarias, podr\u00e1s trabajar.<\/p>\n<p><strong>\u00bfQu\u00e9 pasa despu\u00e9s?<\/strong><\/p>\n<p>Si eres reconocido como una persona refugiada, podr\u00e1s quedarte a vivir en M\u00e9xico el tiempo que quieras, tendr\u00e1s la residencia permanente y CURP.<\/p>\n<p>Como una persona refugiada podr\u00e1s moverte libremente dentro del pa\u00eds, tendr\u00e1s derecho a educaci\u00f3n, trabajo, salud y contar\u00e1s con la protecci\u00f3n del Estado Mexicano.<\/p>\n<p>Adem\u00e1s, si lo deseas, tienes el derecho a solicitar a la COMAR, que valore la posibilidad de traer a tu familia a vivir contigo; a este tr\u00e1mite se le llama reunificaci\u00f3n familiar.<\/p>\n","protected":false},"excerpt":{"rendered":"<p>SOLICITANTE DE LA CONDICI\u00d3N DE REFUGIADO A veces las personas salen de sus pa\u00edses en busca de trabajo y otras oportunidades. Otras veces salen porque\u2026<\/p>\n","protected":false},"author":322,"featured_media":0,"parent":0,"menu_order":0,"comment_status":"closed","ping_status":"closed","template":"","meta":{"footnotes":""},"class_list":["post-740","page","type-page","status-publish","hentry"],"publishpress_future_action":{"enabled":false,"date":"2026-05-04 05:27:02","action":"change-status","newStatus":"draft","terms":[],"taxonomy":""},"_links":{"self":[{"href":"https:\/\/www.tamaulipas.gob.mx\/migrantes\/wp-json\/wp\/v2\/pages\/740"}],"collection":[{"href":"https:\/\/www.tamaulipas.gob.mx\/migrantes\/wp-json\/wp\/v2\/pages"}],"about":[{"href":"https:\/\/www.tamaulipas.gob.mx\/migrantes\/wp-json\/wp\/v2\/types\/page"}],"author":[{"embeddable":true,"href":"https:\/\/www.tamaulipas.gob.mx\/migrantes\/wp-json\/wp\/v2\/users\/322"}],"replies":[{"embeddable":true,"href":"https:\/\/www.tamaulipas.gob.mx\/migrantes\/wp-json\/wp\/v2\/comments?post=740"}],"version-history":[{"count":10,"href":"https:\/\/www.tamaulipas.gob.mx\/migrantes\/wp-json\/wp\/v2\/pages\/740\/revisions"}],"predecessor-version":[{"id":821,"href":"https:\/\/www.tamaulipas.gob.mx\/migrantes\/wp-json\/wp\/v2\/pages\/740\/revisions\/821"}],"wp:attachment":[{"href":"https:\/\/www.tamaulipas.gob.mx\/migrantes\/wp-json\/wp\/v2\/media?parent=740"}],"curies":[{"name":"wp","href":"https:\/\/api.w.org\/{rel}","templated":true}]}}

<p><strong>SOLICITANTE DE LA CONDICIÓN DE REFUGIADO</strong></p>
<p>A veces las personas salen de sus países en busca de trabajo y otras oportunidades.</p>
<p><span style="text-decoration: underline;">Otras veces</span> salen porque su vida o libertad corren peligro; a estas personas se les llama <strong>refugiados</strong> y cuando cruzan a la frontera y llegan a otro país, tienen el derecho a pedir protección como refugiado.</p>
<p><b>¿Quién puede pedir la condición de refugiado en México?</b></p>
<ul>
<li>Las personas extranjeras que no pueden volver a su país porque su vida corre peligro.</li>
</ul>
<p>No necesitan identificación o pruebas</p>
<p>No importa si ya tienes una condición migratoria temporal.</p>
<p><strong> ¿Quién otorga la condición de refugiado en México?</strong></p>
<ul>
<li>La Comisión Mexicana de Ayuda a Refugiados <a href="https://www.gob.mx/comar">(<strong>COMAR</strong>)</a></li>
</ul>
<p>Puedes iniciar el trámite en COMAR  o en el Instituto Nacional de  Migración (INM)</p>
<p><strong>¿Qué  me ofrece la condición de refugiado?</strong></p>
<ul>
<li>No serás devuelto a tu país</li>
<li>Tendrás acceso a derechos y la COMAR puede canalizarte a instituciones que brindan diversos servicios.</li>
<li>Además podrás tramitar documentación para una estancia regular y que puedas trabajar.</li>
</ul>
<p>Si estas en Tamaulipas y necesitas apoyo y asistencia de albergue y alimentación puedes acudir a las oficinas del <a href="https://www.tamaulipas.gob.mx/migrantes/directorio/"><span style="text-decoration: underline;">Instituto Tamaulipeco para los Migrantes</span></a> o directamente a los <a href="https://www.tamaulipas.gob.mx/migrantes/albergues-2/">albergues y casas del migrante.</a></p>
<p><strong>¿Por cuánto tiempo es válido?</strong></p>
<ul>
<li>La Constancia de trámite es válida durante todo el procedimiento.</li>
</ul>
<p>Si la respuesta a tu trámite es positiva podrás quedarte a vivir en México el tiempo que quieras.</p>
<p><strong>¿Qué documento me dan?</strong></p>
<ul>
<li>Constancia del trámite de COMAR</li>
<li>CURP Temporal</li>
</ul>
<p>Tienes derecho a tramitar ante el INM la tarjeta de visitante por razones humanitarias.</p>
<p>Si cuentas con CURP y Tarjeta de Visitante por razones humanitarias, podrás trabajar.</p>
<p><strong>¿Qué pasa después?</strong></p>
<p>Si eres reconocido como una persona refugiada, podrás quedarte a vivir en México el tiempo que quieras, tendrás la residencia permanente y CURP.</p>
<p>Como una persona refugiada podrás moverte libremente dentro del país, tendrás derecho a educación, trabajo, salud y contarás con la protección del Estado Mexicano.</p>
<p>Además, si lo deseas, tienes el derecho a solicitar a la COMAR, que valore la posibilidad de traer a tu familia a vivir contigo; a este trámite se le llama reunificación familiar.</p>

<p>SOLICITANTE DE LA CONDICIÓN DE REFUGIADO A veces las personas salen de sus países en busca de trabajo y otras oportunidades. Otras veces salen porque…</p>
