{"id":593,"date":"2023-05-04T16:14:58","date_gmt":"2023-05-04T22:14:58","guid":{"rendered":"https:\/\/www.tamaulipas.gob.mx\/migrantes\/?page_id=593"},"modified":"2023-10-30T16:53:13","modified_gmt":"2023-10-30T22:53:13","slug":"asesoria-juridica","status":"publish","type":"page","link":"https:\/\/www.tamaulipas.gob.mx\/migrantes\/asesoria-juridica\/","title":{"rendered":"Asesor\u00eda Jur\u00eddica"},"content":{"rendered":"<p style=\"text-align: justify;\">El Instituto Tamaulipeco para los Migrantes cuenta con personal especializado para brindarte asesor\u00eda respecto a los derechos con que cuentas en tu condici\u00f3n de migrante, adem\u00e1s para brindarte orientaci\u00f3n en procedimientos administrativos\u00a0 y legales, as\u00ed como para asistirte en caso de ser victima de abusos, maltratos o alg\u00fan il\u00edcito.<\/p>\n<p>Este servicio lo puedes recibir de manera directa en las instalaciones del propio Instituto, por v\u00eda telef\u00f3nica o a trav\u00e9s de nuestras plataformas.<\/p>\n<p><a href=\"https:\/\/www.tamaulipas.gob.mx\/migrantes\/programas\/\">CONOCE TUS DERECHOS.<\/a><\/p>\n","protected":false},"excerpt":{"rendered":"<p>El Instituto Tamaulipeco para los Migrantes cuenta con personal especializado para brindarte asesor\u00eda respecto a los derechos con que cuentas en tu condici\u00f3n de migrante,\u2026<\/p>\n","protected":false},"author":1,"featured_media":0,"parent":0,"menu_order":0,"comment_status":"closed","ping_status":"closed","template":"","meta":{"footnotes":""},"class_list":["post-593","page","type-page","status-publish","hentry"],"publishpress_future_action":{"enabled":false,"date":"2026-05-04 05:34:03","action":"change-status","newStatus":"draft","terms":[],"taxonomy":""},"_links":{"self":[{"href":"https:\/\/www.tamaulipas.gob.mx\/migrantes\/wp-json\/wp\/v2\/pages\/593"}],"collection":[{"href":"https:\/\/www.tamaulipas.gob.mx\/migrantes\/wp-json\/wp\/v2\/pages"}],"about":[{"href":"https:\/\/www.tamaulipas.gob.mx\/migrantes\/wp-json\/wp\/v2\/types\/page"}],"author":[{"embeddable":true,"href":"https:\/\/www.tamaulipas.gob.mx\/migrantes\/wp-json\/wp\/v2\/users\/1"}],"replies":[{"embeddable":true,"href":"https:\/\/www.tamaulipas.gob.mx\/migrantes\/wp-json\/wp\/v2\/comments?post=593"}],"version-history":[{"count":2,"href":"https:\/\/www.tamaulipas.gob.mx\/migrantes\/wp-json\/wp\/v2\/pages\/593\/revisions"}],"predecessor-version":[{"id":1452,"href":"https:\/\/www.tamaulipas.gob.mx\/migrantes\/wp-json\/wp\/v2\/pages\/593\/revisions\/1452"}],"wp:attachment":[{"href":"https:\/\/www.tamaulipas.gob.mx\/migrantes\/wp-json\/wp\/v2\/media?parent=593"}],"curies":[{"name":"wp","href":"https:\/\/api.w.org\/{rel}","templated":true}]}}

Asesoría Jurídica

<p style="text-align: justify;">El Instituto Tamaulipeco para los Migrantes cuenta con personal especializado para brindarte asesoría respecto a los derechos con que cuentas en tu condición de migrante, además para brindarte orientación en procedimientos administrativos  y legales, así como para asistirte en caso de ser victima de abusos, maltratos o algún ilícito.</p>
<p>Este servicio lo puedes recibir de manera directa en las instalaciones del propio Instituto, por vía telefónica o a través de nuestras plataformas.</p>
<p><a href="https://www.tamaulipas.gob.mx/migrantes/programas/">CONOCE TUS DERECHOS.</a></p>

<p>El Instituto Tamaulipeco para los Migrantes cuenta con personal especializado para brindarte asesoría respecto a los derechos con que cuentas en tu condición de migrante,…</p>
