{"id":590,"date":"2023-05-04T16:13:09","date_gmt":"2023-05-04T22:13:09","guid":{"rendered":"https:\/\/www.tamaulipas.gob.mx\/migrantes\/?page_id=590"},"modified":"2023-10-30T16:48:56","modified_gmt":"2023-10-30T22:48:56","slug":"asistencia-medica-y-psicologia","status":"publish","type":"page","link":"https:\/\/www.tamaulipas.gob.mx\/migrantes\/asistencia-medica-y-psicologia\/","title":{"rendered":"Asistencia M\u00e9dica y Psicol\u00f3gia"},"content":{"rendered":"<p>El Gobierno del Estado de Tamaulipas garantiza a la poblaci\u00f3n migrante nacional o extranjera el derecho a la salud, por ello te garantiza la atenci\u00f3n m\u00e9dica y psicol\u00f3gica, independientemente de la condici\u00f3n migratoria en que te encuentres.<\/p>\n<p>Si requieres este tipo de atenci\u00f3n, comun\u00edcate a cualquiera de nuestras oficinas para que personal del Instituto Tamaulipeco para los Migrantes te canalice al centro m\u00e9dico mas cercano a tu ubicaci\u00f3n.<\/p>\n<p><a href=\"https:\/\/www.tamaulipas.gob.mx\/migrantes\/directorio\/\">Consulta el Directorio en esta pagina.<\/a><\/p>\n","protected":false},"excerpt":{"rendered":"<p>El Gobierno del Estado de Tamaulipas garantiza a la poblaci\u00f3n migrante nacional o extranjera el derecho a la salud, por ello te garantiza la atenci\u00f3n\u2026<\/p>\n","protected":false},"author":1,"featured_media":0,"parent":0,"menu_order":0,"comment_status":"closed","ping_status":"closed","template":"","meta":{"footnotes":""},"class_list":["post-590","page","type-page","status-publish","hentry"],"publishpress_future_action":{"enabled":false,"date":"2026-05-04 05:35:23","action":"change-status","newStatus":"draft","terms":[],"taxonomy":""},"_links":{"self":[{"href":"https:\/\/www.tamaulipas.gob.mx\/migrantes\/wp-json\/wp\/v2\/pages\/590"}],"collection":[{"href":"https:\/\/www.tamaulipas.gob.mx\/migrantes\/wp-json\/wp\/v2\/pages"}],"about":[{"href":"https:\/\/www.tamaulipas.gob.mx\/migrantes\/wp-json\/wp\/v2\/types\/page"}],"author":[{"embeddable":true,"href":"https:\/\/www.tamaulipas.gob.mx\/migrantes\/wp-json\/wp\/v2\/users\/1"}],"replies":[{"embeddable":true,"href":"https:\/\/www.tamaulipas.gob.mx\/migrantes\/wp-json\/wp\/v2\/comments?post=590"}],"version-history":[{"count":2,"href":"https:\/\/www.tamaulipas.gob.mx\/migrantes\/wp-json\/wp\/v2\/pages\/590\/revisions"}],"predecessor-version":[{"id":1450,"href":"https:\/\/www.tamaulipas.gob.mx\/migrantes\/wp-json\/wp\/v2\/pages\/590\/revisions\/1450"}],"wp:attachment":[{"href":"https:\/\/www.tamaulipas.gob.mx\/migrantes\/wp-json\/wp\/v2\/media?parent=590"}],"curies":[{"name":"wp","href":"https:\/\/api.w.org\/{rel}","templated":true}]}}

Asistencia Médica y Psicológia

<p>El Gobierno del Estado de Tamaulipas garantiza a la población migrante nacional o extranjera el derecho a la salud, por ello te garantiza la atención médica y psicológica, independientemente de la condición migratoria en que te encuentres.</p>
<p>Si requieres este tipo de atención, comunícate a cualquiera de nuestras oficinas para que personal del Instituto Tamaulipeco para los Migrantes te canalice al centro médico mas cercano a tu ubicación.</p>
<p><a href="https://www.tamaulipas.gob.mx/migrantes/directorio/">Consulta el Directorio en esta pagina.</a></p>

<p>El Gobierno del Estado de Tamaulipas garantiza a la población migrante nacional o extranjera el derecho a la salud, por ello te garantiza la atención…</p>
