{"id":453,"date":"2023-04-26T12:33:31","date_gmt":"2023-04-26T18:33:31","guid":{"rendered":"https:\/\/www.tamaulipas.gob.mx\/migrantes\/?page_id=453"},"modified":"2023-11-13T10:03:43","modified_gmt":"2023-11-13T16:03:43","slug":"reunificacion-familiar","status":"publish","type":"page","link":"https:\/\/www.tamaulipas.gob.mx\/migrantes\/reunificacion-familiar\/","title":{"rendered":"Programa de Reencuentro Familiar"},"content":{"rendered":"<p style=\"text-align: justify;\">Con el\u00a0 prop\u00f3sito de\u00a0 fomentar la reunificaci\u00f3n familiar entre los migrantes tamaulipecos y sus familias, el Gobierno del Estado de Tamaulipas a trav\u00e9s del Instituto Tamaulipeco para los Migrantes implementa el programa denominado <strong>\u00abReencuentro Familiares\u00bb<\/strong> a fin de retomar los valores afectivos y v\u00ednculos de apoyo entre padres e hijos para fortalecer la identidad familiar.<\/p>\n<p>Este programa aplica para madres, padres o ambos mayores de 65 a\u00f1os, que tengan una d\u00e9cada de no ver a su hijo o hijos migrantes, que radican en Estados Unidos y que por su condici\u00f3n migratoria les impida regresar a sus lugares de origen.<\/p>\n<p style=\"text-align: justify;\">Para acceder a este programa es indispensable pertenecer a un club de migrantes de Tamaulipecos en el exterior debidamente registrado en el Gobierno del Estado de Tamaulipas.<\/p>\n<p><a href=\"https:\/\/www.tamaulipas.gob.mx\/migrantes\/wp-content\/uploads\/sites\/28\/2023\/11\/triptico-reencuentro-familiar-3.pdf\">tr\u00edptico-reencuentro-familiar<\/a><\/p>\n<p><a href=\"https:\/\/www.tamaulipas.gob.mx\/migrantes\/directorio\/\"><span style=\"text-decoration: underline;\"><span style=\"color: #ff0000;\">Para mayor informaci\u00f3n acude a nuestras oficinas <\/span><span style=\"color: #ff0000;\">aqu\u00ed<\/span><\/span><\/a><\/p>\n","protected":false},"excerpt":{"rendered":"<p>Con el\u00a0 prop\u00f3sito de\u00a0 fomentar la reunificaci\u00f3n familiar entre los migrantes tamaulipecos y sus familias, el Gobierno del Estado de Tamaulipas a trav\u00e9s del Instituto\u2026<\/p>\n","protected":false},"author":1,"featured_media":0,"parent":0,"menu_order":0,"comment_status":"closed","ping_status":"closed","template":"","meta":{"footnotes":""},"class_list":["post-453","page","type-page","status-publish","hentry"],"publishpress_future_action":{"enabled":false,"date":"2026-05-04 05:34:53","action":"change-status","newStatus":"draft","terms":[],"taxonomy":""},"_links":{"self":[{"href":"https:\/\/www.tamaulipas.gob.mx\/migrantes\/wp-json\/wp\/v2\/pages\/453"}],"collection":[{"href":"https:\/\/www.tamaulipas.gob.mx\/migrantes\/wp-json\/wp\/v2\/pages"}],"about":[{"href":"https:\/\/www.tamaulipas.gob.mx\/migrantes\/wp-json\/wp\/v2\/types\/page"}],"author":[{"embeddable":true,"href":"https:\/\/www.tamaulipas.gob.mx\/migrantes\/wp-json\/wp\/v2\/users\/1"}],"replies":[{"embeddable":true,"href":"https:\/\/www.tamaulipas.gob.mx\/migrantes\/wp-json\/wp\/v2\/comments?post=453"}],"version-history":[{"count":15,"href":"https:\/\/www.tamaulipas.gob.mx\/migrantes\/wp-json\/wp\/v2\/pages\/453\/revisions"}],"predecessor-version":[{"id":1564,"href":"https:\/\/www.tamaulipas.gob.mx\/migrantes\/wp-json\/wp\/v2\/pages\/453\/revisions\/1564"}],"wp:attachment":[{"href":"https:\/\/www.tamaulipas.gob.mx\/migrantes\/wp-json\/wp\/v2\/media?parent=453"}],"curies":[{"name":"wp","href":"https:\/\/api.w.org\/{rel}","templated":true}]}}

<p style="text-align: justify;">Con el  propósito de  fomentar la reunificación familiar entre los migrantes tamaulipecos y sus familias, el Gobierno del Estado de Tamaulipas a través del Instituto Tamaulipeco para los Migrantes implementa el programa denominado <strong>«Reencuentro Familiares»</strong> a fin de retomar los valores afectivos y vínculos de apoyo entre padres e hijos para fortalecer la identidad familiar.</p>
<p>Este programa aplica para madres, padres o ambos mayores de 65 años, que tengan una década de no ver a su hijo o hijos migrantes, que radican en Estados Unidos y que por su condición migratoria les impida regresar a sus lugares de origen.</p>
<p style="text-align: justify;">Para acceder a este programa es indispensable pertenecer a un club de migrantes de Tamaulipecos en el exterior debidamente registrado en el Gobierno del Estado de Tamaulipas.</p>
<p><a href="https://www.tamaulipas.gob.mx/migrantes/wp-content/uploads/sites/28/2023/11/triptico-reencuentro-familiar-3.pdf">tríptico-reencuentro-familiar</a></p>
<p><a href="https://www.tamaulipas.gob.mx/migrantes/directorio/"><span style="text-decoration: underline;"><span style="color: #ff0000;">Para mayor información acude a nuestras oficinas </span><span style="color: #ff0000;">aquí</span></span></a></p>

<p>Con el  propósito de  fomentar la reunificación familiar entre los migrantes tamaulipecos y sus familias, el Gobierno del Estado de Tamaulipas a través del Instituto…</p>
