{"id":1794,"date":"2024-10-24T10:58:31","date_gmt":"2024-10-24T16:58:31","guid":{"rendered":"https:\/\/www.tamaulipas.gob.mx\/migrantes\/?page_id=1794"},"modified":"2025-03-31T16:17:11","modified_gmt":"2025-03-31T22:17:11","slug":"folletos-informativos","status":"publish","type":"page","link":"https:\/\/www.tamaulipas.gob.mx\/migrantes\/folletos-informativos\/","title":{"rendered":"FOLLETOS INFORMATIVOS"},"content":{"rendered":"<p style=\"text-align: center;\"><strong>MATERIAL DE PROTECCI\u00d3N PREVENTIVA, FOLLETOS INFORMATIVOS, ASISTENCIA Y PROTECCI\u00d3N CONSULAR.<\/strong><\/p>\n<p><a href=\"https:\/\/www.tamaulipas.gob.mx\/migrantes\/wp-content\/uploads\/sites\/28\/2024\/10\/repatriciones-a-mexico-de-pacie-ntes-en-condiciones-criticas.pdf\">*Repatriciones a M\u00e9xico de pacientes en condiciones criticas.<\/a><\/p>\n<p><a href=\"https:\/\/www.tamaulipas.gob.mx\/migrantes\/wp-content\/uploads\/sites\/28\/2024\/10\/repatriacion-a-mexico-de-personas-en-situacion-de-vulnerabilidad.pdf\">*Repatriacion a M\u00e9xico de personas en situaci\u00f3n de vulnerabilidad<\/a>.<\/p>\n<p><a href=\"https:\/\/www.tamaulipas.gob.mx\/migrantes\/wp-content\/uploads\/sites\/28\/2024\/07\/convenio-de-colaboracion-internacional-entre-instituto-tamaulipeco-para-los-migrantes-y-sectetaria-de-turismo.pdf\">*Convenio de Colaboraci\u00f3n Internacional entre Instituto Tamaulipeco para los Migrantes y Sectetaria-de-Turismo<\/a><\/p>\n<p><a href=\"https:\/\/www.tamaulipas.gob.mx\/migrantes\/wp-content\/uploads\/sites\/28\/2024\/10\/pensiones-alimenticias-internacionales.pdf\">*Pensiones Alimenticias Internacionales.<\/a><\/p>\n<p><a href=\"https:\/\/www.tamaulipas.gob.mx\/migrantes\/wp-content\/uploads\/sites\/28\/2024\/10\/traslado-de-restos-de-una-persona-a-mexico.pdf\">*Traslado de restos de una persona a M\u00e9xico.<\/a><\/p>\n<p><a href=\"https:\/\/www.tamaulipas.gob.mx\/migrantes\/wp-content\/uploads\/sites\/28\/2024\/10\/sustraccioin-y-restitucioin-internac-ional-de-personas-menores-de-edad.pdf\">*Sustracci\u00f3n y restituci\u00f3n internacional de personas menores de edad.<\/a><\/p>\n<p><a href=\"https:\/\/www.tamaulipas.gob.mx\/migrantes\/wp-content\/uploads\/sites\/28\/2025\/03\/detencion-migratoria.pdf\">*Detenci\u00f3n-migratoria<\/a><\/p>\n<p><a href=\"https:\/\/www.tamaulipas.gob.mx\/migrantes\/wp-content\/uploads\/sites\/28\/2025\/03\/infraccion-de-transito.pdf\">*Detenci\u00f3n por infracci\u00f3n de transito<\/a><\/p>\n<p><a href=\"https:\/\/www.tamaulipas.gob.mx\/migrantes\/wp-content\/uploads\/sites\/28\/2025\/03\/notificacion-consular.pdf\">*Notificaci\u00f3n-consular<\/a><\/p>\n<p><a href=\"https:\/\/www.tamaulipas.gob.mx\/migrantes\/wp-content\/uploads\/sites\/28\/2025\/03\/conoce-y-ejerce-tus-derechos-2024.pdf\">*Conoce-y-ejerce-tus-derechos<\/a><\/p>\n<p><a href=\"https:\/\/www.tamaulipas.gob.mx\/migrantes\/wp-content\/uploads\/sites\/28\/2025\/03\/consulapp-esta-disenada-para-brindar-seguridad-y-eba2eypllbbqno6qqmncowne54-1.jpg\">*\u00bfQu\u00e9 es ConsulApp?<\/a><\/p>\n<p>&nbsp;<\/p>\n","protected":false},"excerpt":{"rendered":"<p>MATERIAL DE PROTECCI\u00d3N PREVENTIVA, FOLLETOS INFORMATIVOS, ASISTENCIA Y PROTECCI\u00d3N CONSULAR. *Repatriciones a M\u00e9xico de pacientes en condiciones criticas. *Repatriacion a M\u00e9xico de personas en situaci\u00f3n\u2026<\/p>\n","protected":false},"author":322,"featured_media":0,"parent":0,"menu_order":0,"comment_status":"closed","ping_status":"closed","template":"","meta":{"footnotes":""},"class_list":["post-1794","page","type-page","status-publish","hentry"],"publishpress_future_action":{"enabled":false,"date":"2026-05-04 07:05:08","action":"change-status","newStatus":"draft","terms":[],"taxonomy":""},"_links":{"self":[{"href":"https:\/\/www.tamaulipas.gob.mx\/migrantes\/wp-json\/wp\/v2\/pages\/1794"}],"collection":[{"href":"https:\/\/www.tamaulipas.gob.mx\/migrantes\/wp-json\/wp\/v2\/pages"}],"about":[{"href":"https:\/\/www.tamaulipas.gob.mx\/migrantes\/wp-json\/wp\/v2\/types\/page"}],"author":[{"embeddable":true,"href":"https:\/\/www.tamaulipas.gob.mx\/migrantes\/wp-json\/wp\/v2\/users\/322"}],"replies":[{"embeddable":true,"href":"https:\/\/www.tamaulipas.gob.mx\/migrantes\/wp-json\/wp\/v2\/comments?post=1794"}],"version-history":[{"count":11,"href":"https:\/\/www.tamaulipas.gob.mx\/migrantes\/wp-json\/wp\/v2\/pages\/1794\/revisions"}],"predecessor-version":[{"id":1874,"href":"https:\/\/www.tamaulipas.gob.mx\/migrantes\/wp-json\/wp\/v2\/pages\/1794\/revisions\/1874"}],"wp:attachment":[{"href":"https:\/\/www.tamaulipas.gob.mx\/migrantes\/wp-json\/wp\/v2\/media?parent=1794"}],"curies":[{"name":"wp","href":"https:\/\/api.w.org\/{rel}","templated":true}]}}

<p style="text-align: center;"><strong>MATERIAL DE PROTECCIÓN PREVENTIVA, FOLLETOS INFORMATIVOS, ASISTENCIA Y PROTECCIÓN CONSULAR.</strong></p>
<p><a href="https://www.tamaulipas.gob.mx/migrantes/wp-content/uploads/sites/28/2024/10/repatriciones-a-mexico-de-pacie-ntes-en-condiciones-criticas.pdf">*Repatriciones a México de pacientes en condiciones criticas.</a></p>
<p><a href="https://www.tamaulipas.gob.mx/migrantes/wp-content/uploads/sites/28/2024/10/repatriacion-a-mexico-de-personas-en-situacion-de-vulnerabilidad.pdf">*Repatriacion a México de personas en situación de vulnerabilidad</a>.</p>
<p><a href="https://www.tamaulipas.gob.mx/migrantes/wp-content/uploads/sites/28/2024/07/convenio-de-colaboracion-internacional-entre-instituto-tamaulipeco-para-los-migrantes-y-sectetaria-de-turismo.pdf">*Convenio de Colaboración Internacional entre Instituto Tamaulipeco para los Migrantes y Sectetaria-de-Turismo</a></p>
<p><a href="https://www.tamaulipas.gob.mx/migrantes/wp-content/uploads/sites/28/2024/10/pensiones-alimenticias-internacionales.pdf">*Pensiones Alimenticias Internacionales.</a></p>
<p><a href="https://www.tamaulipas.gob.mx/migrantes/wp-content/uploads/sites/28/2024/10/traslado-de-restos-de-una-persona-a-mexico.pdf">*Traslado de restos de una persona a México.</a></p>
<p><a href="https://www.tamaulipas.gob.mx/migrantes/wp-content/uploads/sites/28/2024/10/sustraccioin-y-restitucioin-internac-ional-de-personas-menores-de-edad.pdf">*Sustracción y restitución internacional de personas menores de edad.</a></p>
<p><a href="https://www.tamaulipas.gob.mx/migrantes/wp-content/uploads/sites/28/2025/03/detencion-migratoria.pdf">*Detención-migratoria</a></p>
<p><a href="https://www.tamaulipas.gob.mx/migrantes/wp-content/uploads/sites/28/2025/03/infraccion-de-transito.pdf">*Detención por infracción de transito</a></p>
<p><a href="https://www.tamaulipas.gob.mx/migrantes/wp-content/uploads/sites/28/2025/03/notificacion-consular.pdf">*Notificación-consular</a></p>
<p><a href="https://www.tamaulipas.gob.mx/migrantes/wp-content/uploads/sites/28/2025/03/conoce-y-ejerce-tus-derechos-2024.pdf">*Conoce-y-ejerce-tus-derechos</a></p>
<p><a href="https://www.tamaulipas.gob.mx/migrantes/wp-content/uploads/sites/28/2025/03/consulapp-esta-disenada-para-brindar-seguridad-y-eba2eypllbbqno6qqmncowne54-1.jpg">*¿Qué es ConsulApp?</a></p>
<p>&nbsp;</p>

<p>MATERIAL DE PROTECCIÓN PREVENTIVA, FOLLETOS INFORMATIVOS, ASISTENCIA Y PROTECCIÓN CONSULAR. *Repatriciones a México de pacientes en condiciones criticas. *Repatriacion a México de personas en situación…</p>
