{"id":1509,"date":"2023-10-31T12:23:56","date_gmt":"2023-10-31T18:23:56","guid":{"rendered":"https:\/\/www.tamaulipas.gob.mx\/migrantes\/?page_id=1509"},"modified":"2024-06-24T11:22:26","modified_gmt":"2024-06-24T17:22:26","slug":"pasaporte-americano","status":"publish","type":"page","link":"https:\/\/www.tamaulipas.gob.mx\/migrantes\/pasaporte-americano\/","title":{"rendered":"Pasaporte Americano"},"content":{"rendered":"<p><strong>TERCERA FERIA DEL \u201cPASAPORTE AMERICANO\u201d<\/strong><\/p>\n<p>Si tienes un hijo que naci\u00f3 en Estados Unido y no tiene su pasaporte Americano, ac\u00e9rcate al Instituto Tamaulipeco para los Migrantes.<\/p>\n<p>Se brinda atenci\u00f3n, asesor\u00eda y apoyo a Ni\u00f1as, Ni\u00f1os y Adolescentes, solicitantes de pasaporte americano, nacidos en Estados Unidos, hijos de padres tamaulipecos y que ya radican en la entidad.<\/p>\n<p>Para acceder a estos beneficios, es necesario acudir a una de las Delegaciones del ITM, en el estado, para ser registrado y elaborar el llenado de la aplicaci\u00f3n oficial del Consulado General de Estados Unidos en Matamoros y cubrir una serie de requisitos como:<\/p>\n<p><strong>1.-<\/strong>\u00a0Prueba de ciudadan\u00eda del menor: deber\u00e1n de escribirlo en la solicitud y presentar la tarjeta si es que cuenta con ella.<\/p>\n<p><strong>2.-<\/strong>\u00a0Pasaportes anteriores si ya ha tenido.<\/p>\n<p><strong>3.-<\/strong>\u00a0El n\u00famero del seguro social deber\u00e1n de escribirlo en la solicitud y presentar la tarjeta si es que cuenta con ella.<\/p>\n<p><strong>4.-<\/strong>\u00a0Si el solicitante tiene 16 o 17 a\u00f1os, solo uno de los padres debe de acompa\u00f1arlo.<\/p>\n<p><strong>5.-<\/strong>\u00a0Una fotograf\u00eda tama\u00f1o pasaporte, medidas de 5\u00d75 cent\u00edmetros. A color con fondo blanco.<\/p>\n<p><strong>Los costos son en d\u00f3lares.<\/strong><\/p>\n<p><strong>Menores de 16 a\u00f1os:<\/strong><\/p>\n<p style=\"padding-left: 160px;\">Pasaporte:\u00a0\u00a0\u00a0\u00a0\u00a0\u00a0\u00a0\u00a0\u00a0\u00a0\u00a0\u00a0\u00a0\u00a0\u00a0 $\u00a0 135.00<\/p>\n<p style=\"padding-left: 160px;\">Tarjeta:\u00a0 \u00a0 \u00a0 \u00a0 \u00a0 \u00a0 \u00a0 \u00a0 \u00a0 \u00a0 \u00a0 \u00a0$\u00a0 50.00<\/p>\n<p style=\"padding-left: 80px;\">Pasaporte y Tarjeta:\u00a0 \u00a0 \u00a0 \u00a0 \u00a0 \u00a0 \u00a0 \u00a0 \u00a0 \u00a0 \u00a0$\u00a0 150.00<\/p>\n<p><strong>Entre 16 y 17 a\u00f1os de edad:<\/strong><\/p>\n<p><strong>\u00a0 \u00a0 \u00a0 \u00a0 \u00a0 \u00a0 \u00a0 \u00a0 \u00a0 \u00a0 \u00a0 \u00a0 \u00a0 \u00a0 \u00a0 \u00a0 \u00a0 \u00a0 \u00a0 \u00a0\u00a0<\/strong>Pasaporte:\u00a0 \u00a0 \u00a0 \u00a0 \u00a0 \u00a0 \u00a0 \u00a0 \u00a0$\u00a0 165.00<\/p>\n<p style=\"padding-left: 160px;\">Tarjeta:\u00a0\u00a0\u00a0\u00a0\u00a0\u00a0\u00a0\u00a0\u00a0\u00a0\u00a0\u00a0\u00a0\u00a0\u00a0\u00a0\u00a0\u00a0\u00a0\u00a0\u00a0 $\u00a0 \u00a065.00<\/p>\n<p style=\"padding-left: 80px;\">Pasaporte y Tarjeta:\u00a0\u00a0\u00a0\u00a0\u00a0\u00a0\u00a0\u00a0\u00a0\u00a0\u00a0\u00a0\u00a0\u00a0\u00a0\u00a0\u00a0\u00a0\u00a0\u00a0\u00a0 $\u00a0 195.00<\/p>\n<p><img loading=\"lazy\" decoding=\"async\" class=\"alignnone size-full wp-image-1669\" src=\"https:\/\/www.tamaulipas.gob.mx\/migrantes\/wp-content\/uploads\/sites\/28\/2017\/06\/evento-de-pasaportes-agosto-2024.png\" alt=\"\" width=\"1006\" height=\"1200\" \/><\/p>\n","protected":false},"excerpt":{"rendered":"<p>TERCERA FERIA DEL \u201cPASAPORTE AMERICANO\u201d Si tienes un hijo que naci\u00f3 en Estados Unido y no tiene su pasaporte Americano, ac\u00e9rcate al Instituto Tamaulipeco para\u2026<\/p>\n","protected":false},"author":322,"featured_media":0,"parent":0,"menu_order":0,"comment_status":"closed","ping_status":"closed","template":"","meta":{"footnotes":""},"class_list":["post-1509","page","type-page","status-publish","hentry"],"publishpress_future_action":{"enabled":false,"date":"2026-05-04 03:55:51","action":"change-status","newStatus":"draft","terms":[],"taxonomy":""},"_links":{"self":[{"href":"https:\/\/www.tamaulipas.gob.mx\/migrantes\/wp-json\/wp\/v2\/pages\/1509"}],"collection":[{"href":"https:\/\/www.tamaulipas.gob.mx\/migrantes\/wp-json\/wp\/v2\/pages"}],"about":[{"href":"https:\/\/www.tamaulipas.gob.mx\/migrantes\/wp-json\/wp\/v2\/types\/page"}],"author":[{"embeddable":true,"href":"https:\/\/www.tamaulipas.gob.mx\/migrantes\/wp-json\/wp\/v2\/users\/322"}],"replies":[{"embeddable":true,"href":"https:\/\/www.tamaulipas.gob.mx\/migrantes\/wp-json\/wp\/v2\/comments?post=1509"}],"version-history":[{"count":4,"href":"https:\/\/www.tamaulipas.gob.mx\/migrantes\/wp-json\/wp\/v2\/pages\/1509\/revisions"}],"predecessor-version":[{"id":1677,"href":"https:\/\/www.tamaulipas.gob.mx\/migrantes\/wp-json\/wp\/v2\/pages\/1509\/revisions\/1677"}],"wp:attachment":[{"href":"https:\/\/www.tamaulipas.gob.mx\/migrantes\/wp-json\/wp\/v2\/media?parent=1509"}],"curies":[{"name":"wp","href":"https:\/\/api.w.org\/{rel}","templated":true}]}}

<p><strong>TERCERA FERIA DEL “PASAPORTE AMERICANO”</strong></p>
<p>Si tienes un hijo que nació en Estados Unido y no tiene su pasaporte Americano, acércate al Instituto Tamaulipeco para los Migrantes.</p>
<p>Se brinda atención, asesoría y apoyo a Niñas, Niños y Adolescentes, solicitantes de pasaporte americano, nacidos en Estados Unidos, hijos de padres tamaulipecos y que ya radican en la entidad.</p>
<p>Para acceder a estos beneficios, es necesario acudir a una de las Delegaciones del ITM, en el estado, para ser registrado y elaborar el llenado de la aplicación oficial del Consulado General de Estados Unidos en Matamoros y cubrir una serie de requisitos como:</p>
<p><strong>1.-</strong> Prueba de ciudadanía del menor: deberán de escribirlo en la solicitud y presentar la tarjeta si es que cuenta con ella.</p>
<p><strong>2.-</strong> Pasaportes anteriores si ya ha tenido.</p>
<p><strong>3.-</strong> El número del seguro social deberán de escribirlo en la solicitud y presentar la tarjeta si es que cuenta con ella.</p>
<p><strong>4.-</strong> Si el solicitante tiene 16 o 17 años, solo uno de los padres debe de acompañarlo.</p>
<p><strong>5.-</strong> Una fotografía tamaño pasaporte, medidas de 5×5 centímetros. A color con fondo blanco.</p>
<p><strong>Los costos son en dólares.</strong></p>
<p><strong>Menores de 16 años:</strong></p>
<p style="padding-left: 160px;">Pasaporte:                $  135.00</p>
<p style="padding-left: 160px;">Tarjeta:                       $  50.00</p>
<p style="padding-left: 80px;">Pasaporte y Tarjeta:                     $  150.00</p>
<p><strong>Entre 16 y 17 años de edad:</strong></p>
<p><strong>                                        </strong>Pasaporte:                 $  165.00</p>
<p style="padding-left: 160px;">Tarjeta:                      $   65.00</p>
<p style="padding-left: 80px;">Pasaporte y Tarjeta:                      $  195.00</p>
<p><img loading="lazy" decoding="async" class="alignnone size-full wp-image-1669" src="https://www.tamaulipas.gob.mx/migrantes/wp-content/uploads/sites/28/2017/06/evento-de-pasaportes-agosto-2024.png" alt="" width="1006" height="1200" /></p>

<p>TERCERA FERIA DEL “PASAPORTE AMERICANO” Si tienes un hijo que nació en Estados Unido y no tiene su pasaporte Americano, acércate al Instituto Tamaulipeco para…</p>
