{"id":1505,"date":"2023-10-31T12:22:48","date_gmt":"2023-10-31T18:22:48","guid":{"rendered":"https:\/\/www.tamaulipas.gob.mx\/migrantes\/?page_id=1505"},"modified":"2023-11-01T13:21:31","modified_gmt":"2023-11-01T19:21:31","slug":"asesoria-defensa-y-patrocinio-para-migrantes-y-sus-familias","status":"publish","type":"page","link":"https:\/\/www.tamaulipas.gob.mx\/migrantes\/asesoria-defensa-y-patrocinio-para-migrantes-y-sus-familias\/","title":{"rendered":"Asesor\u00eda, defensa y patrocinio para migrantes y sus familias"},"content":{"rendered":"<p style=\"text-align: justify;\">A fin de facilitar el acceso a la justicia de los migrantes tamaulipecos y sus familias, el Instituto Tamaulipeco para los Migrantes y el Instituto de Defensor\u00eda Publica del Estado de Tamaulipas firmaron un convenio interinstitucional de colaboraci\u00f3n para brindar asesor\u00eda, orientaci\u00f3n, patrocinio y defensa penal a esta comunidad migrante en materia civil, familiar, mercantil y penal.<\/p>\n<p><a href=\"https:\/\/www.tamaulipas.gob.mx\/2023\/08\/36235\/\"><span style=\"text-decoration: underline;\">Mas informaci\u00f3n.<\/span><\/a><\/p>\n<p><a href=\"https:\/\/www.tamaulipas.gob.mx\/migrantes\/wp-content\/uploads\/sites\/28\/2023\/11\/triptico-migrantes_justicia-sin-obstaculos-1-1.pdf\"><span style=\"text-decoration: underline;\">Tr\u00edptico.<\/span><\/a><\/p>\n","protected":false},"excerpt":{"rendered":"<p>A fin de facilitar el acceso a la justicia de los migrantes tamaulipecos y sus familias, el Instituto Tamaulipeco para los Migrantes y el Instituto\u2026<\/p>\n","protected":false},"author":322,"featured_media":0,"parent":0,"menu_order":0,"comment_status":"closed","ping_status":"closed","template":"","meta":{"footnotes":""},"class_list":["post-1505","page","type-page","status-publish","hentry"],"publishpress_future_action":{"enabled":false,"date":"2026-05-04 08:47:08","action":"change-status","newStatus":"draft","terms":[],"taxonomy":""},"_links":{"self":[{"href":"https:\/\/www.tamaulipas.gob.mx\/migrantes\/wp-json\/wp\/v2\/pages\/1505"}],"collection":[{"href":"https:\/\/www.tamaulipas.gob.mx\/migrantes\/wp-json\/wp\/v2\/pages"}],"about":[{"href":"https:\/\/www.tamaulipas.gob.mx\/migrantes\/wp-json\/wp\/v2\/types\/page"}],"author":[{"embeddable":true,"href":"https:\/\/www.tamaulipas.gob.mx\/migrantes\/wp-json\/wp\/v2\/users\/322"}],"replies":[{"embeddable":true,"href":"https:\/\/www.tamaulipas.gob.mx\/migrantes\/wp-json\/wp\/v2\/comments?post=1505"}],"version-history":[{"count":6,"href":"https:\/\/www.tamaulipas.gob.mx\/migrantes\/wp-json\/wp\/v2\/pages\/1505\/revisions"}],"predecessor-version":[{"id":1575,"href":"https:\/\/www.tamaulipas.gob.mx\/migrantes\/wp-json\/wp\/v2\/pages\/1505\/revisions\/1575"}],"wp:attachment":[{"href":"https:\/\/www.tamaulipas.gob.mx\/migrantes\/wp-json\/wp\/v2\/media?parent=1505"}],"curies":[{"name":"wp","href":"https:\/\/api.w.org\/{rel}","templated":true}]}}

Asesoría, defensa y patrocinio para migrantes y sus familias

<p style="text-align: justify;">A fin de facilitar el acceso a la justicia de los migrantes tamaulipecos y sus familias, el Instituto Tamaulipeco para los Migrantes y el Instituto de Defensoría Publica del Estado de Tamaulipas firmaron un convenio interinstitucional de colaboración para brindar asesoría, orientación, patrocinio y defensa penal a esta comunidad migrante en materia civil, familiar, mercantil y penal.</p>
<p><a href="https://www.tamaulipas.gob.mx/2023/08/36235/"><span style="text-decoration: underline;">Mas información.</span></a></p>
<p><a href="https://www.tamaulipas.gob.mx/migrantes/wp-content/uploads/sites/28/2023/11/triptico-migrantes_justicia-sin-obstaculos-1-1.pdf"><span style="text-decoration: underline;">Tríptico.</span></a></p>
