{"id":1491,"date":"2023-10-31T12:06:05","date_gmt":"2023-10-31T18:06:05","guid":{"rendered":"https:\/\/www.tamaulipas.gob.mx\/migrantes\/?page_id=1491"},"modified":"2024-06-24T11:13:09","modified_gmt":"2024-06-24T17:13:09","slug":"1491-2","status":"publish","type":"page","link":"https:\/\/www.tamaulipas.gob.mx\/migrantes\/1491-2\/","title":{"rendered":"Programas estatales"},"content":{"rendered":"<p><a href=\"https:\/\/www.tamaulipas.gob.mx\/migrantes\/doble-nacionalidad\/\">Doble nacionalidad<\/a>.<\/p>\n<p><a href=\"https:\/\/www.tamaulipas.gob.mx\/migrantes\/certificacion-laboral\/\">Certificaci\u00f3n de habilidades adquiridas en E.U.A.<\/a><\/p>\n<p><a href=\"https:\/\/www.tamaulipas.gob.mx\/migrantes\/otros\/\">Orientaci\u00f3n e informaci\u00f3n sobre visa H2A.<\/a><\/p>\n<p><a href=\"https:\/\/www.tamaulipas.gob.mx\/migrantes\/reunificacion-familiar\/\">Reencuentro familiar para padres mayores de 65 a\u00f1o<\/a>s.<\/p>\n<p><a href=\"https:\/\/www.tamaulipas.gob.mx\/migrantes\/programa-2x1\/\">Proyectos productivos.<\/a><\/p>\n<p><a href=\"https:\/\/www.tamaulipas.gob.mx\/migrantes\/club-migrantes\/\">Integraci\u00f3n de Clubes y Federaciones.<\/a><\/p>\n<p><a href=\"https:\/\/www.tamaulipas.gob.mx\/migrantes\/traslado-de-cuerpos\/\">Gesti\u00f3n y apoyo para traslado de cuerpos.<\/a><\/p>\n<p><a href=\"https:\/\/www.tamaulipas.gob.mx\/migrantes\/asesoria-defensa-y-patrocinio-para-migrantes-y-sus-familias\/\">Asesor\u00eda, defensa y patrocinio para migrantes y sus familias.<\/a><\/p>\n<p><a href=\"https:\/\/www.tamaulipas.gob.mx\/migrantes\/orientacion-financiera\/\">Bancarizate y ahorra.<\/a><\/p>\n<p><a href=\"https:\/\/www.tamaulipas.gob.mx\/migrantes\/pasaporte-americano\/\">Pasaporte americano.<\/a><\/p>\n<p><a href=\"https:\/\/www.tamaulipas.gob.mx\/migrantes\/continuidad-federativa-migrante\/\">Continuidad educativa migrante.<\/a><\/p>\n<p>&nbsp;<\/p>\n<p>&nbsp;<\/p>\n","protected":false},"excerpt":{"rendered":"<p>Doble nacionalidad. Certificaci\u00f3n de habilidades adquiridas en E.U.A. Orientaci\u00f3n e informaci\u00f3n sobre visa H2A. Reencuentro familiar para padres mayores de 65 a\u00f1os. Proyectos productivos. Integraci\u00f3n\u2026<\/p>\n","protected":false},"author":322,"featured_media":0,"parent":0,"menu_order":0,"comment_status":"closed","ping_status":"closed","template":"","meta":{"footnotes":""},"class_list":["post-1491","page","type-page","status-publish","hentry"],"publishpress_future_action":{"enabled":false,"date":"2026-05-04 07:05:10","action":"change-status","newStatus":"draft","terms":[],"taxonomy":""},"_links":{"self":[{"href":"https:\/\/www.tamaulipas.gob.mx\/migrantes\/wp-json\/wp\/v2\/pages\/1491"}],"collection":[{"href":"https:\/\/www.tamaulipas.gob.mx\/migrantes\/wp-json\/wp\/v2\/pages"}],"about":[{"href":"https:\/\/www.tamaulipas.gob.mx\/migrantes\/wp-json\/wp\/v2\/types\/page"}],"author":[{"embeddable":true,"href":"https:\/\/www.tamaulipas.gob.mx\/migrantes\/wp-json\/wp\/v2\/users\/322"}],"replies":[{"embeddable":true,"href":"https:\/\/www.tamaulipas.gob.mx\/migrantes\/wp-json\/wp\/v2\/comments?post=1491"}],"version-history":[{"count":20,"href":"https:\/\/www.tamaulipas.gob.mx\/migrantes\/wp-json\/wp\/v2\/pages\/1491\/revisions"}],"predecessor-version":[{"id":1676,"href":"https:\/\/www.tamaulipas.gob.mx\/migrantes\/wp-json\/wp\/v2\/pages\/1491\/revisions\/1676"}],"wp:attachment":[{"href":"https:\/\/www.tamaulipas.gob.mx\/migrantes\/wp-json\/wp\/v2\/media?parent=1491"}],"curies":[{"name":"wp","href":"https:\/\/api.w.org\/{rel}","templated":true}]}}