{"id":1486,"date":"2023-10-31T11:55:14","date_gmt":"2023-10-31T17:55:14","guid":{"rendered":"https:\/\/www.tamaulipas.gob.mx\/migrantes\/?page_id=1486"},"modified":"2023-11-06T11:29:57","modified_gmt":"2023-11-06T17:29:57","slug":"emigrantes-tamaulipecos","status":"publish","type":"page","link":"https:\/\/www.tamaulipas.gob.mx\/migrantes\/emigrantes-tamaulipecos\/","title":{"rendered":"Emigrantes Tamaulipecos"},"content":{"rendered":"<p style=\"text-align: justify;\">A fin de restablecer el vinculo con la di\u00e1spora tamaulipeca, atender y dar cause a sus necesidades, el Gobierno de Tamaulipas, a trav\u00e9s del Instituto Tamaulipeco para los Migrantes, pone a disposici\u00f3n de los migrantes tamaulipecos que se encuentran en el exterior o que hayan retornado de manera voluntaria o mediante la repatriaci\u00f3n; as\u00ed como a sus familias, diversos programas estatales implementados por la presente administraci\u00f3n; as\u00ed mismo los diversos programas federales existentes de los cuales te brindamos la asistencia para su aplicaci\u00f3n.<\/p>\n<p><a href=\"https:\/\/www.tamaulipas.gob.mx\/migrantes\/1491-2\/\">Ver programas estatales<\/a><\/p>\n<p><a href=\"https:\/\/www.tamaulipas.gob.mx\/migrantes\/programas-federales\/\">Ver programas federales<\/a><\/p>\n","protected":false},"excerpt":{"rendered":"<p>A fin de restablecer el vinculo con la di\u00e1spora tamaulipeca, atender y dar cause a sus necesidades, el Gobierno de Tamaulipas, a trav\u00e9s del Instituto\u2026<\/p>\n","protected":false},"author":322,"featured_media":0,"parent":0,"menu_order":0,"comment_status":"closed","ping_status":"closed","template":"","meta":{"footnotes":""},"class_list":["post-1486","page","type-page","status-publish","hentry"],"publishpress_future_action":{"enabled":false,"date":"2026-05-04 05:36:13","action":"change-status","newStatus":"draft","terms":[],"taxonomy":""},"_links":{"self":[{"href":"https:\/\/www.tamaulipas.gob.mx\/migrantes\/wp-json\/wp\/v2\/pages\/1486"}],"collection":[{"href":"https:\/\/www.tamaulipas.gob.mx\/migrantes\/wp-json\/wp\/v2\/pages"}],"about":[{"href":"https:\/\/www.tamaulipas.gob.mx\/migrantes\/wp-json\/wp\/v2\/types\/page"}],"author":[{"embeddable":true,"href":"https:\/\/www.tamaulipas.gob.mx\/migrantes\/wp-json\/wp\/v2\/users\/322"}],"replies":[{"embeddable":true,"href":"https:\/\/www.tamaulipas.gob.mx\/migrantes\/wp-json\/wp\/v2\/comments?post=1486"}],"version-history":[{"count":15,"href":"https:\/\/www.tamaulipas.gob.mx\/migrantes\/wp-json\/wp\/v2\/pages\/1486\/revisions"}],"predecessor-version":[{"id":1585,"href":"https:\/\/www.tamaulipas.gob.mx\/migrantes\/wp-json\/wp\/v2\/pages\/1486\/revisions\/1585"}],"wp:attachment":[{"href":"https:\/\/www.tamaulipas.gob.mx\/migrantes\/wp-json\/wp\/v2\/media?parent=1486"}],"curies":[{"name":"wp","href":"https:\/\/api.w.org\/{rel}","templated":true}]}}

<p style="text-align: justify;">A fin de restablecer el vinculo con la diáspora tamaulipeca, atender y dar cause a sus necesidades, el Gobierno de Tamaulipas, a través del Instituto Tamaulipeco para los Migrantes, pone a disposición de los migrantes tamaulipecos que se encuentran en el exterior o que hayan retornado de manera voluntaria o mediante la repatriación; así como a sus familias, diversos programas estatales implementados por la presente administración; así mismo los diversos programas federales existentes de los cuales te brindamos la asistencia para su aplicación.</p>
<p><a href="https://www.tamaulipas.gob.mx/migrantes/1491-2/">Ver programas estatales</a></p>
<p><a href="https://www.tamaulipas.gob.mx/migrantes/programas-federales/">Ver programas federales</a></p>

<p>A fin de restablecer el vinculo con la diáspora tamaulipeca, atender y dar cause a sus necesidades, el Gobierno de Tamaulipas, a través del Instituto…</p>
