{"id":895,"date":"2022-12-08T11:36:06","date_gmt":"2022-12-08T17:36:06","guid":{"rendered":"https:\/\/www.tamaulipas.gob.mx\/jovenes\/?page_id=895"},"modified":"2024-03-11T12:43:10","modified_gmt":"2024-03-11T18:43:10","slug":"delegados","status":"publish","type":"page","link":"https:\/\/www.tamaulipas.gob.mx\/jovenes\/delegados\/","title":{"rendered":"Delegados Juveniles"},"content":{"rendered":"<img loading=\"lazy\" decoding=\"async\" class=\"alignnone wp-image-1451 size-full img-rounded  img-responsive\" src=\"https:\/\/www.tamaulipas.gob.mx\/jovenes\/wp-content\/uploads\/sites\/19\/2024\/03\/delegados-web2.png\" alt=\"\" width=\"1200\" height=\"300\">\n<p>Conoce a nuestros delegados juveniles, encomendados con una gran misi\u00f3n y responsabilidad con las juventudes en Tamaulipas; darle una mayor difusi\u00f3n y accesibilidad a los programas sociales, culturales y deportivos que el gobierno del Estado y el Instituto ofrecen para nosotros, priorizando el bienestar de todas las y los j\u00f3venes, as\u00ed mismo, crear ambientes recreativos para el desenvolvimiento de los j\u00f3venes en actividades altruistas del Voluntariado Misi\u00f3n: Tamaulipas.<\/p>\n<p><strong>Misi\u00f3n<\/strong><\/p>\n<p>La promoci\u00f3n y acceso de los programas y servicios por parte de Gobierno del Estado y del INJUVE para impulsar el desarrollo de las y los j\u00f3venes en Tamaulipas.<\/p>\n<p><strong>Visi\u00f3n<\/strong><\/p>\n<p>Lograr que todos los j\u00f3venes en todos los municipios de Tamaulipas tengan un mejor \u00edndice de bienestar, igualdad, equidad e inclusi\u00f3n. As\u00ed como tambi\u00e9n proporcionar los medios en su localidad en los cuales los j\u00f3venes puedan desenvolverse en un enfoque altruista, por el bienestar de la sociedad.<\/p>\n<p><strong>Objetivo<\/strong><\/p>\n<p>Atender personalmente a las y los j\u00f3venes dando acceso \u00e1gil y eficaz a los programas y servicios del gobierno del estado.<\/p>\n<p><strong>Valores<\/strong><\/p>\n<p>Un delegado debe tener los valores en su actuar de la rectitud y probidad, teniendo como principio rector el humanismo, transparencia, empat\u00eda, inclusi\u00f3n y pluralidad.<\/p>\n","protected":false},"excerpt":{"rendered":"<p>Conoce a nuestros delegados juveniles, encomendados con una gran misi\u00f3n y responsabilidad con las juventudes en Tamaulipas; darle una mayor difusi\u00f3n y accesibilidad a los\u2026<\/p>\n","protected":false},"author":1,"featured_media":0,"parent":0,"menu_order":0,"comment_status":"closed","ping_status":"closed","template":"","meta":{"footnotes":""},"class_list":["post-895","page","type-page","status-publish","hentry"],"publishpress_future_action":{"enabled":false,"date":"2026-04-15 23:08:00","action":"change-status","newStatus":"draft","terms":[],"taxonomy":""},"_links":{"self":[{"href":"https:\/\/www.tamaulipas.gob.mx\/jovenes\/wp-json\/wp\/v2\/pages\/895"}],"collection":[{"href":"https:\/\/www.tamaulipas.gob.mx\/jovenes\/wp-json\/wp\/v2\/pages"}],"about":[{"href":"https:\/\/www.tamaulipas.gob.mx\/jovenes\/wp-json\/wp\/v2\/types\/page"}],"author":[{"embeddable":true,"href":"https:\/\/www.tamaulipas.gob.mx\/jovenes\/wp-json\/wp\/v2\/users\/1"}],"replies":[{"embeddable":true,"href":"https:\/\/www.tamaulipas.gob.mx\/jovenes\/wp-json\/wp\/v2\/comments?post=895"}],"version-history":[{"count":7,"href":"https:\/\/www.tamaulipas.gob.mx\/jovenes\/wp-json\/wp\/v2\/pages\/895\/revisions"}],"predecessor-version":[{"id":1453,"href":"https:\/\/www.tamaulipas.gob.mx\/jovenes\/wp-json\/wp\/v2\/pages\/895\/revisions\/1453"}],"wp:attachment":[{"href":"https:\/\/www.tamaulipas.gob.mx\/jovenes\/wp-json\/wp\/v2\/media?parent=895"}],"curies":[{"name":"wp","href":"https:\/\/api.w.org\/{rel}","templated":true}]}}