{"id":65,"date":"2017-10-23T15:41:24","date_gmt":"2017-10-23T20:41:24","guid":{"rendered":"http:\/\/www.tamaulipas.gob.mx\/jovenes\/?page_id=65"},"modified":"2022-12-13T13:35:20","modified_gmt":"2022-12-13T19:35:20","slug":"desarrollo-economico","status":"publish","type":"page","link":"https:\/\/www.tamaulipas.gob.mx\/jovenes\/ejes\/desarrollo-economico\/","title":{"rendered":"Desarrollo Econ\u00f3mico"},"content":{"rendered":"<p>Promover la prosperidad y bienestar econ\u00f3mico juvenil en Tamaulipas, por medio de oportunidades laborales, asistencia y asesor\u00eda t\u00e9cnica que contribuyan a la superaci\u00f3n personal y profesional.<\/p>\n<p><strong>Talleres de:<\/strong><\/p>\n<ul>\n<li>Elaboraci\u00f3n de curriculum.<\/li>\n<li>Entrevistas de trabajo.<\/li>\n<li>Orientaci\u00f3n vocacional, etc.<\/li>\n<li>Conferencias motivacionales y emprendimiento.<\/li>\n<li>Elaboraci\u00f3n de redes empresariales juveniles.<\/li>\n<li>Promoci\u00f3n de productos y emprendedores locales.<\/li>\n<\/ul>\n","protected":false},"excerpt":{"rendered":"<p>Promover la prosperidad y bienestar econ\u00f3mico juvenil en Tamaulipas, por medio de oportunidades laborales, asistencia y asesor\u00eda t\u00e9cnica que contribuyan a la superaci\u00f3n personal y\u2026<\/p>\n","protected":false},"author":7,"featured_media":0,"parent":47,"menu_order":0,"comment_status":"closed","ping_status":"closed","template":"","meta":{"footnotes":""},"class_list":["post-65","page","type-page","status-publish","hentry"],"publishpress_future_action":{"enabled":false,"date":"2026-05-04 05:34:10","action":"change-status","newStatus":"draft","terms":[],"taxonomy":""},"_links":{"self":[{"href":"https:\/\/www.tamaulipas.gob.mx\/jovenes\/wp-json\/wp\/v2\/pages\/65"}],"collection":[{"href":"https:\/\/www.tamaulipas.gob.mx\/jovenes\/wp-json\/wp\/v2\/pages"}],"about":[{"href":"https:\/\/www.tamaulipas.gob.mx\/jovenes\/wp-json\/wp\/v2\/types\/page"}],"author":[{"embeddable":true,"href":"https:\/\/www.tamaulipas.gob.mx\/jovenes\/wp-json\/wp\/v2\/users\/7"}],"replies":[{"embeddable":true,"href":"https:\/\/www.tamaulipas.gob.mx\/jovenes\/wp-json\/wp\/v2\/comments?post=65"}],"version-history":[{"count":9,"href":"https:\/\/www.tamaulipas.gob.mx\/jovenes\/wp-json\/wp\/v2\/pages\/65\/revisions"}],"predecessor-version":[{"id":902,"href":"https:\/\/www.tamaulipas.gob.mx\/jovenes\/wp-json\/wp\/v2\/pages\/65\/revisions\/902"}],"up":[{"embeddable":true,"href":"https:\/\/www.tamaulipas.gob.mx\/jovenes\/wp-json\/wp\/v2\/pages\/47"}],"wp:attachment":[{"href":"https:\/\/www.tamaulipas.gob.mx\/jovenes\/wp-json\/wp\/v2\/media?parent=65"}],"curies":[{"name":"wp","href":"https:\/\/api.w.org\/{rel}","templated":true}]}}