{"id":59,"date":"2017-10-23T15:40:24","date_gmt":"2017-10-23T20:40:24","guid":{"rendered":"http:\/\/www.tamaulipas.gob.mx\/jovenes\/?page_id=59"},"modified":"2022-12-13T13:35:20","modified_gmt":"2022-12-13T19:35:20","slug":"desarrollo-educativo","status":"publish","type":"page","link":"https:\/\/www.tamaulipas.gob.mx\/jovenes\/ejes\/desarrollo-educativo\/","title":{"rendered":"Desarrollo Educativo"},"content":{"rendered":"<p>Fomentar el desarrollo integral de los j\u00f3venes a trav\u00e9s de programas que nos premian generar v\u00ednculos educativos, favorecer competencias, procedimientos y actitudes estudiantiles.<\/p>\n<ul>\n<li>Conferencias educativas.<\/li>\n<li>Capacitaciones y talleres educativos.<\/li>\n<li>Gesti\u00f3n educativa.<\/li>\n<li>Eventos acad\u00e9micos y conmemorativos.<\/li>\n<li>Valores c\u00edvicos.<\/li>\n<li>Vinculaci\u00f3n educativa.<\/li>\n<li>Fomento tecnol\u00f3gico.<\/li>\n<li>Promoci\u00f3n para el aprendizaje de nuevos idiomas.<\/li>\n<\/ul>\n","protected":false},"excerpt":{"rendered":"<p>Fomentar el desarrollo integral de los j\u00f3venes a trav\u00e9s de programas que nos premian generar v\u00ednculos educativos, favorecer competencias, procedimientos y actitudes estudiantiles. Conferencias educativas.\u2026<\/p>\n","protected":false},"author":7,"featured_media":0,"parent":47,"menu_order":0,"comment_status":"closed","ping_status":"closed","template":"","meta":{"footnotes":""},"class_list":["post-59","page","type-page","status-publish","hentry"],"publishpress_future_action":{"enabled":false,"date":"2026-04-15 23:08:22","action":"change-status","newStatus":"draft","terms":[],"taxonomy":""},"_links":{"self":[{"href":"https:\/\/www.tamaulipas.gob.mx\/jovenes\/wp-json\/wp\/v2\/pages\/59"}],"collection":[{"href":"https:\/\/www.tamaulipas.gob.mx\/jovenes\/wp-json\/wp\/v2\/pages"}],"about":[{"href":"https:\/\/www.tamaulipas.gob.mx\/jovenes\/wp-json\/wp\/v2\/types\/page"}],"author":[{"embeddable":true,"href":"https:\/\/www.tamaulipas.gob.mx\/jovenes\/wp-json\/wp\/v2\/users\/7"}],"replies":[{"embeddable":true,"href":"https:\/\/www.tamaulipas.gob.mx\/jovenes\/wp-json\/wp\/v2\/comments?post=59"}],"version-history":[{"count":8,"href":"https:\/\/www.tamaulipas.gob.mx\/jovenes\/wp-json\/wp\/v2\/pages\/59\/revisions"}],"predecessor-version":[{"id":900,"href":"https:\/\/www.tamaulipas.gob.mx\/jovenes\/wp-json\/wp\/v2\/pages\/59\/revisions\/900"}],"up":[{"embeddable":true,"href":"https:\/\/www.tamaulipas.gob.mx\/jovenes\/wp-json\/wp\/v2\/pages\/47"}],"wp:attachment":[{"href":"https:\/\/www.tamaulipas.gob.mx\/jovenes\/wp-json\/wp\/v2\/media?parent=59"}],"curies":[{"name":"wp","href":"https:\/\/api.w.org\/{rel}","templated":true}]}}