{"id":1740,"date":"2025-10-23T11:13:00","date_gmt":"2025-10-23T17:13:00","guid":{"rendered":"https:\/\/www.tamaulipas.gob.mx\/jovenes\/?page_id=1740"},"modified":"2025-10-23T18:50:42","modified_gmt":"2025-10-24T00:50:42","slug":"premio-estatal-de-la-juventud-2025","status":"publish","type":"page","link":"https:\/\/www.tamaulipas.gob.mx\/jovenes\/premio-estatal-de-la-juventud-2025\/","title":{"rendered":"Premio Estatal de la Juventud 2025"},"content":{"rendered":"<p style=\"text-align: center;\">EL GOBIERNO DEL ESTADO DE TAMAULIPAS, A TRAV\u00c9S DE LA SECRETAR\u00cdA DEL TRABAJO Y PREVISI\u00d3N SOCIAL, POR CONDUCTO DEL INSTITUTO DE LA JUVENTUD DE TAMAULIPAS.<\/p>\n<p style=\"text-align: center;\">CONVOCAN<\/p>\n<p style=\"text-align: center;\">A las y los j\u00f3venes tamaulipecos destacados y distinguidos, de tal manera que su conducta o dedicaci\u00f3n, genere admiraci\u00f3n o entusiasmo entres sus iguales, sean ejemplo de superaci\u00f3n personal, y que su esfuerzo contribuya en el progreso de su comunidad, para participar en el proyecto: PREMIO ESTATAL DE JUVENTUD 2025<\/p>\n<p style=\"text-align: center;\">En el siguiente enlace consulta las bases de la convocatoria:<\/p>\n<p style=\"text-align: center;\"><a href=\"https:\/\/www.tamaulipas.gob.mx\/jovenes\/wp-content\/uploads\/sites\/19\/2025\/10\/convocatoria-premio-estatal-de-la-juventud-2025-injuve-tamaulipas.pdf\">convocatoria-premio-estatal-de-la-juventud-2025-injuve-tamaulipas<\/a><\/p>\n<p style=\"text-align: center;\"><img decoding=\"async\" src=\"https:\/\/www.tamaulipas.gob.mx\/jovenes\/wp-content\/uploads\/sites\/19\/2025\/10\/pantalla-convocatoria-pej2025.png\" \/><\/p>\n<p style=\"text-align: center;\">\n","protected":false},"excerpt":{"rendered":"<p>EL GOBIERNO DEL ESTADO DE TAMAULIPAS, A TRAV\u00c9S DE LA SECRETAR\u00cdA DEL TRABAJO Y PREVISI\u00d3N SOCIAL, POR CONDUCTO DEL INSTITUTO DE LA JUVENTUD DE TAMAULIPAS.\u2026<\/p>\n","protected":false},"author":387,"featured_media":0,"parent":0,"menu_order":0,"comment_status":"closed","ping_status":"closed","template":"","meta":{"footnotes":""},"class_list":["post-1740","page","type-page","status-publish","hentry"],"publishpress_future_action":{"enabled":false,"date":"2026-04-15 23:08:33","action":"change-status","newStatus":"draft","terms":[],"taxonomy":""},"_links":{"self":[{"href":"https:\/\/www.tamaulipas.gob.mx\/jovenes\/wp-json\/wp\/v2\/pages\/1740"}],"collection":[{"href":"https:\/\/www.tamaulipas.gob.mx\/jovenes\/wp-json\/wp\/v2\/pages"}],"about":[{"href":"https:\/\/www.tamaulipas.gob.mx\/jovenes\/wp-json\/wp\/v2\/types\/page"}],"author":[{"embeddable":true,"href":"https:\/\/www.tamaulipas.gob.mx\/jovenes\/wp-json\/wp\/v2\/users\/387"}],"replies":[{"embeddable":true,"href":"https:\/\/www.tamaulipas.gob.mx\/jovenes\/wp-json\/wp\/v2\/comments?post=1740"}],"version-history":[{"count":17,"href":"https:\/\/www.tamaulipas.gob.mx\/jovenes\/wp-json\/wp\/v2\/pages\/1740\/revisions"}],"predecessor-version":[{"id":1764,"href":"https:\/\/www.tamaulipas.gob.mx\/jovenes\/wp-json\/wp\/v2\/pages\/1740\/revisions\/1764"}],"wp:attachment":[{"href":"https:\/\/www.tamaulipas.gob.mx\/jovenes\/wp-json\/wp\/v2\/media?parent=1740"}],"curies":[{"name":"wp","href":"https:\/\/api.w.org\/{rel}","templated":true}]}}