{"id":1625,"date":"2024-10-18T10:45:30","date_gmt":"2024-10-18T16:45:30","guid":{"rendered":"https:\/\/www.tamaulipas.gob.mx\/jovenes\/?page_id=1625"},"modified":"2024-10-18T13:43:49","modified_gmt":"2024-10-18T19:43:49","slug":"premios-juventud-2024","status":"publish","type":"page","link":"https:\/\/www.tamaulipas.gob.mx\/jovenes\/premios-juventud-2024\/","title":{"rendered":"Premios Juventud 2024"},"content":{"rendered":"<p style=\"text-align: center;\">EL GOBIERNO DEL ESTADO DE TAMAULIPAS, A TRAV\u00c9S DE LA SECRETAR\u00cdA DEL TRABAJO Y PREVISI\u00d3N SOCIAL, POR CONDUCTO DEL INSTITUTO DE LA JUVENTUD DE TAMAULIPAS.<\/p>\n<p style=\"text-align: center;\">CONVOCAN<\/p>\n<p style=\"text-align: center;\">A las y los j\u00f3venes tamaulipecos destacados y distinguidos, de tal manera que su conducta o dedicaci\u00f3n, genere admiraci\u00f3n o entusiasmo entres sus iguales, sean ejemplo de superaci\u00f3n personal, y que su esfuerzo contribuya en el progreso de su comunidad, para participar en el programa: PREMIOS JUVENTUD 2024.<\/p>\n<p style=\"text-align: center;\">En el siguiente enlace consulta las bases de la convocatoria:<\/p>\n<p style=\"text-align: center;\"><a href=\"https:\/\/www.tamaulipas.gob.mx\/jovenes\/wp-content\/uploads\/sites\/19\/2024\/10\/convocatoria-premios-2024.pdf\">convocatoria-premios-2024<\/a><\/p>\n<p><img loading=\"lazy\" decoding=\"async\" class=\"alignnone size-full wp-image-1635\" src=\"https:\/\/www.tamaulipas.gob.mx\/jovenes\/wp-content\/uploads\/sites\/19\/2024\/10\/banner-pag-web-injuve.png\" alt=\"\" width=\"1200\" height=\"824\" \/><\/p>\n","protected":false},"excerpt":{"rendered":"<p>EL GOBIERNO DEL ESTADO DE TAMAULIPAS, A TRAV\u00c9S DE LA SECRETAR\u00cdA DEL TRABAJO Y PREVISI\u00d3N SOCIAL, POR CONDUCTO DEL INSTITUTO DE LA JUVENTUD DE TAMAULIPAS.\u2026<\/p>\n","protected":false},"author":387,"featured_media":0,"parent":0,"menu_order":0,"comment_status":"closed","ping_status":"closed","template":"","meta":{"footnotes":""},"class_list":["post-1625","page","type-page","status-publish","hentry"],"publishpress_future_action":{"enabled":false,"date":"2026-04-15 23:09:22","action":"change-status","newStatus":"draft","terms":[],"taxonomy":""},"_links":{"self":[{"href":"https:\/\/www.tamaulipas.gob.mx\/jovenes\/wp-json\/wp\/v2\/pages\/1625"}],"collection":[{"href":"https:\/\/www.tamaulipas.gob.mx\/jovenes\/wp-json\/wp\/v2\/pages"}],"about":[{"href":"https:\/\/www.tamaulipas.gob.mx\/jovenes\/wp-json\/wp\/v2\/types\/page"}],"author":[{"embeddable":true,"href":"https:\/\/www.tamaulipas.gob.mx\/jovenes\/wp-json\/wp\/v2\/users\/387"}],"replies":[{"embeddable":true,"href":"https:\/\/www.tamaulipas.gob.mx\/jovenes\/wp-json\/wp\/v2\/comments?post=1625"}],"version-history":[{"count":7,"href":"https:\/\/www.tamaulipas.gob.mx\/jovenes\/wp-json\/wp\/v2\/pages\/1625\/revisions"}],"predecessor-version":[{"id":1636,"href":"https:\/\/www.tamaulipas.gob.mx\/jovenes\/wp-json\/wp\/v2\/pages\/1625\/revisions\/1636"}],"wp:attachment":[{"href":"https:\/\/www.tamaulipas.gob.mx\/jovenes\/wp-json\/wp\/v2\/media?parent=1625"}],"curies":[{"name":"wp","href":"https:\/\/api.w.org\/{rel}","templated":true}]}}