{"id":681,"date":"2018-10-10T13:51:16","date_gmt":"2018-10-10T18:51:16","guid":{"rendered":"https:\/\/www.tamaulipas.gob.mx\/itife\/?page_id=681"},"modified":"2018-10-10T13:51:16","modified_gmt":"2018-10-10T18:51:16","slug":"fam-2017","status":"publish","type":"page","link":"https:\/\/www.tamaulipas.gob.mx\/itife\/fam-2017\/","title":{"rendered":"FAM 2017"},"content":{"rendered":"<p><a href=\"https:\/\/www.tamaulipas.gob.mx\/itife\/wp-content\/uploads\/sites\/30\/2018\/10\/informe-final_fam-ie-2017_ok-1.pdf\">INFORME DE LA EVALUACI\u00d3N ESPEC\u00cdFICA DE DESEMPE\u00d1O DEL FONDO DE APORTACIONES M\u00daLTIPLES (FAM) DE INFRAESTRUCTURA EDUCATIVA DEL INSTITUTO TAMAULIPECO DE INFRAESTRUCTURA F\u00cdSICA EDUCATIVA<\/a><\/p>\n","protected":false},"excerpt":{"rendered":"<p>INFORME DE LA EVALUACI\u00d3N ESPEC\u00cdFICA DE DESEMPE\u00d1O DEL FONDO DE APORTACIONES M\u00daLTIPLES (FAM) DE INFRAESTRUCTURA EDUCATIVA DEL INSTITUTO TAMAULIPECO DE INFRAESTRUCTURA F\u00cdSICA EDUCATIVA<\/p>\n","protected":false},"author":47,"featured_media":0,"parent":0,"menu_order":0,"comment_status":"closed","ping_status":"closed","template":"","meta":{"footnotes":""},"class_list":["post-681","page","type-page","status-publish","hentry"],"publishpress_future_action":{"enabled":false,"date":"2026-05-23 17:46:53","action":"change-status","newStatus":"draft","terms":[],"taxonomy":""},"_links":{"self":[{"href":"https:\/\/www.tamaulipas.gob.mx\/itife\/wp-json\/wp\/v2\/pages\/681"}],"collection":[{"href":"https:\/\/www.tamaulipas.gob.mx\/itife\/wp-json\/wp\/v2\/pages"}],"about":[{"href":"https:\/\/www.tamaulipas.gob.mx\/itife\/wp-json\/wp\/v2\/types\/page"}],"author":[{"embeddable":true,"href":"https:\/\/www.tamaulipas.gob.mx\/itife\/wp-json\/wp\/v2\/users\/47"}],"replies":[{"embeddable":true,"href":"https:\/\/www.tamaulipas.gob.mx\/itife\/wp-json\/wp\/v2\/comments?post=681"}],"version-history":[{"count":1,"href":"https:\/\/www.tamaulipas.gob.mx\/itife\/wp-json\/wp\/v2\/pages\/681\/revisions"}],"predecessor-version":[{"id":682,"href":"https:\/\/www.tamaulipas.gob.mx\/itife\/wp-json\/wp\/v2\/pages\/681\/revisions\/682"}],"wp:attachment":[{"href":"https:\/\/www.tamaulipas.gob.mx\/itife\/wp-json\/wp\/v2\/media?parent=681"}],"curies":[{"name":"wp","href":"https:\/\/api.w.org\/{rel}","templated":true}]}}