{"id":6,"date":"2017-08-10T14:55:39","date_gmt":"2017-08-10T14:55:39","guid":{"rendered":"http:\/\/www.tamaulipas.gob.mx\/itife\/?page_id=6"},"modified":"2026-04-24T14:00:23","modified_gmt":"2026-04-24T20:00:23","slug":"conocenos","status":"publish","type":"page","link":"https:\/\/www.tamaulipas.gob.mx\/itife\/conocenos\/","title":{"rendered":"Con\u00f3cenos"},"content":{"rendered":"<p><span style=\"color: #ab0033;\"><strong>Pol\u00edtica de Calidad<\/strong><\/span><\/p>\n<p>El\u00a0<span style=\"color: #ab0033;\"><strong>ITIFE<\/strong>,<\/span> tiene el compromiso de proyectar, ejecutar y supervisar la aplicaci\u00f3n de recursos para la construcci\u00f3n y rehabilitaci\u00f3n de la infraestructura f\u00edsica educativa y su equipamiento, satisfaciendo las necesidades de la comunidad educativa, implementando acciones de calidad y mejora continua.<\/p>\n<p>&nbsp;<\/p>\n<p><span style=\"color: #ab0033;\"><strong>Visi\u00f3n<\/strong><\/span><\/p>\n<p>Ser el organismo p\u00fablico descentralizado con el mejor equipo de trabajo, reconocidos como excelentes en la aplicaci\u00f3n de especificaciones y normas en la construcci\u00f3n, equipamiento y rehabilitaci\u00f3n de los espacios f\u00edsicos educativos en Tamaulipas.<\/p>\n<p>&nbsp;<\/p>\n<p><span style=\"color: #ab0033;\"><strong>Misi\u00f3n<\/strong><\/span><\/p>\n<p>Ser el organismo que norme, conduzca, regule y eval\u00fae la construcci\u00f3n, el equipamiento y la rehabilitaci\u00f3n de la Infraestructura F\u00edsica Educativa.<\/p>\n<p>&nbsp;<\/p>\n<p><span style=\"color: #ab0033;\"><strong>Valores<\/strong><\/span><\/p>\n<ul>\n<li>Compromiso: Actuar con honestidad, sentido de justicia, lealtad, disciplina y entrega.<\/li>\n<li>Trabajo en equipo: Mantenerse unidos y en comunicaci\u00f3n continua con esp\u00edritu de compa\u00f1erismo y de colaboraci\u00f3n unos con otros, buscando siempre soluciones y no culpables y en disposici\u00f3n de apoyo entusiasta y optimista.<\/li>\n<li>Servicio: Ser capaces de servir a todos por igual, sin discriminaciones y respetando los derechos humanos, as\u00ed como la dignidad de la persona.<\/li>\n<li>Integridad: Ser personas congruentes entre valores y acciones que brinden al m\u00e1ximo su capacidad, esfuerzo y desempe\u00f1o profesional.<\/li>\n<li>Calidad: Realizar el trabajo de acuerdo a lo establecido y aportar un valor agregado superando siempre las expectativas.<\/li>\n<li>Mejora continua: Ser personas preocupadas y comprometidas por buscar la innovaci\u00f3n y creatividad en el trabajo.<\/li>\n<\/ul>\n","protected":false},"excerpt":{"rendered":"<p>Pol\u00edtica de Calidad El\u00a0ITIFE, tiene el compromiso de proyectar, ejecutar y supervisar la aplicaci\u00f3n de recursos para la construcci\u00f3n y rehabilitaci\u00f3n de la infraestructura f\u00edsica\u2026<\/p>\n","protected":false},"author":7,"featured_media":0,"parent":0,"menu_order":0,"comment_status":"closed","ping_status":"closed","template":"","meta":{"footnotes":""},"class_list":["post-6","page","type-page","status-publish","hentry"],"publishpress_future_action":{"enabled":false,"date":"2026-05-23 16:53:18","action":"change-status","newStatus":"draft","terms":[],"taxonomy":""},"_links":{"self":[{"href":"https:\/\/www.tamaulipas.gob.mx\/itife\/wp-json\/wp\/v2\/pages\/6"}],"collection":[{"href":"https:\/\/www.tamaulipas.gob.mx\/itife\/wp-json\/wp\/v2\/pages"}],"about":[{"href":"https:\/\/www.tamaulipas.gob.mx\/itife\/wp-json\/wp\/v2\/types\/page"}],"author":[{"embeddable":true,"href":"https:\/\/www.tamaulipas.gob.mx\/itife\/wp-json\/wp\/v2\/users\/7"}],"replies":[{"embeddable":true,"href":"https:\/\/www.tamaulipas.gob.mx\/itife\/wp-json\/wp\/v2\/comments?post=6"}],"version-history":[{"count":5,"href":"https:\/\/www.tamaulipas.gob.mx\/itife\/wp-json\/wp\/v2\/pages\/6\/revisions"}],"predecessor-version":[{"id":4427,"href":"https:\/\/www.tamaulipas.gob.mx\/itife\/wp-json\/wp\/v2\/pages\/6\/revisions\/4427"}],"wp:attachment":[{"href":"https:\/\/www.tamaulipas.gob.mx\/itife\/wp-json\/wp\/v2\/media?parent=6"}],"curies":[{"name":"wp","href":"https:\/\/api.w.org\/{rel}","templated":true}]}}