{"id":390,"date":"2018-06-15T13:43:01","date_gmt":"2018-06-15T18:43:01","guid":{"rendered":"https:\/\/www.tamaulipas.gob.mx\/itife\/?page_id=390"},"modified":"2026-02-13T10:53:27","modified_gmt":"2026-02-13T16:53:27","slug":"normatividad","status":"publish","type":"page","link":"https:\/\/www.tamaulipas.gob.mx\/itife\/normatividad\/","title":{"rendered":"Normatividad"},"content":{"rendered":"<p>&nbsp;<\/p>\n<p><span style=\"color: #ab0033;\"><strong>MARCO NORMATIVO DEL ITIFE<\/strong><\/span><\/p>\n<table style=\"width: 98.1355%; height: 3322px;\">\n<thead>\n<tr style=\"height: 48px;\">\n<td style=\"width: 56.9106%; height: 48px;\"><strong><span style=\"color: #ab0033;\">LEYES FEDERALES:<\/span><\/strong><\/td>\n<td style=\"width: 42.4982%; height: 48px;\"><\/td>\n<\/tr>\n<\/thead>\n<tbody>\n<tr style=\"height: 96px;\">\n<td style=\"width: 56.9106%; height: 96px;\">Constituci\u00f3n Pol\u00edtica de los Estados Unidos Mexicanos<\/td>\n<td style=\"width: 42.4982%; height: 96px;\"><a href=\"https:\/\/www.tamaulipas.gob.mx\/itife\/wp-content\/uploads\/sites\/30\/2025\/03\/cpeum.pdf\" class=\"btn btn-primary btn-sm\" target=\"_blank\"> Ver secci\u00f3n <\/a><\/td>\n<\/tr>\n<tr style=\"height: 96px;\">\n<td style=\"width: 56.9106%; height: 96px;\">Ley General de Contabilidad Gubernamental<\/td>\n<td style=\"width: 42.4982%; height: 96px;\"><a href=\"https:\/\/www.tamaulipas.gob.mx\/itife\/wp-content\/uploads\/sites\/30\/2024\/11\/ley-contabilidad-gubernamental2.pdf\" class=\"btn btn-primary btn-sm\" target=\"_blank\"> Ver secci\u00f3n <\/a><\/td>\n<\/tr>\n<tr style=\"height: 96px;\">\n<td style=\"width: 56.9106%; height: 96px;\">Ley de Obras P\u00fablicas y Servicios Relacionados con las Mismas<\/td>\n<td style=\"width: 42.4982%; height: 96px;\"><a href=\"https:\/\/www.tamaulipas.gob.mx\/itife\/wp-content\/uploads\/sites\/30\/2024\/03\/reglamento-de-la-ley-de-obras-publicas-y-servicios-relacionados-con-las-mismas.pdf\" class=\"btn btn-primary btn-sm\" target=\"_blank\"> Ver secci\u00f3n <\/a><\/td>\n<\/tr>\n<tr style=\"height: 120px;\">\n<td style=\"width: 56.9106%; height: 120px;\">Ley de Disciplina Financiera de las Entidades Federativas y los Municipios<\/td>\n<td style=\"width: 42.4982%; height: 120px;\"><a href=\"https:\/\/www.tamaulipas.gob.mx\/itife\/wp-content\/uploads\/sites\/30\/2024\/03\/ley-de-disciplina-financiera-de-las-entidades-federativas-y-los-municipios.pdf\" class=\"btn btn-primary btn-sm\" target=\"_blank\"> Ver secci\u00f3n <\/a><\/td>\n<\/tr>\n<tr style=\"height: 96px;\">\n<td style=\"width: 56.9106%; height: 96px;\">Ley de Coordinaci\u00f3n Fiscal<\/td>\n<td style=\"width: 42.4982%; height: 96px;\"><a href=\"https:\/\/www.tamaulipas.gob.mx\/itife\/wp-content\/uploads\/sites\/30\/2024\/03\/ley-de-coordinacion-fiscal.pdf\" class=\"btn btn-primary btn-sm\" target=\"_blank\"> Ver secci\u00f3n <\/a><\/td>\n<\/tr>\n<tr style=\"height: 96px;\">\n<td style=\"width: 56.9106%; height: 96px;\">Ley Federal del Trabajo<\/td>\n<td style=\"width: 42.4982%; height: 96px;\"><a href=\"https:\/\/www.tamaulipas.gob.mx\/itife\/wp-content\/uploads\/sites\/30\/2025\/03\/lft.pdf\" class=\"btn btn-primary btn-sm\" target=\"_blank\"> Ver secci\u00f3n <\/a><\/td>\n<\/tr>\n<tr style=\"height: 96px;\">\n<td style=\"width: 56.9106%; text-align: left; height: 96px;\">Ley General de Archivos<\/td>\n<td style=\"width: 42.4982%; height: 96px;\"><a href=\"https:\/\/www.tamaulipas.gob.mx\/itife\/wp-content\/uploads\/sites\/30\/2024\/11\/ley-general-de-archivos2.pdf\" class=\"btn btn-primary btn-sm\" target=\"_blank\"> Ver secci\u00f3n <\/a><\/td>\n<\/tr>\n<tr style=\"height: 96px;\">\n<td style=\"width: 56.9106%; height: 96px;\">Ley General de Educaci\u00f3n<\/td>\n<td style=\"width: 42.4982%; height: 96px;\"><a href=\"https:\/\/www.tamaulipas.gob.mx\/itife\/wp-content\/uploads\/sites\/30\/2024\/11\/ley-de-educacion2.pdf\" class=\"btn btn-primary btn-sm\" target=\"_blank\"> Ver secci\u00f3n <\/a><\/td>\n<\/tr>\n<tr style=\"height: 96px;\">\n<td style=\"width: 56.9106%; height: 96px;\">Ley General de Transparencia y Acceso a la Informaci\u00f3n P\u00fablica<\/td>\n<td style=\"width: 42.4982%; height: 96px;\"><a href=\"https:\/\/www.tamaulipas.gob.mx\/itife\/wp-content\/uploads\/sites\/30\/2025\/03\/lgtaip.pdf\" class=\"btn btn-primary btn-sm\" target=\"_blank\"> Ver secci\u00f3n <\/a><\/td>\n<\/tr>\n<tr style=\"height: 96px;\">\n<td style=\"width: 56.9106%; height: 96px;\">Ley General de Protecci\u00f3n de Datos Personales en Posesi\u00f3n de sujetos Obligados<\/td>\n<td style=\"width: 42.4982%; height: 96px;\"><a href=\"https:\/\/www.tamaulipas.gob.mx\/itife\/wp-content\/uploads\/sites\/30\/2025\/03\/lgpdppso.pdf\" class=\"btn btn-primary btn-sm\" target=\"_blank\"> Ver secci\u00f3n <\/a><\/td>\n<\/tr>\n<tr style=\"height: 48px;\">\n<td style=\"width: 56.9106%; height: 48px;\"><span style=\"color: #ab0033;\"><strong>LEYES ESTATALES:<\/strong><\/span><\/td>\n<td style=\"width: 42.4982%; height: 48px;\"><\/td>\n<\/tr>\n<tr style=\"height: 96px;\">\n<td style=\"width: 56.9106%; height: 96px;\">Constituci\u00f3n Pol\u00edtica del Estado de Tamaulipas<\/td>\n<td style=\"width: 42.4982%; height: 96px;\"><a href=\"https:\/\/www.tamaulipas.gob.mx\/itife\/wp-content\/uploads\/sites\/30\/2025\/03\/const-pol-del-edo-po-12_marzo_2025.pdf\" class=\"btn btn-primary btn-sm\" target=\"_blank\"> Ver secci\u00f3n <\/a><\/td>\n<\/tr>\n<tr style=\"height: 144px;\">\n<td style=\"width: 56.9106%; height: 65px;\">Ley de Obras P\u00fablicas y Servicios Relacionados con las Mismas para el Estado de Tamaulipas<\/td>\n<td style=\"width: 42.4982%; height: 65px;\"><a href=\"https:\/\/www.tamaulipas.gob.mx\/itife\/wp-content\/uploads\/sites\/30\/2025\/03\/ley-de-obras-publicas-y-servicios-relacionados-con-las-mismas-16-ene-2025-.pdf\" class=\"btn btn-primary btn-sm\" target=\"_blank\"> Ver secci\u00f3n <\/a><\/td>\n<\/tr>\n<tr style=\"height: 120px;\">\n<td style=\"width: 56.9106%; height: 98px;\">Ley de Infraestructura F\u00edsica Educativa para el Estado de Tamaulipas<\/td>\n<td style=\"width: 42.4982%; height: 98px;\"><a href=\"https:\/\/www.tamaulipas.gob.mx\/itife\/wp-content\/uploads\/sites\/30\/2025\/04\/ley_infraestructura_educativa.pdf\" class=\"btn btn-primary btn-sm\" target=\"_blank\"> Ver secci\u00f3n <\/a><\/td>\n<\/tr>\n<tr style=\"height: 96px;\">\n<td style=\"width: 56.9106%; height: 96px;\">Ley Org\u00e1nica de la Administraci\u00f3n P\u00fablica del Estado de Tamaulipas<\/td>\n<td style=\"width: 42.4982%; height: 96px;\"><a href=\"https:\/\/www.tamaulipas.gob.mx\/itife\/wp-content\/uploads\/sites\/30\/2025\/04\/ley-organica-de-la-administracion-publica-26-02-25.pdf\" class=\"btn btn-primary btn-sm\" target=\"_blank\"> Ver secci\u00f3n <\/a><\/td>\n<\/tr>\n<tr style=\"height: 120px;\">\n<td style=\"width: 56.9106%; height: 102px;\">Ley de Responsabilidades Administrativas del Estado de Tamaulipas<\/td>\n<td style=\"width: 42.4982%; height: 102px;\">\u00a0<a href=\"https:\/\/www.tamaulipas.gob.mx\/itife\/wp-content\/uploads\/sites\/30\/2024\/03\/ley-de-responsabilidades-administrativas-del-estado-de-tamaulipas.pdf\" class=\"btn btn-primary btn-sm\" target=\"_blank\"> Ver secci\u00f3n <\/a><\/td>\n<\/tr>\n<tr style=\"height: 144px;\">\n<td style=\"width: 56.9106%; height: 94px;\">Ley de Adquisiciones para la Administraci\u00f3n P\u00fablica del Estado de Tamaulipas y sus Municipios<\/td>\n<td style=\"width: 42.4982%; height: 94px;\">\u00a0<a href=\"https:\/\/www.tamaulipas.gob.mx\/itife\/wp-content\/uploads\/sites\/30\/2025\/04\/ley-de-adquisiones-para-la-administracion-publica-20-dic-2024-1.pdf\" class=\"btn btn-primary btn-sm\" target=\"_blank\"> Ver secci\u00f3n <\/a><\/td>\n<\/tr>\n<tr style=\"height: 144px;\">\n<td style=\"width: 56.9106%; height: 116px;\">Ley de Transparencia y Acceso a la Informaci\u00f3n P\u00fablica del Estado de Tamaulipas<\/td>\n<td style=\"width: 42.4982%; height: 116px;\">\u00a0<a href=\"https:\/\/www.tamaulipas.gob.mx\/itife\/wp-content\/uploads\/sites\/30\/2024\/03\/108-ley-de-transparencia-y-acceso-a-la-informacion-publica-del-estado-de-tamaulipas.pdf\" class=\"btn btn-primary btn-sm\" target=\"_blank\"> Ver secci\u00f3n <\/a><\/td>\n<\/tr>\n<tr style=\"height: 96px;\">\n<td style=\"width: 56.9106%; height: 96px;\">Ley de Fiscalizaci\u00f3n y Rendici\u00f3n de Cuentas del Estado de Tamaulipas<\/td>\n<td style=\"width: 42.4982%; height: 96px;\">\u00a0<a href=\"https:\/\/www.tamaulipas.gob.mx\/itife\/wp-content\/uploads\/sites\/30\/2024\/03\/ley-de-fiscalizacion-y-rendicion-de-cuentas-del-estado-de-tamaulipas.pdf\" class=\"btn btn-primary btn-sm\" target=\"_blank\"> Ver secci\u00f3n <\/a><\/td>\n<\/tr>\n<tr style=\"height: 192px;\">\n<td style=\"width: 56.9106%; height: 124px;\">Ley para la Entrega-Recepci\u00f3n de los Recursos Asignados a los Poderes, \u00d3rganos y Ayuntamientos del Estado de Tamaulipas<\/td>\n<td style=\"width: 42.4982%; height: 124px;\">\u00a0<a href=\"https:\/\/www.tamaulipas.gob.mx\/itife\/wp-content\/uploads\/sites\/30\/2024\/03\/ley-para-la-entrega-recepcion-de-los-recursos-asignados-a-los-poderes-organos-y-ayuntamiento-del-estado-de-tamaulipas.pdf\" class=\"btn btn-primary btn-sm\" target=\"_blank\"> Ver secci\u00f3n <\/a><\/td>\n<\/tr>\n<tr style=\"height: 24px;\">\n<td style=\"width: 56.9106%; height: 24px;\">\u00a0Ley de Gasto P\u00fablico<\/td>\n<td style=\"width: 42.4982%; height: 24px;\">&nbsp;<\/p>\n<a href=\"https:\/\/www.tamaulipas.gob.mx\/itife\/wp-content\/uploads\/sites\/30\/2025\/04\/ley_gasto_publico.pdf\" class=\"btn btn-primary btn-sm\" target=\"_blank\"> Ver secci\u00f3n <\/a>\n<p>&nbsp;<\/td>\n<\/tr>\n<tr style=\"height: 24px;\">\n<td style=\"width: 56.9106%; height: 24px;\">\u00a0Ley de Educaci\u00f3n para el Estado de Tamaulipas<\/td>\n<td style=\"width: 42.4982%; height: 24px;\">&nbsp;<\/p>\n<a href=\"https:\/\/www.tamaulipas.gob.mx\/itife\/wp-content\/uploads\/sites\/30\/2024\/11\/ley-educacion-edo2.pdf\" class=\"btn btn-primary btn-sm\" target=\"_blank\"> Ver secci\u00f3n <\/a>\n<p>&nbsp;<\/td>\n<\/tr>\n<tr style=\"height: 24px;\">\n<td style=\"width: 56.9106%; height: 24px;\">\u00a0Ley Estatal de Mejora Regulatoria para Tamaulipas y sus Municipios<\/td>\n<td style=\"width: 42.4982%; height: 24px;\">&nbsp;<\/p>\n<a href=\"https:\/\/www.tamaulipas.gob.mx\/itife\/wp-content\/uploads\/sites\/30\/2024\/11\/mejora-regulatoria-edo-2.pdf\" class=\"btn btn-primary btn-sm\" target=\"_blank\"> Ver secci\u00f3n <\/a>\n<p>&nbsp;<\/td>\n<\/tr>\n<tr style=\"height: 24px;\">\n<td style=\"width: 56.9106%; height: 24px;\">Ley de Hacienda para el Estado de Tamaulipas<\/td>\n<td style=\"width: 42.4982%; height: 24px;\">&nbsp;<\/p>\n<a href=\"https:\/\/www.tamaulipas.gob.mx\/itife\/wp-content\/uploads\/sites\/30\/2025\/04\/hacienda.pdf\" class=\"btn btn-primary btn-sm\" target=\"_blank\"> Ver secci\u00f3n <\/a>\n<p>&nbsp;<\/td>\n<\/tr>\n<tr style=\"height: 24px;\">\n<td style=\"width: 56.9106%; height: 24px;\">Ley del Trabajo para los Servidores P\u00fablicos del Estado de Tamaulipas<\/td>\n<td style=\"width: 42.4982%; height: 24px;\">&nbsp;<\/p>\n<a href=\"https:\/\/www.tamaulipas.gob.mx\/itife\/wp-content\/uploads\/sites\/30\/2024\/11\/trabajo-servidores-publicos-edo2.pdf\" class=\"btn btn-primary btn-sm\" target=\"_blank\"> Ver secci\u00f3n <\/a>\n<p>&nbsp;<\/td>\n<\/tr>\n<tr style=\"height: 24px;\">\n<td style=\"width: 56.9106%; height: 24px;\">\u00a0Ley de Entidades Paraestatales del Estado de Tamaulipas<\/td>\n<td style=\"width: 42.4982%; height: 24px;\">&nbsp;<\/p>\n<a href=\"https:\/\/www.tamaulipas.gob.mx\/itife\/wp-content\/uploads\/sites\/30\/2024\/11\/entidades-paraestatales-edo2.pdf\" class=\"btn btn-primary btn-sm\" target=\"_blank\"> Ver secci\u00f3n <\/a>\n<p>&nbsp;<\/td>\n<\/tr>\n<tr style=\"height: 24px;\">\n<td style=\"width: 56.9106%; height: 24px;\">\u00a0Ley de Protecci\u00f3n de Datos Personales en Posesi\u00f3n de Sujetos Obligados del Estado de Tamaulipas<\/td>\n<td style=\"width: 42.4982%; height: 24px;\">&nbsp;<\/p>\n<a href=\"https:\/\/www.tamaulipas.gob.mx\/itife\/wp-content\/uploads\/sites\/30\/2024\/11\/datos-edo3.pdf\" class=\"btn btn-primary btn-sm\" target=\"_blank\"> Ver secci\u00f3n <\/a>\n<p>&nbsp;<\/td>\n<\/tr>\n<tr style=\"height: 72px;\">\n<td style=\"width: 56.9106%; height: 72px;\">Plan Estatal de Desarrollo 2023- 2028<\/td>\n<td style=\"width: 42.4982%; height: 72px;\">\u00a0<a href=\"https:\/\/www.tamaulipas.gob.mx\/ped\/index.html\" class=\"btn btn-primary btn-sm\" target=\"_blank\"> Ver secci\u00f3n <\/a><\/td>\n<\/tr>\n<tr style=\"height: 24px;\">\n<td style=\"width: 56.9106%; height: 24px;\"><span style=\"color: #ab0033;\"><strong>C\u00d3DIGOS:<\/strong><\/span><\/td>\n<td style=\"width: 42.4982%; height: 24px;\"><\/td>\n<\/tr>\n<tr style=\"height: 96px;\">\n<td style=\"width: 56.9106%; height: 96px;\">C\u00f3digo de \u00c9tica del Poder Ejecutivo del Estado de Tamaulipas<\/td>\n<td style=\"width: 42.4982%; height: 96px;\"><a href=\"https:\/\/www.tamaulipas.gob.mx\/itife\/wp-content\/uploads\/sites\/30\/2023\/10\/codigo-de-etica-del-poder-ejecutivo-del-estado-de-tamaulipas.pdf\" class=\"btn btn-primary btn-sm\" target=\"_blank\"> Ver secci\u00f3n <\/a><\/td>\n<\/tr>\n<tr style=\"height: 120px;\">\n<td style=\"width: 56.9106%; height: 76px;\">C\u00f3digo de Conducta y Prevenci\u00f3n de Conflictos de Inter\u00e9s de las y los Servidores P\u00fablicos del Instituto Tamaulipeco de Infraestructura F\u00edsica Educativa (<span style=\"color: #000000;\">ITIFE)<\/span><strong><br \/>\n<\/strong><\/td>\n<td style=\"width: 42.4982%; height: 76px;\"><a href=\"https:\/\/www.tamaulipas.gob.mx\/itife\/wp-content\/uploads\/sites\/30\/2023\/10\/periodico-oficial-conducta.pdf\" class=\"btn btn-primary btn-sm\" target=\"_blank\"> Ver secci\u00f3n <\/a><\/td>\n<\/tr>\n<tr style=\"height: 24px;\">\n<td style=\"width: 56.9106%; height: 24px;\"><span style=\"color: #ab0033;\"><strong>REGLAMENTOS:<\/strong><\/span><\/td>\n<td style=\"width: 42.4982%; height: 24px;\"><\/td>\n<\/tr>\n<tr style=\"height: 120px;\">\n<td style=\"width: 56.9106%; height: 120px;\">Reglamento de la Ley de Obras P\u00fablicas y Servicios Relacionados con las Mismas<\/td>\n<td style=\"width: 42.4982%; height: 120px;\"><a href=\"https:\/\/www.tamaulipas.gob.mx\/itife\/wp-content\/uploads\/sites\/30\/2024\/03\/reglamento-de-la-ley-de-obras-publicas-y-servicios-relacionados-con-las-mismas.pdf\" class=\"btn btn-primary btn-sm\" target=\"_blank\"> Ver secci\u00f3n <\/a><\/td>\n<\/tr>\n<tr style=\"height: 48px;\">\n<td style=\"width: 56.9106%; height: 48px;\">Reglamento Interno de Trabajo del<span style=\"color: #000000;\"> ITIFE<\/span><\/td>\n<td style=\"width: 42.4982%; height: 48px;\"><a href=\"https:\/\/www.tamaulipas.gob.mx\/itife\/wp-content\/uploads\/sites\/30\/2018\/06\/reglamento-interno-itife.pdf\" class=\"btn btn-primary btn-sm\" target=\"_blank\"> Ver secci\u00f3n <\/a><\/td>\n<\/tr>\n<tr style=\"height: 120px;\">\n<td style=\"width: 56.9106%; height: 120px;\">Reglamento para el Uso y Control de Veh\u00edculos\u00a0Oficiales del Gobierno del Estado de Tamaulipas.<\/td>\n<td style=\"width: 42.4982%; height: 120px;\"><a href=\"https:\/\/www.tamaulipas.gob.mx\/itife\/wp-content\/uploads\/sites\/30\/2024\/09\/reg-uso-y-control-de-vehiculos-oficiales-del-gobierno-del-estado-de-tamaulipas.pdf\" class=\"btn btn-primary btn-sm\" target=\"_blank\"> Ver secci\u00f3n <\/a><\/td>\n<\/tr>\n<tr style=\"height: 24px;\">\n<td style=\"width: 56.9106%; height: 24px;\"><span style=\"color: #ab0033;\"><strong>MANUALES:<\/strong><\/span><\/td>\n<td style=\"width: 42.4982%; height: 24px;\"><\/td>\n<\/tr>\n<tr style=\"height: 96px;\">\n<td style=\"width: 56.9106%; height: 104px;\">Estructura Org\u00e1nica<\/td>\n<td style=\"width: 42.4982%; height: 104px;\"><a href=\"https:\/\/www.tamaulipas.gob.mx\/itife\/wp-content\/uploads\/sites\/30\/2025\/04\/20250401092635.pdf\" class=\"btn btn-primary btn-sm\" target=\"_blank\"> Ver secci\u00f3n <\/a><\/td>\n<\/tr>\n<tr style=\"height: 96px;\">\n<td style=\"width: 56.9106%; height: 96px;\">Estatuto Org\u00e1nico del <span style=\"color: #000000;\">ITIFE<\/span><\/td>\n<td style=\"width: 42.4982%; height: 96px;\"><span style=\"font-size: 16px;\"><span style=\"font-size: 14px;\"><a href=\"https:\/\/www.tamaulipas.gob.mx\/itife\/wp-content\/uploads\/sites\/30\/2025\/08\/cl-85-160725.pdf\" class=\"btn btn-primary btn-sm\" target=\"_blank\"> Ver secci\u00f3n <\/a><\/span><\/span><\/td>\n<\/tr>\n<tr style=\"height: 96px;\">\n<td style=\"width: 56.9106%; height: 96px;\">Manual de Organizaci\u00f3n del <span style=\"color: #000000;\">ITIFE<\/span><\/td>\n<td style=\"width: 42.4982%; height: 96px;\"><span style=\"font-size: 16px;\"><span style=\"font-size: 14px;\">En proceso de actualizaci\u00f3n<\/span><\/span><\/td>\n<\/tr>\n<tr>\n<td style=\"width: 56.9106%;\">Manual de Perfil de Puestos del ITIFE<\/td>\n<td style=\"width: 42.4982%;\"><span style=\"font-size: 16px;\"><span style=\"font-size: 14px;\"><a href=\"https:\/\/www.tamaulipas.gob.mx\/itife\/wp-content\/uploads\/sites\/30\/2025\/06\/anexo-of-da-2025-00249-manual-perfil-de-puestos.pdf\" class=\"btn btn-primary btn-sm\" target=\"_blank\"> Ver secci\u00f3n <\/a><\/span><\/span><\/td>\n<\/tr>\n<tr style=\"height: 96px;\">\n<td style=\"width: 56.9106%; height: 96px;\">Manual de Contabilidad del ITIFE<\/td>\n<td style=\"width: 42.4982%; height: 96px;\"><a href=\"https:\/\/www.tamaulipas.gob.mx\/itife\/wp-content\/uploads\/sites\/30\/2026\/02\/manual-de-contabilidad-2026.-itife-new.pdf\" class=\"btn btn-primary btn-sm\" target=\"_blank\"> Ver secci\u00f3n <\/a><\/td>\n<\/tr>\n<tr style=\"height: 48px;\">\n<td style=\"width: 56.9106%; height: 48px;\"><span style=\"color: #ab0033;\"><strong>OTRAS DISPOSICIONES:<\/strong><\/span><\/td>\n<td style=\"width: 42.4982%; height: 48px;\"><\/td>\n<\/tr>\n<tr style=\"height: 48px;\">\n<td style=\"width: 56.9106%; height: 48px;\">Lineamientos mediante los cuales se establecen las medidas de austeridad, racionalidad y disciplina en el Gasto P\u00fablico de las Dependencias y Entidades de la Administraci\u00f3n P\u00fablica del Estado de Tamaulipas.<\/td>\n<td style=\"width: 42.4982%; height: 48px;\"><a href=\"https:\/\/www.tamaulipas.gob.mx\/itife\/wp-content\/uploads\/sites\/30\/2018\/06\/lineamientos-de-racionalidad-y-austeridad.pdf\" class=\"btn btn-primary btn-sm\" target=\"_blank\"> Ver secci\u00f3n <\/a><\/td>\n<\/tr>\n<tr style=\"height: 120px;\">\n<td style=\"width: 56.9106%; height: 95px;\">Normas de Operaci\u00f3n del Gasto P\u00fablico para las Entidades de la Administraci\u00f3n P\u00fablica<\/td>\n<td style=\"width: 42.4982%; height: 95px;\"><a href=\"https:\/\/www.tamaulipas.gob.mx\/itife\/wp-content\/uploads\/sites\/30\/2018\/06\/normas-de-operacion-entidades.pdf\" class=\"btn btn-primary btn-sm\" target=\"_blank\"> Ver secci\u00f3n <\/a><\/td>\n<\/tr>\n<\/tbody>\n<\/table>\n<p>&nbsp;<\/p>\n[\/table-wrap]\n","protected":false},"excerpt":{"rendered":"<p>&nbsp; MARCO NORMATIVO DEL ITIFE LEYES FEDERALES: Constituci\u00f3n Pol\u00edtica de los Estados Unidos Mexicanos Ley General de Contabilidad Gubernamental Ley de Obras P\u00fablicas y Servicios\u2026<\/p>\n","protected":false},"author":59,"featured_media":0,"parent":0,"menu_order":0,"comment_status":"closed","ping_status":"closed","template":"","meta":{"footnotes":""},"class_list":["post-390","page","type-page","status-publish","hentry"],"publishpress_future_action":{"enabled":false,"date":"2026-05-23 17:47:01","action":"change-status","newStatus":"draft","terms":[],"taxonomy":""},"_links":{"self":[{"href":"https:\/\/www.tamaulipas.gob.mx\/itife\/wp-json\/wp\/v2\/pages\/390"}],"collection":[{"href":"https:\/\/www.tamaulipas.gob.mx\/itife\/wp-json\/wp\/v2\/pages"}],"about":[{"href":"https:\/\/www.tamaulipas.gob.mx\/itife\/wp-json\/wp\/v2\/types\/page"}],"author":[{"embeddable":true,"href":"https:\/\/www.tamaulipas.gob.mx\/itife\/wp-json\/wp\/v2\/users\/59"}],"replies":[{"embeddable":true,"href":"https:\/\/www.tamaulipas.gob.mx\/itife\/wp-json\/wp\/v2\/comments?post=390"}],"version-history":[{"count":188,"href":"https:\/\/www.tamaulipas.gob.mx\/itife\/wp-json\/wp\/v2\/pages\/390\/revisions"}],"predecessor-version":[{"id":4402,"href":"https:\/\/www.tamaulipas.gob.mx\/itife\/wp-json\/wp\/v2\/pages\/390\/revisions\/4402"}],"wp:attachment":[{"href":"https:\/\/www.tamaulipas.gob.mx\/itife\/wp-json\/wp\/v2\/media?parent=390"}],"curies":[{"name":"wp","href":"https:\/\/api.w.org\/{rel}","templated":true}]}}