{"id":34,"date":"2017-08-10T10:56:26","date_gmt":"2017-08-10T15:56:26","guid":{"rendered":"http:\/\/www.tamaulipas.gob.mx\/itife\/?page_id=34"},"modified":"2025-04-24T14:07:47","modified_gmt":"2025-04-24T20:07:47","slug":"clasificacion","status":"publish","type":"page","link":"https:\/\/www.tamaulipas.gob.mx\/itife\/clasificacion\/","title":{"rendered":"Clasificaci\u00f3n"},"content":{"rendered":"<p><span style=\"color: #993366;\"><strong>Para Certificaci\u00f3n de INFE<\/strong><strong>\u00a0(Infraestructura F\u00edsica Educativa)<\/strong><\/span><\/p>\n<p><span style=\"color: #993366;\"><strong>Tipo<\/strong><\/span><\/p>\n<ol>\n<li>Infraestructura Nueva: Aquella que iniciara su proceso de construcci\u00f3n.<\/li>\n<li style=\"text-align: justify;\">Infraestructura Construida: Es aquella que a\u00fan no est\u00e1 consolidada de acuerdo a su proyecto original y\/o requiere cambios o correcciones para mejorar su operaci\u00f3n de acuerdo al diagn\u00f3stico de sus condiciones f\u00edsicas y funcionales actuales.<\/li>\n<li style=\"text-align: justify;\">Infraestructura Existente: Es aquella cuya infraestructura est\u00e1 consolidada de acuerdo a su proyecto original y no requiere de cambios o correcciones para mejorar su funcionamiento. En este tipo de INFE se eval\u00faa su operaci\u00f3n de acuerdo con el proyecto ejecutivo para que el dise\u00f1o y el diagnostico de las condiciones f\u00edsicas actuales.<\/li>\n<\/ol>\n<p><strong><span style=\"color: #993366;\">Clase<\/span>\u00a0<\/strong><\/p>\n<ul>\n<li>Infraestructura P\u00fablica.<\/li>\n<li>Infraestructura Privada.<\/li>\n<\/ul>\n<p><span style=\"color: #993366;\"><strong>Nivel<\/strong><\/span><\/p>\n<ul>\n<li>Educaci\u00f3n b\u00e1sica<\/li>\n<li>Educaci\u00f3n Media Superior<\/li>\n<li>Educaci\u00f3n Superior<\/li>\n<li>Educaci\u00f3n Especial<\/li>\n<li>Formaci\u00f3n para el Trabajo<\/li>\n<\/ul>\n<p>&nbsp;<\/p>\n<p><span style=\"color: #993366;\"><strong>Categor\u00eda<\/strong><\/span><\/p>\n<p style=\"text-align: justify;\"><em>Certificado Esencial:<\/em> Infraestructura que cuenta con los locales m\u00ednimos necesarios para las actividades curriculares, as\u00ed como las instalaciones sanitarias b\u00e1sicas, cuyo estado asegura la integridad f\u00edsica de la comunidad educativa y el adecuado funcionamiento de la INFE.<\/p>\n<p style=\"text-align: justify;\"><em>Certificado Funcional:<\/em> Infraestructura que cubre los aspectos se\u00f1alados en el esencial y presenta \u00e1reas complementarias para su quehacer acad\u00e9mico. Los planteles deber\u00e1n de contar con el equipamiento acorde a los avances pedag\u00f3gicos y tecnol\u00f3gicos adem\u00e1s de garantizar su operaci\u00f3n mediante acciones program\u00e1ticas de mantenimiento.<\/p>\n<p style=\"text-align: justify;\"><em>Certificado Sustentable:<\/em> Infraestructura que cumple con los aspectos del certificado funcional, pero incorpora en su operaci\u00f3n programas de conservaci\u00f3n del medio ambiente como ser\u00e1n: ahorro de energ\u00eda y agua, manejo de residuos s\u00f3lidos entre otros.<\/p>\n<p>Para asesor\u00eda en este tr\u00e1mite puede contactarse al Departamento de Contrataci\u00f3n, Certificaci\u00f3n, y Licitaciones del ITIFE.<\/p>\n<p>Cualquier\u00a0 duda o aclaraci\u00f3n comunicarse con:<\/p>\n<blockquote><p>Tel. (834) 316 2003, ext.\u00a0 46818<br \/>\nCorreo Electr\u00f3nico: \u00a0<a href=\"mailto: america.lerma@tamaulipas.gob.mx\">america.lerma@tamaulipas.gob.mx<\/a><\/p><\/blockquote>\n<p><strong>Enlaces Certificaci\u00f3n<\/strong>:<\/p>\n<ul>\n<li>Clasificaci\u00f3n<\/li>\n<li><a href=\"http:\/\/www.tamaulipas.gob.mx\/itife\/requisitos\/\">Requisitos<\/a><\/li>\n<li><a href=\"http:\/\/www.tamaulipas.gob.mx\/itife\/procedimiento\/\">Procedimiento<\/a><\/li>\n<li><a href=\"http:\/\/www.tamaulipas.gob.mx\/itife\/costos\/\">Costo<\/a><\/li>\n<\/ul>\n","protected":false},"excerpt":{"rendered":"<p>Para Certificaci\u00f3n de INFE\u00a0(Infraestructura F\u00edsica Educativa) Tipo Infraestructura Nueva: Aquella que iniciara su proceso de construcci\u00f3n. Infraestructura Construida: Es aquella que a\u00fan no est\u00e1 consolidada\u2026<\/p>\n","protected":false},"author":7,"featured_media":0,"parent":0,"menu_order":0,"comment_status":"closed","ping_status":"closed","template":"","meta":{"footnotes":""},"class_list":["post-34","page","type-page","status-publish","hentry"],"publishpress_future_action":{"enabled":false,"date":"2026-05-23 17:46:21","action":"change-status","newStatus":"draft","terms":[],"taxonomy":""},"_links":{"self":[{"href":"https:\/\/www.tamaulipas.gob.mx\/itife\/wp-json\/wp\/v2\/pages\/34"}],"collection":[{"href":"https:\/\/www.tamaulipas.gob.mx\/itife\/wp-json\/wp\/v2\/pages"}],"about":[{"href":"https:\/\/www.tamaulipas.gob.mx\/itife\/wp-json\/wp\/v2\/types\/page"}],"author":[{"embeddable":true,"href":"https:\/\/www.tamaulipas.gob.mx\/itife\/wp-json\/wp\/v2\/users\/7"}],"replies":[{"embeddable":true,"href":"https:\/\/www.tamaulipas.gob.mx\/itife\/wp-json\/wp\/v2\/comments?post=34"}],"version-history":[{"count":18,"href":"https:\/\/www.tamaulipas.gob.mx\/itife\/wp-json\/wp\/v2\/pages\/34\/revisions"}],"predecessor-version":[{"id":3920,"href":"https:\/\/www.tamaulipas.gob.mx\/itife\/wp-json\/wp\/v2\/pages\/34\/revisions\/3920"}],"wp:attachment":[{"href":"https:\/\/www.tamaulipas.gob.mx\/itife\/wp-json\/wp\/v2\/media?parent=34"}],"curies":[{"name":"wp","href":"https:\/\/api.w.org\/{rel}","templated":true}]}}