{"id":93,"date":"2018-05-17T10:38:57","date_gmt":"2018-05-17T15:38:57","guid":{"rendered":"https:\/\/www.tamaulipas.gob.mx\/itavu\/?page_id=93"},"modified":"2023-04-03T09:01:38","modified_gmt":"2023-04-03T15:01:38","slug":"suelo-legal","status":"publish","type":"page","link":"https:\/\/www.tamaulipas.gob.mx\/itavu\/programas\/suelo-legal\/","title":{"rendered":"Suelo legal"},"content":{"rendered":"<p>Reduce la pobreza patrimonial a la poblaci\u00f3n con menos ingresos, ofreci\u00e9ndoles lotes a bajo costo con la oportunidad de pagos accesibles.<\/p>\n<p>Dotar a la poblaci\u00f3n de menos ingresos con soluciones habitacionales en un entorno sustentable, saludable, con seguridad y certeza jur\u00eddica; fortaleciendo la iniciativa ciudadana para la auto-producci\u00f3n y construcci\u00f3n de vivienda progresiva, con la adquisici\u00f3n de lotes con servicios b\u00e1sicos: agua potable, drenaje, energ\u00eda el\u00e9ctrica, alumbrado p\u00fablico, guarniciones y revestimiento de vialidades.<\/p>\n<p>Asignaci\u00f3n de lotes a poblaci\u00f3n objetivo mediante financiamiento estatal-ITAVU y comodatos con desarrolladores de vivienda.<\/p>\n<ul>\n<li>Los requisitos dependen de la situaci\u00f3n de cada ciudadano y que se tenga disponibilidad.<\/li>\n<\/ul>\n<blockquote><p><strong>Para mayor informaci\u00f3n dirigirse con el responsable de la Delegaci\u00f3n del ITAVU en su municipio.<\/strong><\/p>\n<a href=\"https:\/\/www.tamaulipas.gob.mx\/itavu\/delegaciones\/\" class=\"btn btn-primary btn-sm\">\u00a0Directorio de delegaciones <\/a><\/blockquote>\n","protected":false},"excerpt":{"rendered":"<p>Reduce la pobreza patrimonial a la poblaci\u00f3n con menos ingresos, ofreci\u00e9ndoles lotes a bajo costo con la oportunidad de pagos accesibles. Dotar a la poblaci\u00f3n\u2026<\/p>\n","protected":false},"author":59,"featured_media":0,"parent":83,"menu_order":0,"comment_status":"closed","ping_status":"closed","template":"","meta":{"footnotes":""},"class_list":["post-93","page","type-page","status-publish","hentry"],"publishpress_future_action":{"enabled":false,"date":"2026-04-28 07:51:34","action":"change-status","newStatus":"draft","terms":[],"taxonomy":""},"_links":{"self":[{"href":"https:\/\/www.tamaulipas.gob.mx\/itavu\/wp-json\/wp\/v2\/pages\/93"}],"collection":[{"href":"https:\/\/www.tamaulipas.gob.mx\/itavu\/wp-json\/wp\/v2\/pages"}],"about":[{"href":"https:\/\/www.tamaulipas.gob.mx\/itavu\/wp-json\/wp\/v2\/types\/page"}],"author":[{"embeddable":true,"href":"https:\/\/www.tamaulipas.gob.mx\/itavu\/wp-json\/wp\/v2\/users\/59"}],"replies":[{"embeddable":true,"href":"https:\/\/www.tamaulipas.gob.mx\/itavu\/wp-json\/wp\/v2\/comments?post=93"}],"version-history":[{"count":4,"href":"https:\/\/www.tamaulipas.gob.mx\/itavu\/wp-json\/wp\/v2\/pages\/93\/revisions"}],"predecessor-version":[{"id":400,"href":"https:\/\/www.tamaulipas.gob.mx\/itavu\/wp-json\/wp\/v2\/pages\/93\/revisions\/400"}],"up":[{"embeddable":true,"href":"https:\/\/www.tamaulipas.gob.mx\/itavu\/wp-json\/wp\/v2\/pages\/83"}],"wp:attachment":[{"href":"https:\/\/www.tamaulipas.gob.mx\/itavu\/wp-json\/wp\/v2\/media?parent=93"}],"curies":[{"name":"wp","href":"https:\/\/api.w.org\/{rel}","templated":true}]}}