{"id":45,"date":"2017-04-11T17:57:35","date_gmt":"2017-04-11T17:57:35","guid":{"rendered":"http:\/\/www.tamaulipas.gob.mx\/itabec\/?page_id=45"},"modified":"2017-04-17T11:18:08","modified_gmt":"2017-04-17T16:18:08","slug":"simulador-de-credito-educativo","status":"publish","type":"page","link":"https:\/\/www.tamaulipas.gob.mx\/itabec\/sistemas-itabec\/simulador-de-credito-educativo\/","title":{"rendered":"Simulador de Cr\u00e9dito Educativo"},"content":{"rendered":"<p>A trav\u00e9s de este simulador, se pueden realizar m\u00faltiples ejercicios, de acuerdo con las caracter\u00edsticas y necesidades de cada estudiante, pues permite visualizar las formas de entrega del cr\u00e9dito, las fechas de entrega, el monto prestado; adem\u00e1s las fechas, el capital, los intereses normales de cada vencimiento; as\u00ed como los descuentos semestrales.<\/p>\n<p>Tomando las tasas y tabuladores del semestre actual.<\/p>\n<p><iframe loading=\"lazy\" src=\"http:\/\/sistemasiceet.tamaulipas.gob.mx\/aspirantes\/simulador\/index.php\" height=\"260\" width=\"340\" allowfullscreen=\"\" frameborder=\"0\"><\/iframe><\/p>\n<p>*Debe contar con java en su explorador para poder visualizar<\/p>\n","protected":false},"excerpt":{"rendered":"<p>A trav\u00e9s de este simulador, se pueden realizar m\u00faltiples ejercicios, de acuerdo con las caracter\u00edsticas y necesidades de cada estudiante, pues permite visualizar las formas\u2026<\/p>\n","protected":false},"author":7,"featured_media":0,"parent":43,"menu_order":0,"comment_status":"closed","ping_status":"closed","template":"","meta":{"footnotes":""},"class_list":["post-45","page","type-page","status-publish","hentry"],"publishpress_future_action":{"enabled":false,"date":"2026-05-05 09:01:11","action":"change-status","newStatus":"draft","terms":[],"taxonomy":""},"_links":{"self":[{"href":"https:\/\/www.tamaulipas.gob.mx\/itabec\/wp-json\/wp\/v2\/pages\/45"}],"collection":[{"href":"https:\/\/www.tamaulipas.gob.mx\/itabec\/wp-json\/wp\/v2\/pages"}],"about":[{"href":"https:\/\/www.tamaulipas.gob.mx\/itabec\/wp-json\/wp\/v2\/types\/page"}],"author":[{"embeddable":true,"href":"https:\/\/www.tamaulipas.gob.mx\/itabec\/wp-json\/wp\/v2\/users\/7"}],"replies":[{"embeddable":true,"href":"https:\/\/www.tamaulipas.gob.mx\/itabec\/wp-json\/wp\/v2\/comments?post=45"}],"version-history":[{"count":4,"href":"https:\/\/www.tamaulipas.gob.mx\/itabec\/wp-json\/wp\/v2\/pages\/45\/revisions"}],"predecessor-version":[{"id":94,"href":"https:\/\/www.tamaulipas.gob.mx\/itabec\/wp-json\/wp\/v2\/pages\/45\/revisions\/94"}],"up":[{"embeddable":true,"href":"https:\/\/www.tamaulipas.gob.mx\/itabec\/wp-json\/wp\/v2\/pages\/43"}],"wp:attachment":[{"href":"https:\/\/www.tamaulipas.gob.mx\/itabec\/wp-json\/wp\/v2\/media?parent=45"}],"curies":[{"name":"wp","href":"https:\/\/api.w.org\/{rel}","templated":true}]}}