{"id":424,"date":"2018-08-16T10:00:13","date_gmt":"2018-08-16T15:00:13","guid":{"rendered":"https:\/\/www.tamaulipas.gob.mx\/itabec\/?page_id=424"},"modified":"2019-08-15T11:53:55","modified_gmt":"2019-08-15T16:53:55","slug":"casa-hogar-seguir-aprendiendo","status":"publish","type":"page","link":"https:\/\/www.tamaulipas.gob.mx\/itabec\/casa-hogar-seguir-aprendiendo\/","title":{"rendered":"Casa hogar, seguir aprendiendo."},"content":{"rendered":"<p>Dirigidas a alumnos con residencia prolongada en centros asistenciales acreditados por el Sistema DIF Tamaulipas, que se encuentren realizando estudios instituciones educativas p\u00fablicas o privadas con validez oficial, en la modalidad escolarizada, no escolarizada o mixta del Estado de Tamaulipas, en los niveles b\u00e1sicos, medio superior o superior.<\/p>\n<p><strong>Criterios Generales<\/strong><\/p>\n<ul>\n<li>Contar \u00a0con \u00a0residencia \u00a0prolongada \u00a0en \u00a0un \u00a0centro \u00a0asistencial \u00a0acreditado \u00a0por \u00a0el \u00a0Sistema \u00a0DIF Tamaulipas.<\/li>\n<li>&nbsp;\n<p>No contar con alg\u00fan otro beneficio de tipo econ\u00f3mico otorgado para su educaci\u00f3n al momento de solicitar la beca.<\/li>\n<li>&nbsp;\n<p>Estar inscrito en una instituci\u00f3n educativa \u00a0p\u00fablica o privada con validez oficial, en la modalidad escolarizada, no escolarizada o mixta en Tamaulipas, en los niveles b\u00e1sicos, medio superior o superior.<\/li>\n<li>&nbsp;\n<p>El tr\u00e1mite deber\u00e1 realizarse a trav\u00e9s del Sistema DIF Tamaulipas.<\/li>\n<\/ul>\n<p><strong>Requisitos<\/strong><\/p>\n<ul>\n<li>\u00a0Constancia original de inscripci\u00f3n al ciclo escolar 2019-2020, expedida por la instituci\u00f3n educativa que indique el grado o periodo a cursar.<\/li>\n<li>&nbsp;\n<p>Copia cotejada (Con sello de cotejo y firma en original) de la boleta de calificaciones con firma y sello de la instituci\u00f3n:<\/p>\n<ul>\n<li>&nbsp;\n<p>*Alumnos de nivel b\u00e1sico: del ciclo escolar 2018-2019.<\/li>\n<li>&nbsp;\n<p>*Alumnos de nivel medio superior y superior: boleta del \u00faltimo periodo cursado (semestre, cuatrimestre, etc.)<\/li>\n<li>&nbsp;\n<p>*Alumnos de nivel medio superior y superior, a los que se les asigne beca, deber\u00e1n realizar actualizaci\u00f3n<\/p>\n<p>de documentos en el mes de febrero.<\/li>\n<\/ul>\n<\/li>\n<li>&nbsp;\n<p>Constancia de residencia prolongada en un Centro Asistencial Acreditado.<\/li>\n<\/ul>\n<p><strong>Periodo de Solicitudes<\/strong><\/p>\n<p>Del 12de agosto al 11 de octubre de 2019.<\/p>\n<p><a href=\"https:\/\/www.tamaulipas.gob.mx\/itabec\/wp-content\/uploads\/sites\/23\/2019\/08\/convocatoria-casa-hogar-2019-2020.pdf\"><strong>Consulta la convocatoria aqu\u00ed<\/strong><\/a><\/p>\n<p><strong>\u00a0<\/strong><\/p>\n<p><strong>Para m\u00e1s informaci\u00f3n comun\u00edcate al programa \u201cCasa hogar, seguir aprendiendo\u201d<br \/>\n<\/strong>Tel. (834) 318.1400, 01\u00a0 800 388 35 00.<\/p>\n","protected":false},"excerpt":{"rendered":"<p>Dirigidas a alumnos con residencia prolongada en centros asistenciales acreditados por el Sistema DIF Tamaulipas, que se encuentren realizando estudios instituciones educativas p\u00fablicas o privadas\u2026<\/p>\n","protected":false},"author":31,"featured_media":0,"parent":0,"menu_order":0,"comment_status":"closed","ping_status":"closed","template":"","meta":{"footnotes":""},"class_list":["post-424","page","type-page","status-publish","hentry"],"publishpress_future_action":{"enabled":false,"date":"2026-05-15 21:17:10","action":"change-status","newStatus":"draft","terms":[],"taxonomy":""},"_links":{"self":[{"href":"https:\/\/www.tamaulipas.gob.mx\/itabec\/wp-json\/wp\/v2\/pages\/424"}],"collection":[{"href":"https:\/\/www.tamaulipas.gob.mx\/itabec\/wp-json\/wp\/v2\/pages"}],"about":[{"href":"https:\/\/www.tamaulipas.gob.mx\/itabec\/wp-json\/wp\/v2\/types\/page"}],"author":[{"embeddable":true,"href":"https:\/\/www.tamaulipas.gob.mx\/itabec\/wp-json\/wp\/v2\/users\/31"}],"replies":[{"embeddable":true,"href":"https:\/\/www.tamaulipas.gob.mx\/itabec\/wp-json\/wp\/v2\/comments?post=424"}],"version-history":[{"count":3,"href":"https:\/\/www.tamaulipas.gob.mx\/itabec\/wp-json\/wp\/v2\/pages\/424\/revisions"}],"predecessor-version":[{"id":858,"href":"https:\/\/www.tamaulipas.gob.mx\/itabec\/wp-json\/wp\/v2\/pages\/424\/revisions\/858"}],"wp:attachment":[{"href":"https:\/\/www.tamaulipas.gob.mx\/itabec\/wp-json\/wp\/v2\/media?parent=424"}],"curies":[{"name":"wp","href":"https:\/\/api.w.org\/{rel}","templated":true}]}}