{"id":193,"date":"2017-08-29T09:27:50","date_gmt":"2017-08-29T14:27:50","guid":{"rendered":"http:\/\/www.tamaulipas.gob.mx\/itabec\/?page_id=193"},"modified":"2019-08-15T11:31:54","modified_gmt":"2019-08-15T16:31:54","slug":"sin-limites","status":"publish","type":"page","link":"https:\/\/www.tamaulipas.gob.mx\/itabec\/sin-limites\/","title":{"rendered":"Sin L\u00edmites"},"content":{"rendered":"<p>Alumnos en situaci\u00f3n de discapacidad motriz, visual, auditiva y\/o intelectual leve que se encuentren realizando estudios en instituciones p\u00fablicas o privadas del Sistema Educativo Estatal en los niveles Primaria, Secundaria, Medio Superior y Superior:<\/p>\n<p><strong>Criterios Generales<\/strong><\/p>\n<ul>\n<li>Ser Tamaulipeco o residente (presentar documentos que lo avale).<\/li>\n<li>Estar en situaci\u00f3n de discapacidad motriz, visual, auditiva y\/o intelectual leve.<\/li>\n<li>Estar inscrito en una instituci\u00f3n p\u00fablica o privada del Sistema Educativo Estatal, para iniciar o continuar estudios .<\/li>\n<li>No contar con alg\u00fan otro beneficio de tipo econ\u00f3mico otorgado para su educaci\u00f3n al momento de solicitar la beca.<\/li>\n<li>El tr\u00e1mite deber\u00e1 realizarse a trav\u00e9s de los Sistemas DIF municipales en el Estado<\/li>\n<\/ul>\n<p><strong>Documentaci\u00f3n<\/strong><\/p>\n<ul>\n<li>Solicitud completa en todos sus campos, firmada en original.<\/li>\n<li>Aviso de privacidad con firma de enterado en original.<\/li>\n<li>Constancia original de inscripci\u00f3n al ciclo escolar 2019-2020, expedida por la instituci\u00f3n educativa que indique el grado a cursar.<\/li>\n<li>Copia cotejada (con sello de cotejo y firma en original) de la boleta de calificaciones con firma y sello de la instituci\u00f3n:\n<ul>\n<li>Alumnos de nivel B\u00e1sico: del ciclo escolar 2018-2019.<\/li>\n<li>Alumnos de nivel Medio Superior y Superior: boleta del \u00faltimo periodo cursado (semestre, cuatrimestre, etc.).<\/li>\n<li>Alumnos de nivel Medio Superior y Superior, a los que se les asigne beca, deber\u00e1n realizar actualizaci\u00f3n de documentos en el mes de febrero.<\/li>\n<\/ul>\n<\/li>\n<li>Constancia de discapacidad en formato \u00fanico expedida por el Sistema DIF.<\/li>\n<li>En caso de no haber nacido en Tamaulipas, deber\u00e1 acreditar su residencia anexando documentaci\u00f3n probatoria.<\/li>\n<\/ul>\n<p><strong>Periodo de Solicitudes<\/strong><\/p>\n<p>A partir del 19 de agosto al 27 de septiembre, a trav\u00e9s de los DIF Municipales en las oficinas del Programa Sin L\u00edmites.<\/p>\n<p><a href=\"https:\/\/www.tamaulipas.gob.mx\/itabec\/wp-content\/uploads\/sites\/23\/2019\/08\/convocatoria-sin-lmites-2019-2020.pdf\">Consulta la convocatoria aqu\u00ed<\/a><\/p>\n<p>Para m\u00e1s informaci\u00f3n comun\u00edcate al programa Sin L\u00edmites<\/p>\n<p><strong>Tel\u00e9fono:<\/strong>\u00a0(834) 316 2525 y (834) 316 3727<\/p>\n","protected":false},"excerpt":{"rendered":"<p>Alumnos en situaci\u00f3n de discapacidad motriz, visual, auditiva y\/o intelectual leve que se encuentren realizando estudios en instituciones p\u00fablicas o privadas del Sistema Educativo Estatal\u2026<\/p>\n","protected":false},"author":31,"featured_media":0,"parent":0,"menu_order":0,"comment_status":"closed","ping_status":"closed","template":"","meta":{"footnotes":""},"class_list":["post-193","page","type-page","status-publish","hentry"],"publishpress_future_action":{"enabled":false,"date":"2026-05-09 02:04:27","action":"change-status","newStatus":"draft","terms":[],"taxonomy":""},"_links":{"self":[{"href":"https:\/\/www.tamaulipas.gob.mx\/itabec\/wp-json\/wp\/v2\/pages\/193"}],"collection":[{"href":"https:\/\/www.tamaulipas.gob.mx\/itabec\/wp-json\/wp\/v2\/pages"}],"about":[{"href":"https:\/\/www.tamaulipas.gob.mx\/itabec\/wp-json\/wp\/v2\/types\/page"}],"author":[{"embeddable":true,"href":"https:\/\/www.tamaulipas.gob.mx\/itabec\/wp-json\/wp\/v2\/users\/31"}],"replies":[{"embeddable":true,"href":"https:\/\/www.tamaulipas.gob.mx\/itabec\/wp-json\/wp\/v2\/comments?post=193"}],"version-history":[{"count":15,"href":"https:\/\/www.tamaulipas.gob.mx\/itabec\/wp-json\/wp\/v2\/pages\/193\/revisions"}],"predecessor-version":[{"id":852,"href":"https:\/\/www.tamaulipas.gob.mx\/itabec\/wp-json\/wp\/v2\/pages\/193\/revisions\/852"}],"wp:attachment":[{"href":"https:\/\/www.tamaulipas.gob.mx\/itabec\/wp-json\/wp\/v2\/media?parent=193"}],"curies":[{"name":"wp","href":"https:\/\/api.w.org\/{rel}","templated":true}]}}

Sin Límites

<p>Alumnos en situación de discapacidad motriz, visual, auditiva y/o intelectual leve que se encuentren realizando estudios en instituciones públicas o privadas del Sistema Educativo Estatal en los niveles Primaria, Secundaria, Medio Superior y Superior:</p>
<p><strong>Criterios Generales</strong></p>
<ul>
<li>Ser Tamaulipeco o residente (presentar documentos que lo avale).</li>
<li>Estar en situación de discapacidad motriz, visual, auditiva y/o intelectual leve.</li>
<li>Estar inscrito en una institución pública o privada del Sistema Educativo Estatal, para iniciar o continuar estudios .</li>
<li>No contar con algún otro beneficio de tipo económico otorgado para su educación al momento de solicitar la beca.</li>
<li>El trámite deberá realizarse a través de los Sistemas DIF municipales en el Estado</li>
</ul>
<p><strong>Documentación</strong></p>
<ul>
<li>Solicitud completa en todos sus campos, firmada en original.</li>
<li>Aviso de privacidad con firma de enterado en original.</li>
<li>Constancia original de inscripción al ciclo escolar 2019-2020, expedida por la institución educativa que indique el grado a cursar.</li>
<li>Copia cotejada (con sello de cotejo y firma en original) de la boleta de calificaciones con firma y sello de la institución:
<ul>
<li>Alumnos de nivel Básico: del ciclo escolar 2018-2019.</li>
<li>Alumnos de nivel Medio Superior y Superior: boleta del último periodo cursado (semestre, cuatrimestre, etc.).</li>
<li>Alumnos de nivel Medio Superior y Superior, a los que se les asigne beca, deberán realizar actualización de documentos en el mes de febrero.</li>
</ul>
</li>
<li>Constancia de discapacidad en formato único expedida por el Sistema DIF.</li>
<li>En caso de no haber nacido en Tamaulipas, deberá acreditar su residencia anexando documentación probatoria.</li>
</ul>
<p><strong>Periodo de Solicitudes</strong></p>
<p>A partir del 19 de agosto al 27 de septiembre, a través de los DIF Municipales en las oficinas del Programa Sin Límites.</p>
<p><a href="https://www.tamaulipas.gob.mx/itabec/wp-content/uploads/sites/23/2019/08/convocatoria-sin-lmites-2019-2020.pdf">Consulta la convocatoria aquí</a></p>
<p>Para más información comunícate al programa Sin Límites</p>
<p><strong>Teléfono:</strong> (834) 316 2525 y (834) 316 3727</p>

<p>Alumnos en situación de discapacidad motriz, visual, auditiva y/o intelectual leve que se encuentren realizando estudios en instituciones públicas o privadas del Sistema Educativo Estatal…</p>
