{"id":1184,"date":"2024-10-18T08:06:29","date_gmt":"2024-10-18T14:06:29","guid":{"rendered":"https:\/\/www.tamaulipas.gob.mx\/itabec\/?page_id=1184"},"modified":"2025-08-26T13:10:09","modified_gmt":"2025-08-26T19:10:09","slug":"estimulo-4t","status":"publish","type":"page","link":"https:\/\/www.tamaulipas.gob.mx\/itabec\/estimulo-4t\/","title":{"rendered":"Est\u00edmulo 4T"},"content":{"rendered":"<p><strong>EST\u00cdMULO \u201c4T TALENTO Y TRABAJO TRANSFORMANDO TAMAULIPAS\u201d<\/strong><\/p>\n<p>Este Est\u00edmulo est\u00e1 dirigido a los estudiantes con talento acad\u00e9mico, deportivo, cultural, c\u00edvico o emprendedor que en el Ciclo Escolar inmediato anterior hayan obtenido un reconocimiento en competencias oficiales dentro de los tres primeros lugares a nivel estatal, regional, nacional o internacional; o formen parte de los selectivos estatales o nacionales inscritos en Instituciones con validez oficial del Sistema Educativo Estatal en los niveles de Primaria, Secundaria, Medio Superior y Superior.<\/p>\n<p>La Convocatoria para realizar el tr\u00e1mite de este Est\u00edmulo se emite al inicio de cada Ciclo Escolar, una vez que sea publicada, se deber\u00e1 realizar el tr\u00e1mite por medio del ITABEC.<\/p>\n<p>&nbsp;<\/p>\n<p><strong>CRITERIOS GENERALES<\/strong><\/p>\n<ul>\n<li>Ser originaria(o) o residente del Estado de Tamaulipas<\/li>\n<li>Ser estudiante regular (no contar con materias reprobadas).<\/li>\n<li>Contar con promedio general igual o mayor a 8.0 (ocho punto cero).<\/li>\n<li>Estar inscrita(o) en una instituci\u00f3n del Sistema Educativo Estatal de los niveles participantes.<\/li>\n<li>Haber obtenido alguno de los tres primeros lugares en competencias oficiales a nivel estatal, regional, nacional o internacional; o formar parte de los selectivos estatales o nacionales.<\/li>\n<li>No haber recibido el Est\u00edmulo durante un mismo Ciclo Escolar.<\/li>\n<li>La documentaci\u00f3n a entregar deber\u00e1 ser completa, clara y legible.<\/li>\n<\/ul>\n<p><strong>DOCUMENTACI\u00d3N A ENTREGAR<\/strong><\/p>\n<ol>\n<li>Original y copia (para acuse de el o la solicitante) de la solicitud debidamente requisitada y firmada en original por el o la estudiante (si es mayor de edad); en caso de ser menor de edad, deber\u00e1 ser firmada por la madre, el padre o tutor legal.<\/li>\n<li>Aviso de privacidad firmado en original por el o la estudiante (si es mayor de edad); en caso de ser menor de edad, deber\u00e1 ser firmada por la madre, el padre o tutor legal.<\/li>\n<li>Copia del Acta de Nacimiento de la o el estudiante.<\/li>\n<li>Copia de la CURP de la o el estudiante y de la madre, el padre (o ambos si es el caso) o tutor legal.<\/li>\n<li>Copia de la constancia de inscripci\u00f3n, expedida por la Instituci\u00f3n Educativa que especifique el grado y periodo que est\u00e1 cursando, as\u00ed como el tiempo de duraci\u00f3n del mismo.<\/li>\n<li>Presentar copia cotejada (con sello de cotejo y firma original de la instituci\u00f3n educativa) de las calificaciones del Ciclo Escolar inmediato anterior (para niveles de primaria y secundaria) o del historial acad\u00e9mico (para niveles de medio superior y superior).<\/li>\n<li>Copia de identificaci\u00f3n oficial vigente de la o el estudiante; en caso de ser menor de edad, deber\u00e1 anexar la copia de identificaci\u00f3n de la madre, el padre (o ambos) o tutor seg\u00fan sea el caso (INE, pasaporte o cartilla militar con fotograf\u00eda).<\/li>\n<li>Copia de identificaci\u00f3n oficial vigente del asesor(a), entrenador(a), etc. (INE, pasaporte o cartilla militar con fotograf\u00eda).<\/li>\n<li>Comprobar el lugar obtenido en el evento que particip\u00f3 mediante documento o constancia emitido por la instancia competente seg\u00fan sea el Est\u00edmulo que solicita en el que se establezca lugar obtenido, fecha y en d\u00f3nde se realiz\u00f3 la competencia.<\/li>\n<li>Copia del comprobante de domicilio con una antig\u00fcedad no mayor a 3 meses al momento de realizar el tr\u00e1mite.<\/li>\n<li>En caso de no haber nacido en el Estado, deber\u00e1 acreditar su antig\u00fcedad de residencia de 2 a\u00f1os como m\u00ednimo (presentar documentaci\u00f3n probatoria).<\/li>\n<\/ol>\n<p><a href=\"https:\/\/sistemasiceet.tamaulipas.gob.mx\/becas\/4t\/\">Registro en linea aqu\u00ed<\/a><\/p>\n<p><a href=\"https:\/\/www.tamaulipas.gob.mx\/itabec\/wp-content\/uploads\/sites\/23\/2025\/08\/solicitud-estimulo-4t-2024-2025.pdf\">Solicitud<\/a><\/p>\n<p><a href=\"https:\/\/www.tamaulipas.gob.mx\/itabec\/wp-content\/uploads\/sites\/23\/2025\/08\/convocatoria-estimulo-4t-2025-2026.pdf\">Convocatoria<\/a><\/p>\n","protected":false},"excerpt":{"rendered":"<p>EST\u00cdMULO \u201c4T TALENTO Y TRABAJO TRANSFORMANDO TAMAULIPAS\u201d Este Est\u00edmulo est\u00e1 dirigido a los estudiantes con talento acad\u00e9mico, deportivo, cultural, c\u00edvico o emprendedor que en el\u2026<\/p>\n","protected":false},"author":31,"featured_media":0,"parent":0,"menu_order":0,"comment_status":"closed","ping_status":"closed","template":"","meta":{"footnotes":""},"class_list":["post-1184","page","type-page","status-publish","hentry"],"publishpress_future_action":{"enabled":false,"date":"2026-05-05 04:12:06","action":"change-status","newStatus":"draft","terms":[],"taxonomy":""},"_links":{"self":[{"href":"https:\/\/www.tamaulipas.gob.mx\/itabec\/wp-json\/wp\/v2\/pages\/1184"}],"collection":[{"href":"https:\/\/www.tamaulipas.gob.mx\/itabec\/wp-json\/wp\/v2\/pages"}],"about":[{"href":"https:\/\/www.tamaulipas.gob.mx\/itabec\/wp-json\/wp\/v2\/types\/page"}],"author":[{"embeddable":true,"href":"https:\/\/www.tamaulipas.gob.mx\/itabec\/wp-json\/wp\/v2\/users\/31"}],"replies":[{"embeddable":true,"href":"https:\/\/www.tamaulipas.gob.mx\/itabec\/wp-json\/wp\/v2\/comments?post=1184"}],"version-history":[{"count":11,"href":"https:\/\/www.tamaulipas.gob.mx\/itabec\/wp-json\/wp\/v2\/pages\/1184\/revisions"}],"predecessor-version":[{"id":1434,"href":"https:\/\/www.tamaulipas.gob.mx\/itabec\/wp-json\/wp\/v2\/pages\/1184\/revisions\/1434"}],"wp:attachment":[{"href":"https:\/\/www.tamaulipas.gob.mx\/itabec\/wp-json\/wp\/v2\/media?parent=1184"}],"curies":[{"name":"wp","href":"https:\/\/api.w.org\/{rel}","templated":true}]}}