{"id":11,"date":"2017-04-11T15:31:48","date_gmt":"2017-04-11T15:31:48","guid":{"rendered":"http:\/\/www.tamaulipas.gob.mx\/itabec\/?page_id=11"},"modified":"2017-04-11T15:31:48","modified_gmt":"2017-04-11T15:31:48","slug":"comite-tecnico","status":"publish","type":"page","link":"https:\/\/www.tamaulipas.gob.mx\/itabec\/comite-tecnico\/","title":{"rendered":"Comit\u00e9 T\u00e9cnico"},"content":{"rendered":"<p>El Comit\u00e9 T\u00e9cnico norma las actividades del Programa de Cr\u00e9dito Educativo y\u00a0 est\u00e1 integrado por 7 miembros propietarios con sus respectivos suplentes.<\/p>\n<p><strong>\u00bfQui\u00e9nes conforman el Comit\u00e9 T\u00e9cnico?<\/strong><\/p>\n<ul>\n<li><strong>Presidente<\/strong>: Secretario de Finanzas del Estado de Tamaulipas.<\/li>\n<li><strong>Presidente Suplente<\/strong>: El que designe el titular.<\/li>\n<li><strong>Vicepresidente<\/strong>: Secretario de Educaci\u00f3n.<\/li>\n<li><strong>Suplente<\/strong>: El que designe el titular.<\/li>\n<li><strong>Consejero<\/strong>: Un representante de la Secretar\u00eda de Educaci\u00f3n P\u00fablica del Gobierno Federal.<\/li>\n<li><strong>Suplente:<\/strong> El que designe el titular.<\/li>\n<li><strong>Consejero<\/strong>: Subsecretario de Educaci\u00f3n Media Superior y Superior de la Secretar\u00eda de Educaci\u00f3n.<\/li>\n<li><strong>Suplente<\/strong>: El que designe el titular.<\/li>\n<li><strong>Consejero<\/strong>: Coordinador Regional de la Asociaci\u00f3n Nacional de Universidades e Instituciones de Educaci\u00f3n Superior en el Estado (ANUIES).<\/li>\n<li><strong>Suplente<\/strong>: El que designe el titular.<\/li>\n<li><strong>Consejero<\/strong>: Un representante de las Instituciones P\u00fablicas de Educaci\u00f3n Media Superior en el Estado.<\/li>\n<li><strong>Suplente<\/strong>: El que designe el titular.<\/li>\n<li><strong>Consejero<\/strong>: Un representante de las Instituciones de Educaci\u00f3n Superior en el Estado.<\/li>\n<li><strong>Suplente<\/strong>: El que designe el titular.<\/li>\n<\/ul>\n<p>El Comit\u00e9 T\u00e9cnico contar\u00e1 con un Secretario Ejecutivo que ser\u00e1 la persona que cubra el puesto de Director General del Instituto Tamaulipeco de Becas, Est\u00edmulos y Cr\u00e9ditos Educativos, quien comparecer\u00e1 a las sesiones del COMIT\u00c9\u00a0T\u00c9CNICO\u00a0teniendo voz pero sin voto dentro del Comit\u00e9 T\u00e9cnico.<br \/>\nEl Fiduciario puede participar con voz pero sin voto.<\/p>\n<p><strong>\u00bfC\u00f3mo funciona el Comit\u00e9 T\u00e9cnico?<\/strong><\/p>\n<ol>\n<li>El Comit\u00e9 T\u00e9cnico se re\u00fane cada cuatro meses.<\/li>\n<li>Las sesiones pueden ser\u00a0 Ordinarias y Extraordinarias.<\/li>\n<li>El otorgamiento de los Cr\u00e9ditos Educativos lo\u00a0 establecen\u00a0 de acuerdo al Contrato de Fideicomiso y las \u201cReglas de Operaci\u00f3n del Fideicomiso del Instituto de Becas, Est\u00edmulos y Cr\u00e9ditos Educativos del Estado de Tamaulipas para el Otorgamiento de Cr\u00e9ditos Educativos y Recuperaci\u00f3n de estos, a Estudiantes de Nivel Medio Superior y Superior\u201d.<\/li>\n<li>Los acuerdos que se obtienen,\u00a0 son resultado de la votaci\u00f3n de la mayor\u00eda de los integrantes.<\/li>\n<\/ol>\n<p>&nbsp;<\/p>\n<p style=\"text-align: right\"><a href=\"http:\/\/www.tamaulipas.gob.mx\/itabec\/subcomite-tecnico\/\">Conoce el Subcomit\u00e9 T\u00e9cnico aqu\u00ed<\/a><\/p>\n","protected":false},"excerpt":{"rendered":"<p>El Comit\u00e9 T\u00e9cnico norma las actividades del Programa de Cr\u00e9dito Educativo y\u00a0 est\u00e1 integrado por 7 miembros propietarios con sus respectivos suplentes. \u00bfQui\u00e9nes conforman el\u2026<\/p>\n","protected":false},"author":7,"featured_media":0,"parent":0,"menu_order":0,"comment_status":"closed","ping_status":"closed","template":"","meta":{"footnotes":""},"class_list":["post-11","page","type-page","status-publish","hentry"],"publishpress_future_action":{"enabled":false,"date":"2026-05-05 05:38:36","action":"change-status","newStatus":"draft","terms":[],"taxonomy":""},"_links":{"self":[{"href":"https:\/\/www.tamaulipas.gob.mx\/itabec\/wp-json\/wp\/v2\/pages\/11"}],"collection":[{"href":"https:\/\/www.tamaulipas.gob.mx\/itabec\/wp-json\/wp\/v2\/pages"}],"about":[{"href":"https:\/\/www.tamaulipas.gob.mx\/itabec\/wp-json\/wp\/v2\/types\/page"}],"author":[{"embeddable":true,"href":"https:\/\/www.tamaulipas.gob.mx\/itabec\/wp-json\/wp\/v2\/users\/7"}],"replies":[{"embeddable":true,"href":"https:\/\/www.tamaulipas.gob.mx\/itabec\/wp-json\/wp\/v2\/comments?post=11"}],"version-history":[{"count":1,"href":"https:\/\/www.tamaulipas.gob.mx\/itabec\/wp-json\/wp\/v2\/pages\/11\/revisions"}],"predecessor-version":[{"id":14,"href":"https:\/\/www.tamaulipas.gob.mx\/itabec\/wp-json\/wp\/v2\/pages\/11\/revisions\/14"}],"wp:attachment":[{"href":"https:\/\/www.tamaulipas.gob.mx\/itabec\/wp-json\/wp\/v2\/media?parent=11"}],"curies":[{"name":"wp","href":"https:\/\/api.w.org\/{rel}","templated":true}]}}

Comité Técnico

<p>El Comité Técnico norma las actividades del Programa de Crédito Educativo y  está integrado por 7 miembros propietarios con sus respectivos suplentes.</p>
<p><strong>¿Quiénes conforman el Comité Técnico?</strong></p>
<ul>
<li><strong>Presidente</strong>: Secretario de Finanzas del Estado de Tamaulipas.</li>
<li><strong>Presidente Suplente</strong>: El que designe el titular.</li>
<li><strong>Vicepresidente</strong>: Secretario de Educación.</li>
<li><strong>Suplente</strong>: El que designe el titular.</li>
<li><strong>Consejero</strong>: Un representante de la Secretaría de Educación Pública del Gobierno Federal.</li>
<li><strong>Suplente:</strong> El que designe el titular.</li>
<li><strong>Consejero</strong>: Subsecretario de Educación Media Superior y Superior de la Secretaría de Educación.</li>
<li><strong>Suplente</strong>: El que designe el titular.</li>
<li><strong>Consejero</strong>: Coordinador Regional de la Asociación Nacional de Universidades e Instituciones de Educación Superior en el Estado (ANUIES).</li>
<li><strong>Suplente</strong>: El que designe el titular.</li>
<li><strong>Consejero</strong>: Un representante de las Instituciones Públicas de Educación Media Superior en el Estado.</li>
<li><strong>Suplente</strong>: El que designe el titular.</li>
<li><strong>Consejero</strong>: Un representante de las Instituciones de Educación Superior en el Estado.</li>
<li><strong>Suplente</strong>: El que designe el titular.</li>
</ul>
<p>El Comité Técnico contará con un Secretario Ejecutivo que será la persona que cubra el puesto de Director General del Instituto Tamaulipeco de Becas, Estímulos y Créditos Educativos, quien comparecerá a las sesiones del COMITÉ TÉCNICO teniendo voz pero sin voto dentro del Comité Técnico.<br />
El Fiduciario puede participar con voz pero sin voto.</p>
<p><strong>¿Cómo funciona el Comité Técnico?</strong></p>
<ol>
<li>El Comité Técnico se reúne cada cuatro meses.</li>
<li>Las sesiones pueden ser  Ordinarias y Extraordinarias.</li>
<li>El otorgamiento de los Créditos Educativos lo  establecen  de acuerdo al Contrato de Fideicomiso y las “Reglas de Operación del Fideicomiso del Instituto de Becas, Estímulos y Créditos Educativos del Estado de Tamaulipas para el Otorgamiento de Créditos Educativos y Recuperación de estos, a Estudiantes de Nivel Medio Superior y Superior”.</li>
<li>Los acuerdos que se obtienen,  son resultado de la votación de la mayoría de los integrantes.</li>
</ol>
<p>&nbsp;</p>
<p style="text-align: right"><a href="http://www.tamaulipas.gob.mx/itabec/subcomite-tecnico/">Conoce el Subcomité Técnico aquí</a></p>

<p>El Comité Técnico norma las actividades del Programa de Crédito Educativo y  está integrado por 7 miembros propietarios con sus respectivos suplentes. ¿Quiénes conforman el…</p>
