{"id":1039,"date":"2023-05-15T12:28:14","date_gmt":"2023-05-15T18:28:14","guid":{"rendered":"https:\/\/www.tamaulipas.gob.mx\/itabec\/?page_id=1039"},"modified":"2025-08-25T09:47:24","modified_gmt":"2025-08-25T15:47:24","slug":"beca-para-la-inclusion-social-en-tamaulipas","status":"publish","type":"page","link":"https:\/\/www.tamaulipas.gob.mx\/itabec\/beca-para-la-inclusion-social-en-tamaulipas\/","title":{"rendered":"BECA PARA LA INCLUSI\u00d3N SOCIAL EN TAMAULIPAS"},"content":{"rendered":"<p>Esta beca est\u00e1 dirigida a los estudiantes en situaci\u00f3n de vulnerabilidad por discapacidad motriz, visual, auditiva y\/o intelectual leve, que se encuentren realizando estudios en Instituciones P\u00fablicas o Privadas con validez oficial del Sistema Educativo Estatal en los Niveles de Primaria, Secundaria, Medio Superior y Superior.<\/p>\n<p>La Convocatoria para realizar el tr\u00e1mite de esta beca se emite al inicio de cada Ciclo Escolar, una vez que sea publicada, se deber\u00e1 realizar el tr\u00e1mite por medio de los Sistemas DIF Municipales en el programa \u201cSin L\u00edmites\u201d.<\/p>\n<p><strong>CRITERIOS GENERALES<\/strong><strong>\u00a0<\/strong><\/p>\n<ul>\n<li>Ser originaria(o) o residente del Estado de Tamaulipas.<\/li>\n<li>No contar con alg\u00fan otro beneficio de tipo econ\u00f3mico o en especie otorgado para su educaci\u00f3n al momento de solicitar la beca y durante el tiempo en que reciba los beneficios de la misma.<\/li>\n<li>Estar inscrito(a) en una Instituci\u00f3n P\u00fablica o Privada del Sistema Educativo Estatal de los niveles participantes.<\/li>\n<li>Estar en situaci\u00f3n de discapacidad motriz, visual, auditiva y\/o intelectual leve.<\/li>\n<li>Entregar la solicitud debidamente requisitada, as\u00ed como la documentaci\u00f3n requerida en esta Convocatoria.<\/li>\n<li>La documentaci\u00f3n entregada deber\u00e1 ser clara y legible.<\/li>\n<\/ul>\n<p><strong>DOCUMENTACI\u00d3N A ENTREGAR:<\/strong><strong>\u00a0<\/strong><\/p>\n<ol style=\"list-style-type: lower-alpha;\">\n<li>Original y copia (para acuse de el o la solicitante) de la solicitud debidamente requisitada y firmada en original por la madre, el padre o tutor legal.<\/li>\n<li>Aviso de privacidad firmado en original por la madre, el padre o tutor legal.<\/li>\n<li>Copia del Acta de Nacimiento de la o el estudiante.<\/li>\n<li>Copia de la CURP de la o el estudiante y de la madre, el padre o tutor.<\/li>\n<li>Copia de la constancia de inscripci\u00f3n, expedida por la Instituci\u00f3n Educativa que especifique el Ciclo Escolar y grado o periodo a cursar.<\/li>\n<li>Para el Nivel B\u00e1sico, presentar copia cotejada (con sello de cotejo y firma original) de la boleta de calificaciones del Ciclo Escolar inmediato anterior; y para los Niveles de Medio Superior y Superior, presentar copia cotejada (con sello de cotejo y firma original) del \u00faltimo periodo cursado (semestre, cuatrimestre, tetramestre, etc.).<\/li>\n<li>Copia de identificaci\u00f3n oficial vigente de la madre, el padre o tutor seg\u00fan sea el caso (INE, pasaporte o cartilla militar con fotograf\u00eda).<\/li>\n<li>Los estudiantes que dependan de tutor, deber\u00e1n presentar documento emitido por la Procuradur\u00eda de Protecci\u00f3n a Ni\u00f1as, Ni\u00f1os y Adolescentes o copia de la resoluci\u00f3n judicial que acredite la tutor\u00eda legal.<\/li>\n<li>En caso de no haber nacido en el Estado, deber\u00e1 acreditar su antig\u00fcedad de residencia de 2 a\u00f1os como m\u00ednimo (presentar documentaci\u00f3n probatoria).<\/li>\n<li>Formato \u00danico de Discapacidad actualizado emitido por el Sistema DIF.<\/li>\n<\/ol>\n<ul>\n<li><a href=\"https:\/\/www.tamaulipas.gob.mx\/itabec\/wp-content\/uploads\/sites\/23\/2025\/08\/convocatoria-inclusion-2025-2026.pdf\">Convocatoria<\/a><\/li>\n<li><a href=\"https:\/\/www.tamaulipas.gob.mx\/itabec\/wp-content\/uploads\/sites\/23\/2025\/08\/solicitud-beca-inclusion-2025-2026.pdf\">Solicitud<\/a><\/li>\n<\/ul>\n","protected":false},"excerpt":{"rendered":"<p>Esta beca est\u00e1 dirigida a los estudiantes en situaci\u00f3n de vulnerabilidad por discapacidad motriz, visual, auditiva y\/o intelectual leve, que se encuentren realizando estudios en\u2026<\/p>\n","protected":false},"author":31,"featured_media":0,"parent":0,"menu_order":0,"comment_status":"closed","ping_status":"closed","template":"","meta":{"footnotes":""},"class_list":["post-1039","page","type-page","status-publish","hentry"],"publishpress_future_action":{"enabled":false,"date":"2026-05-05 05:39:53","action":"change-status","newStatus":"draft","terms":[],"taxonomy":""},"_links":{"self":[{"href":"https:\/\/www.tamaulipas.gob.mx\/itabec\/wp-json\/wp\/v2\/pages\/1039"}],"collection":[{"href":"https:\/\/www.tamaulipas.gob.mx\/itabec\/wp-json\/wp\/v2\/pages"}],"about":[{"href":"https:\/\/www.tamaulipas.gob.mx\/itabec\/wp-json\/wp\/v2\/types\/page"}],"author":[{"embeddable":true,"href":"https:\/\/www.tamaulipas.gob.mx\/itabec\/wp-json\/wp\/v2\/users\/31"}],"replies":[{"embeddable":true,"href":"https:\/\/www.tamaulipas.gob.mx\/itabec\/wp-json\/wp\/v2\/comments?post=1039"}],"version-history":[{"count":10,"href":"https:\/\/www.tamaulipas.gob.mx\/itabec\/wp-json\/wp\/v2\/pages\/1039\/revisions"}],"predecessor-version":[{"id":1425,"href":"https:\/\/www.tamaulipas.gob.mx\/itabec\/wp-json\/wp\/v2\/pages\/1039\/revisions\/1425"}],"wp:attachment":[{"href":"https:\/\/www.tamaulipas.gob.mx\/itabec\/wp-json\/wp\/v2\/media?parent=1039"}],"curies":[{"name":"wp","href":"https:\/\/api.w.org\/{rel}","templated":true}]}}

BECA PARA LA INCLUSIÓN SOCIAL EN TAMAULIPAS

<p>Esta beca está dirigida a los estudiantes en situación de vulnerabilidad por discapacidad motriz, visual, auditiva y/o intelectual leve, que se encuentren realizando estudios en Instituciones Públicas o Privadas con validez oficial del Sistema Educativo Estatal en los Niveles de Primaria, Secundaria, Medio Superior y Superior.</p>
<p>La Convocatoria para realizar el trámite de esta beca se emite al inicio de cada Ciclo Escolar, una vez que sea publicada, se deberá realizar el trámite por medio de los Sistemas DIF Municipales en el programa “Sin Límites”.</p>
<p><strong>CRITERIOS GENERALES</strong><strong> </strong></p>
<ul>
<li>Ser originaria(o) o residente del Estado de Tamaulipas.</li>
<li>No contar con algún otro beneficio de tipo económico o en especie otorgado para su educación al momento de solicitar la beca y durante el tiempo en que reciba los beneficios de la misma.</li>
<li>Estar inscrito(a) en una Institución Pública o Privada del Sistema Educativo Estatal de los niveles participantes.</li>
<li>Estar en situación de discapacidad motriz, visual, auditiva y/o intelectual leve.</li>
<li>Entregar la solicitud debidamente requisitada, así como la documentación requerida en esta Convocatoria.</li>
<li>La documentación entregada deberá ser clara y legible.</li>
</ul>
<p><strong>DOCUMENTACIÓN A ENTREGAR:</strong><strong> </strong></p>
<ol style="list-style-type: lower-alpha;">
<li>Original y copia (para acuse de el o la solicitante) de la solicitud debidamente requisitada y firmada en original por la madre, el padre o tutor legal.</li>
<li>Aviso de privacidad firmado en original por la madre, el padre o tutor legal.</li>
<li>Copia del Acta de Nacimiento de la o el estudiante.</li>
<li>Copia de la CURP de la o el estudiante y de la madre, el padre o tutor.</li>
<li>Copia de la constancia de inscripción, expedida por la Institución Educativa que especifique el Ciclo Escolar y grado o periodo a cursar.</li>
<li>Para el Nivel Básico, presentar copia cotejada (con sello de cotejo y firma original) de la boleta de calificaciones del Ciclo Escolar inmediato anterior; y para los Niveles de Medio Superior y Superior, presentar copia cotejada (con sello de cotejo y firma original) del último periodo cursado (semestre, cuatrimestre, tetramestre, etc.).</li>
<li>Copia de identificación oficial vigente de la madre, el padre o tutor según sea el caso (INE, pasaporte o cartilla militar con fotografía).</li>
<li>Los estudiantes que dependan de tutor, deberán presentar documento emitido por la Procuraduría de Protección a Niñas, Niños y Adolescentes o copia de la resolución judicial que acredite la tutoría legal.</li>
<li>En caso de no haber nacido en el Estado, deberá acreditar su antigüedad de residencia de 2 años como mínimo (presentar documentación probatoria).</li>
<li>Formato Único de Discapacidad actualizado emitido por el Sistema DIF.</li>
</ol>
<ul>
<li><a href="https://www.tamaulipas.gob.mx/itabec/wp-content/uploads/sites/23/2025/08/convocatoria-inclusion-2025-2026.pdf">Convocatoria</a></li>
<li><a href="https://www.tamaulipas.gob.mx/itabec/wp-content/uploads/sites/23/2025/08/solicitud-beca-inclusion-2025-2026.pdf">Solicitud</a></li>
</ul>

<p>Esta beca está dirigida a los estudiantes en situación de vulnerabilidad por discapacidad motriz, visual, auditiva y/o intelectual leve, que se encuentren realizando estudios en…</p>
