{"id":912,"date":"2018-08-06T19:00:05","date_gmt":"2018-08-06T19:00:05","guid":{"rendered":"https:\/\/www.tamaulipas.gob.mx\/ipsset\/?page_id=912"},"modified":"2024-08-09T09:49:34","modified_gmt":"2024-08-09T15:49:34","slug":"servicio-medico","status":"publish","type":"page","link":"https:\/\/www.tamaulipas.gob.mx\/ipsset\/servicio-medico\/","title":{"rendered":"Servicio M\u00e9dico"},"content":{"rendered":"<div class=\"table-responsive\"><table class=\" table table table-gobtam\"><thead><tr><td>Servicio M&#xE9;dico<\/td>\n<td style=\"width: 110px;\"><\/td>\n<\/tr><\/thead><tbody><tr><td>Servicios de Salud de Tamaulipas<\/td>\n<td><a href=\"https:\/\/www.tamaulipas.gob.mx\/ipsset\/servicio-medico\/hospital-general\/\" class=\"btn btn-primary btn-sm\"> Ver informaci&#xF3;n <\/a><\/td>\n<\/tr><tr><td>Servicio M&#xE9;dico del ISSSTE<\/td>\n<td><a href=\"https:\/\/www.tamaulipas.gob.mx\/ipsset\/servicio-medico\/issste\/\" class=\"btn btn-primary btn-sm\"> Ver informaci&#xF3;n <\/a><\/td>\n<\/tr><\/tbody><\/table><\/div>\n<p><strong>Para mayor informaci\u00f3n puede comunicarse a:<\/strong><\/p>\n<blockquote><p>IPSSET<br \/>\nDirecci\u00f3n de Seguridad Social<br \/>\nDepartamento de Servicios M\u00e9dicos y Medicina Preventiva.<br \/>\nJefe del departamento Mar\u00eda Concepci\u00f3n Rodr\u00edguez<br \/>\n17 Carrera Torres No. 102 Altos, Zona Centro. Cd. Victoria, Tamaulipas, M\u00e9xico C.P. 87000<br \/>\nConmutador: 318 73 00 Ext. 76447 y 76470<\/p><\/blockquote>\n","protected":false},"excerpt":{"rendered":"<p>Para mayor informaci\u00f3n puede comunicarse a: IPSSET Direcci\u00f3n de Seguridad Social Departamento de Servicios M\u00e9dicos y Medicina Preventiva. Jefe del departamento Mar\u00eda Concepci\u00f3n Rodr\u00edguez 17\u2026<\/p>\n","protected":false},"author":59,"featured_media":0,"parent":0,"menu_order":0,"comment_status":"closed","ping_status":"closed","template":"","meta":{"footnotes":""},"class_list":["post-912","page","type-page","status-publish","hentry"],"publishpress_future_action":{"enabled":false,"date":"2026-04-26 08:53:12","action":"change-status","newStatus":"draft","terms":[],"taxonomy":""},"_links":{"self":[{"href":"https:\/\/www.tamaulipas.gob.mx\/ipsset\/wp-json\/wp\/v2\/pages\/912"}],"collection":[{"href":"https:\/\/www.tamaulipas.gob.mx\/ipsset\/wp-json\/wp\/v2\/pages"}],"about":[{"href":"https:\/\/www.tamaulipas.gob.mx\/ipsset\/wp-json\/wp\/v2\/types\/page"}],"author":[{"embeddable":true,"href":"https:\/\/www.tamaulipas.gob.mx\/ipsset\/wp-json\/wp\/v2\/users\/59"}],"replies":[{"embeddable":true,"href":"https:\/\/www.tamaulipas.gob.mx\/ipsset\/wp-json\/wp\/v2\/comments?post=912"}],"version-history":[{"count":11,"href":"https:\/\/www.tamaulipas.gob.mx\/ipsset\/wp-json\/wp\/v2\/pages\/912\/revisions"}],"predecessor-version":[{"id":3715,"href":"https:\/\/www.tamaulipas.gob.mx\/ipsset\/wp-json\/wp\/v2\/pages\/912\/revisions\/3715"}],"wp:attachment":[{"href":"https:\/\/www.tamaulipas.gob.mx\/ipsset\/wp-json\/wp\/v2\/media?parent=912"}],"curies":[{"name":"wp","href":"https:\/\/api.w.org\/{rel}","templated":true}]}}