{"id":552,"date":"2018-08-02T13:51:21","date_gmt":"2018-08-02T13:51:21","guid":{"rendered":"https:\/\/www.tamaulipas.gob.mx\/ipsset\/?page_id=552"},"modified":"2025-08-04T09:19:10","modified_gmt":"2025-08-04T15:19:10","slug":"numero-2","status":"publish","type":"page","link":"https:\/\/www.tamaulipas.gob.mx\/ipsset\/cendis\/numero-2\/","title":{"rendered":"CAI de la Burocracia Estatal No. 2 Lic. Rosalinda Guerrero de Cavazos"},"content":{"rendered":"<p>&nbsp;<\/p>\n<p>Calle M\u00e1rtires de Cananea y Art. 123<br \/>\nUnidad Habitacional Fidel Vel\u00e1zquez<br \/>\nC.P. 87049 #407<br \/>\nTelefono: (834) 314 2804<\/p>\n<p><iframe loading=\"lazy\" style=\"border: 0;\" src=\"https:\/\/www.google.com\/maps\/embed?pb=!1m14!1m8!1m3!1d1825.9745001535605!2d-99.158581!3d23.749198!3m2!1i1024!2i768!4f13.1!3m3!1m2!1s0x86795312fa2a6f7b%3A0x5e0cc7f2f2f269d0!2sCentro%20De%20Desarrollo%20Infantil%20Burocracia%20Estatal%20Num.%202!5e0!3m2!1ses-419!2smx!4v1708621954035!5m2!1ses-419!2smx\" width=\"600\" height=\"450\" allowfullscreen=\"allowfullscreen\"><\/iframe><\/p>\n<p><strong>Para mayor informaci\u00f3n puede comunicarse a:<\/strong><\/p>\n<blockquote><p>IPSSET<br \/>\nDirecci\u00f3n Administrativa<br \/>\nDepartamento de Administraci\u00f3n de Centros de Atenci\u00f3n Infantil<br \/>\nJefe del departamento<br \/>\n17 Carrera Torres No. 102 Altos, Zona Centro. Cd. Victoria, Tamaulipas, M\u00e9xico C.P. 87000<br \/>\nConmutador: 318 73 00 \u00a0Ext. 76488 y 76487<\/p><\/blockquote>\n","protected":false},"excerpt":{"rendered":"<p>&nbsp; Calle M\u00e1rtires de Cananea y Art. 123 Unidad Habitacional Fidel Vel\u00e1zquez C.P. 87049 #407 Telefono: (834) 314 2804 Para mayor informaci\u00f3n puede comunicarse a:\u2026<\/p>\n","protected":false},"author":8,"featured_media":0,"parent":450,"menu_order":0,"comment_status":"closed","ping_status":"closed","template":"","meta":{"footnotes":""},"class_list":["post-552","page","type-page","status-publish","hentry"],"publishpress_future_action":{"enabled":false,"date":"2026-04-26 08:50:44","action":"change-status","newStatus":"draft","terms":[],"taxonomy":""},"_links":{"self":[{"href":"https:\/\/www.tamaulipas.gob.mx\/ipsset\/wp-json\/wp\/v2\/pages\/552"}],"collection":[{"href":"https:\/\/www.tamaulipas.gob.mx\/ipsset\/wp-json\/wp\/v2\/pages"}],"about":[{"href":"https:\/\/www.tamaulipas.gob.mx\/ipsset\/wp-json\/wp\/v2\/types\/page"}],"author":[{"embeddable":true,"href":"https:\/\/www.tamaulipas.gob.mx\/ipsset\/wp-json\/wp\/v2\/users\/8"}],"replies":[{"embeddable":true,"href":"https:\/\/www.tamaulipas.gob.mx\/ipsset\/wp-json\/wp\/v2\/comments?post=552"}],"version-history":[{"count":30,"href":"https:\/\/www.tamaulipas.gob.mx\/ipsset\/wp-json\/wp\/v2\/pages\/552\/revisions"}],"predecessor-version":[{"id":3949,"href":"https:\/\/www.tamaulipas.gob.mx\/ipsset\/wp-json\/wp\/v2\/pages\/552\/revisions\/3949"}],"up":[{"embeddable":true,"href":"https:\/\/www.tamaulipas.gob.mx\/ipsset\/wp-json\/wp\/v2\/pages\/450"}],"wp:attachment":[{"href":"https:\/\/www.tamaulipas.gob.mx\/ipsset\/wp-json\/wp\/v2\/media?parent=552"}],"curies":[{"name":"wp","href":"https:\/\/api.w.org\/{rel}","templated":true}]}}