{"id":197,"date":"2018-07-30T19:30:37","date_gmt":"2018-07-30T19:30:37","guid":{"rendered":"https:\/\/www.tamaulipas.gob.mx\/ipsset\/?page_id=197"},"modified":"2026-04-08T15:29:19","modified_gmt":"2026-04-08T21:29:19","slug":"pension-por-ascendencia-personal-pensionista","status":"publish","type":"page","link":"https:\/\/www.tamaulipas.gob.mx\/ipsset\/pensiones-y-jubilaciones\/nuevas-generaciones\/pension-por-ascendencia-personal-pensionista\/","title":{"rendered":"Pensi\u00f3n por Ascendencia Personal Pensionista"},"content":{"rendered":"<p>A falta de c\u00f3nyuge, hijos, concubina o concubinario, la pensi\u00f3n por muerte se entregar\u00e1 a los ascendientes en primer grado, en forma conjunta o separadamente en caso de que hubiesen dependido econ\u00f3micamente del servidor p\u00fablico, trabajador o pensionista, durante los 5 a\u00f1os anteriores a su muerte. (Art 5 Fracc IX inciso de Ley del IPSSET)<\/p>\n<div class=\"panel panel-default\">\n\t\t\t\t<div class=\"panel-heading\">\n\t\t\t\t\t<h4 class=\"panel-title\">\n\t\t\t\t\t\t<a class=\"collapsed\" data-toggle=\"collapse\" data-parent=\"#single-collapse\" href=\"#single-collapse-0\">Requisitos<\/a>\n\t\t\t\t\t<\/h4>\n\t\t\t\t<\/div>\n\t\t\t\t<div id=\"single-collapse-0\" class=\"panel-collapse collapse\">\n\t\t\t\t\t<div class=\"panel-body\">\n<ul>\n<li>Solicitud de pensi\u00f3n firmada en original.<\/li>\n<li>Copia del \u00faltimo comprobante de pago de sueldo de la persona fallecida.<\/li>\n<li>Original para su cotejo y copia del acta de nacimiento de la persona fallecida.<\/li>\n<li>Original para su cotejo y copia del acta de defunci\u00f3n o copia del acta de sentencia de la presunci\u00f3n de muerte.<\/li>\n<li>Copia de la credencial para votar o pasaporte de la persona fallecida.<\/li>\n<li>Original o copia certificada de la Resoluci\u00f3n Judicial emitida en Juicio de Jurisdicci\u00f3n Voluntaria en el que acredit\u00f3 la dependencia econ\u00f3mica, por lo menos de cinco a\u00f1os anteriores al fallecimiento.<\/li>\n<li>1 Fotograf\u00eda reciente, tama\u00f1o credencial de frente y a color de el(la) solicitante.<\/li>\n<li>Original para su cotejo y copia del acta de nacimiento de el(la) solicitante.<\/li>\n<li>Copia amplificada de la credencial para votar por ambos lados vigente, pasaporte vigente o c\u00e9dula profesional legibles de el(la) solicitante.<\/li>\n<li>Copia de la constancia de situaci\u00f3n fiscal expedida por el S.A.T. (Sistema de Administraci\u00f3n\u00a0\u00a0\u00a0\u00a0 Tributaria) de el(la) solicitante. Completa y formato del a\u00f1o en curso.<\/li>\n<li>Copia de la C.U.R.P. (Clave \u00danica de Registro de Poblaci\u00f3n) de el(la) solicitante. Formato del a\u00f1o en curso.<\/li>\n<li>Copia del comprobante de domicilio donde actualmente habita, reciente no mayor a 3 meses de la fecha de facturaci\u00f3n o consumo (recibo de agua, luz o telefon\u00eda fija).<\/li>\n<li>Copia del contrato de apertura del Banco o estado de cuenta reciente a nombre del(la) solicitante. Deber\u00e1 ser solicitada al Banco una cuenta de n\u00f3mina en cualquiera de los siguientes Bancos: BANORTE-IXE, BBVA BANCOMER, CITIBANAMEX, o HSBC para depositar la pensi\u00f3n.(que incluya el n\u00famero de cuenta y clabe interbancaria).<\/li>\n<li>Constancia de no adeudo del IPSSET (solicitar previamente al Depto. de recuperaci\u00f3n de cr\u00e9ditos del IPSSET).<\/li>\n<li>Formato de anexo a la solicitud de pensi\u00f3n firmada en original.<\/li>\n<\/ul>\n<p><strong>Nota:<br \/>\n<\/strong><strong>1. <\/strong>Las copias solicitadas deben de ser legibles<strong><br \/>\n2. <\/strong>Ser\u00e1 aceptada la solicitud \u00fanicamente si se presenta completa la documentaci\u00f3n, la cual debe de ser presentada de conformidad a los t\u00e9rminos anteriormente se\u00f1alados.<\/p>\n<\/div>\n\t\t\t\t<\/div>\n\t\t\t<\/div>\n<p>Para descargar el formato, favor de dar clic en el siguiente enlace:<\/p>\n<ul>\n<li><a href=\"http:\/\/www.tamaulipas.gob.mx\/ipsset\/wp-content\/uploads\/sites\/46\/2026\/04\/9.-solicitud-de-pension-por-ascendencia-de-personal-jubilado-o-pensionado-2026-1.pdf\" class=\"btn btn-primary btn-sm\" target=\"_blank\"> Solicitud de Pensi\u00f3n por Ascendencia Personal Pensionista <\/a><\/li>\n<\/ul>\n<p><strong>Para mayor informaci\u00f3n puede dirigirse a:<\/strong><\/p>\n<blockquote><p>IPSSET<br \/>\nDirecci\u00f3n de Seguridad Social<br \/>\nDepartamento Pensiones y Jubilaciones<br \/>\nJefa del departamento C.P. Limairy Elena Manzano Gonz\u00e1lez<br \/>\n17 Carrera Torres No. 102 Altos, Zona Centro. Cd. Victoria, Tamaulipas, M\u00e9xico C.P. 87000<br \/>\nConmutador: 318 73 00 Ext. 76417, 76430, 76467 y 76474<\/p><\/blockquote>\n","protected":false},"excerpt":{"rendered":"<p>A falta de c\u00f3nyuge, hijos, concubina o concubinario, la pensi\u00f3n por muerte se entregar\u00e1 a los ascendientes en primer grado, en forma conjunta o separadamente\u2026<\/p>\n","protected":false},"author":8,"featured_media":0,"parent":624,"menu_order":0,"comment_status":"closed","ping_status":"closed","template":"","meta":{"footnotes":""},"class_list":["post-197","page","type-page","status-publish","hentry"],"publishpress_future_action":{"enabled":false,"date":"2026-04-26 08:51:54","action":"change-status","newStatus":"draft","terms":[],"taxonomy":""},"_links":{"self":[{"href":"https:\/\/www.tamaulipas.gob.mx\/ipsset\/wp-json\/wp\/v2\/pages\/197"}],"collection":[{"href":"https:\/\/www.tamaulipas.gob.mx\/ipsset\/wp-json\/wp\/v2\/pages"}],"about":[{"href":"https:\/\/www.tamaulipas.gob.mx\/ipsset\/wp-json\/wp\/v2\/types\/page"}],"author":[{"embeddable":true,"href":"https:\/\/www.tamaulipas.gob.mx\/ipsset\/wp-json\/wp\/v2\/users\/8"}],"replies":[{"embeddable":true,"href":"https:\/\/www.tamaulipas.gob.mx\/ipsset\/wp-json\/wp\/v2\/comments?post=197"}],"version-history":[{"count":31,"href":"https:\/\/www.tamaulipas.gob.mx\/ipsset\/wp-json\/wp\/v2\/pages\/197\/revisions"}],"predecessor-version":[{"id":4308,"href":"https:\/\/www.tamaulipas.gob.mx\/ipsset\/wp-json\/wp\/v2\/pages\/197\/revisions\/4308"}],"up":[{"embeddable":true,"href":"https:\/\/www.tamaulipas.gob.mx\/ipsset\/wp-json\/wp\/v2\/pages\/624"}],"wp:attachment":[{"href":"https:\/\/www.tamaulipas.gob.mx\/ipsset\/wp-json\/wp\/v2\/media?parent=197"}],"curies":[{"name":"wp","href":"https:\/\/api.w.org\/{rel}","templated":true}]}}