{"id":888,"date":"2026-02-26T10:28:53","date_gmt":"2026-02-26T16:28:53","guid":{"rendered":"https:\/\/www.tamaulipas.gob.mx\/energia\/?page_id=888"},"modified":"2026-03-02T17:19:27","modified_gmt":"2026-03-02T23:19:27","slug":"sistema-de-informacion-energetica-del-estado-de-tamaulipas-sieet","status":"publish","type":"page","link":"https:\/\/www.tamaulipas.gob.mx\/energia\/sistema-de-informacion-energetica-del-estado-de-tamaulipas-sieet\/","title":{"rendered":"Sistema de Informaci\u00f3n Energ\u00e9tica del Estado de Tamaulipas (SIEET)"},"content":{"rendered":"<p>El <strong>Sistema de Informaci\u00f3n Energ\u00e9tica del Estado de Tamaulipas (SIEET)<\/strong> es una plataforma web de inteligencia geoespacial que integra, organiza y visualiza informaci\u00f3n estrat\u00e9gica del sector energ\u00e9tico estatal en un solo entorno digital.<\/p>\n<p>Es una integraci\u00f3n de datos recopilados de instituciones p\u00fablicas que los transforma a datos t\u00e9cnicos dispersos en informaci\u00f3n estructurada y analizable.<\/p>\n<p>El <strong>Sistema de Informaci\u00f3n Energ\u00e9tica del Estado de Tamaulipas (SIEET)<\/strong> funciona para:<\/p>\n<ul>\n<li>Facilite la <strong>planeaci\u00f3n energ\u00e9tica<\/strong> territorial<\/li>\n<li>Fortalezca la <strong>toma de decisiones <\/strong>p\u00fablicas y privadas<\/li>\n<li><strong>Atraer inversi\u00f3n<\/strong> con base en informaci\u00f3n clara y estrat\u00e9gica<\/li>\n<\/ul>\n<h2>Atracci\u00f3n de inversiones<\/h2>\n<p>Proporciona a inversionistas informaci\u00f3n t\u00e9cnica y territorial clave para evaluar proyectos de energ\u00eda renovable, infraestructura y eficiencia energ\u00e9tica.<\/p>\n<h2>Soporte para investigaci\u00f3n<\/h2>\n<p>Facilita que universidades, centros de investigaci\u00f3n y especialistas utilicen datos integrados para estudios, innovaci\u00f3n y nuevos proyectos.<\/p>\n<h2>Transparencia y acceso a la informaci\u00f3n<\/h2>\n<p>Facilita que ciudadanos, empresas y academia accedan a datos confiables, fortaleciendo la confianza institucional.<\/p>\n<h2>Toma de decisiones<\/h2>\n<p>Permite a las autoridades planificar infraestructura, inversi\u00f3n y pol\u00edticas p\u00fablicas con datos actualizados y verificados<\/p>\n<p>Conoce e interact\u00faa en el SIEET: <a href=\"https:\/\/sieet.tamaulipas.gob.mx\">https:\/\/sieet.tamaulipas.gob.mx<\/a><\/p>\n","protected":false},"excerpt":{"rendered":"<p>El Sistema de Informaci\u00f3n Energ\u00e9tica del Estado de Tamaulipas (SIEET) es una plataforma web de inteligencia geoespacial que integra, organiza y visualiza informaci\u00f3n estrat\u00e9gica del\u2026<\/p>\n","protected":false},"author":461,"featured_media":0,"parent":0,"menu_order":0,"comment_status":"closed","ping_status":"closed","template":"","meta":{"footnotes":""},"class_list":["post-888","page","type-page","status-publish","hentry"],"publishpress_future_action":{"enabled":false,"date":"2026-04-22 18:07:34","action":"change-status","newStatus":"draft","terms":[],"taxonomy":""},"_links":{"self":[{"href":"https:\/\/www.tamaulipas.gob.mx\/energia\/wp-json\/wp\/v2\/pages\/888"}],"collection":[{"href":"https:\/\/www.tamaulipas.gob.mx\/energia\/wp-json\/wp\/v2\/pages"}],"about":[{"href":"https:\/\/www.tamaulipas.gob.mx\/energia\/wp-json\/wp\/v2\/types\/page"}],"author":[{"embeddable":true,"href":"https:\/\/www.tamaulipas.gob.mx\/energia\/wp-json\/wp\/v2\/users\/461"}],"replies":[{"embeddable":true,"href":"https:\/\/www.tamaulipas.gob.mx\/energia\/wp-json\/wp\/v2\/comments?post=888"}],"version-history":[{"count":3,"href":"https:\/\/www.tamaulipas.gob.mx\/energia\/wp-json\/wp\/v2\/pages\/888\/revisions"}],"predecessor-version":[{"id":919,"href":"https:\/\/www.tamaulipas.gob.mx\/energia\/wp-json\/wp\/v2\/pages\/888\/revisions\/919"}],"wp:attachment":[{"href":"https:\/\/www.tamaulipas.gob.mx\/energia\/wp-json\/wp\/v2\/media?parent=888"}],"curies":[{"name":"wp","href":"https:\/\/api.w.org\/{rel}","templated":true}]}}